{"id":78274,"date":"2024-10-20T11:01:20","date_gmt":"2024-10-20T11:01:20","guid":{"rendered":"https:\/\/onlinehardwareshop.de\/index.php\/produkt\/jabra-evolve2-40-se-ms-stereo-usb-a-2\/"},"modified":"2025-05-14T10:08:22","modified_gmt":"2025-05-14T10:08:22","slug":"jabra-evolve2-40-se-ms-stereo-usb-a","status":"publish","type":"product","link":"https:\/\/onlinehardwareshop.de\/index.php\/produkt\/jabra-evolve2-40-se-ms-stereo-usb-a\/","title":{"rendered":"Jabra Evolve2 40 SE MS Stereo USB-A"},"content":{"rendered":"<p>Mit dem Jabra Evolve2 40 SE MS Stereo USB-A f\u00fchrst du alle deine Online-Meetings durch. Dieses Office-Headset ist mit 40-Millimeter-Lautsprechern ausgestattet, so dass du deine Gespr\u00e4chspartner klar und deutlich h\u00f6rst. Du verbindest dieses kabelgebundene Office-Headset \u00fcber das USB-A-Kabel mit deinem PC oder Laptop. Dank der Passform werden Umgebungsger\u00e4usche durch passives Noise Cancelling auf nat\u00fcrliche Weise ged\u00e4mpft. So st\u00f6rt dich L\u00e4rm von au\u00dfen weniger. Und dank der Rauschunterdr\u00fcckung im Mikrofon bel\u00e4stigt deinen Gespr\u00e4chspartner dein Umgebungsl\u00e4rm nicht. Wenn das Licht am Mikrofon und an der Ohrmuschel leuchtet, wissen deine Kollegen, dass du gerade telefonierst. So sehen sie, wann sie st\u00f6ren und wann nicht. Mit Jabra Sound+ kannst du deinen Sound mit einem anpassbaren Equalizer personalisieren.  Speziell f\u00fcr Microsoft Teams Dieses Headset wurde speziell f\u00fcr die ultimative Kommunikation \u00fcber Microsoft Teams entwickelt. Nimm an einem Meeting teil oder starte Microsoft Teams, indem du eine Taste an der H\u00f6rmuschel dr\u00fcckst. Das Headset informiert dich, wenn du einen Anruf verpasst hast, eine Voicemail erh\u00e4ltst oder eine Besprechung hast.<\/p>\n","protected":false},"excerpt":{"rendered":"<p>Mit dem Jabra Evolve2 40 SE MS Stereo USB-A f\u00fchrst du alle deine Online-Meetings durch. Dieses Office-Headset ist mit 40-Millimeter-Lautsprechern ausgestattet, so dass du deine Gespr\u00e4chspartner klar und deutlich h\u00f6rst. Du verbindest dieses kabelgebundene Office-Headset \u00fcber das USB-A-Kabel mit deinem PC oder Laptop. Dank der Passform werden Umgebungsger\u00e4usche durch passives Noise Cancelling auf nat\u00fcrliche Weise ged\u00e4mpft. So st\u00f6rt dich L\u00e4rm von au\u00dfen weniger. Und dank der Rauschunterdr\u00fcckung im Mikrofon bel\u00e4stigt deinen Gespr\u00e4chspartner dein Umgebungsl\u00e4rm nicht. Wenn das Licht am Mikrofon und an der Ohrmuschel leuchtet, wissen deine Kollegen, dass du gerade telefonierst. So sehen sie, wann sie st\u00f6ren und wann nicht. Mit Jabra Sound+ kannst du deinen Sound mit einem anpassbaren Equalizer personalisieren.  Speziell f\u00fcr Microsoft Teams Dieses Headset wurde speziell f\u00fcr die ultimative Kommunikation \u00fcber Microsoft Teams entwickelt. Nimm an einem Meeting teil oder starte Microsoft Teams, indem du eine Taste an der H\u00f6rmuschel dr\u00fcckst. Das Headset informiert dich, wenn du einen Anruf verpasst hast, eine Voicemail erh\u00e4ltst oder eine Besprechung hast.<\/p>\n","protected":false},"featured_media":0,"comment_status":"closed","ping_status":"open","template":"","meta":{"_acf_changed":false},"brand":[815],"product_brand":[],"product_cat":[257],"product_tag":[258],"class_list":{"0":"post-78274","1":"product","2":"type-product","3":"status-publish","5":"brand-jabra","6":"product_cat-office-headsets","7":"product_tag-headsets-office","8":"pa_condition-new","9":"pa_coolblue-de-verzending-morgen-gratis-geliefert","10":"pa_ean-17283","11":"pa_mpn-24189-999-999","13":"first","14":"instock","15":"product-type-external"},"acf":[],"_links":{"self":[{"href":"https:\/\/onlinehardwareshop.de\/index.php\/wp-json\/wp\/v2\/product\/78274","targetHints":{"allow":["GET"]}}],"collection":[{"href":"https:\/\/onlinehardwareshop.de\/index.php\/wp-json\/wp\/v2\/product"}],"about":[{"href":"https:\/\/onlinehardwareshop.de\/index.php\/wp-json\/wp\/v2\/types\/product"}],"replies":[{"embeddable":true,"href":"https:\/\/onlinehardwareshop.de\/index.php\/wp-json\/wp\/v2\/comments?post=78274"}],"wp:attachment":[{"href":"https:\/\/onlinehardwareshop.de\/index.php\/wp-json\/wp\/v2\/media?parent=78274"}],"wp:term":[{"taxonomy":"brand","embeddable":true,"href":"https:\/\/onlinehardwareshop.de\/index.php\/wp-json\/wp\/v2\/brand?post=78274"},{"taxonomy":"product_brand","embeddable":true,"href":"https:\/\/onlinehardwareshop.de\/index.php\/wp-json\/wp\/v2\/product_brand?post=78274"},{"taxonomy":"product_cat","embeddable":true,"href":"https:\/\/onlinehardwareshop.de\/index.php\/wp-json\/wp\/v2\/product_cat?post=78274"},{"taxonomy":"product_tag","embeddable":true,"href":"https:\/\/onlinehardwareshop.de\/index.php\/wp-json\/wp\/v2\/product_tag?post=78274"}],"curies":[{"name":"wp","href":"https:\/\/api.w.org\/{rel}","templated":true}]}}