{"id":78248,"date":"2024-06-05T18:07:32","date_gmt":"2024-06-05T18:07:32","guid":{"rendered":"https:\/\/onlinehardwareshop.de\/index.php\/produkt\/krcher-k3-premium-power-control-2\/"},"modified":"2025-05-14T10:06:02","modified_gmt":"2025-05-14T10:06:02","slug":"krcher-k3-premium-power-control","status":"publish","type":"product","link":"https:\/\/onlinehardwareshop.de\/index.php\/produkt\/krcher-k3-premium-power-control\/","title":{"rendered":"K&#xE4;rcher K3 Premium Power Control"},"content":{"rendered":"<p>Mit dem K\u00e4rcher K3 Premium Power Control reinigst du problemlos kleine Fl\u00e4chen au\u00dfer Haus. Spritze zum Beispiel deine Terrasse, deinen Gartenzaun, dein Auto oder dein Gartenwerkzeug sauber. Der Wasserdruck l\u00e4sst sich kinderleicht an deine Art von Aufgabe abstimmen. Dadurch sch\u00fctzt du die Fl\u00e4chen wie den Lack deines Autos oder Holz vor Besch\u00e4digungen. Der Hochdruckreiniger l\u00e4sst sich dank des langen Griffs und der R\u00e4der m\u00fchelos an einen anderen Ort schieben. Nach dem Gebrauch rollst du den Hochdruckschlauch mit der Trommel m\u00fchelos ordentlich und kompakt auf.<\/p>\n","protected":false},"excerpt":{"rendered":"<p>Mit dem K\u00e4rcher K3 Premium Power Control reinigst du problemlos kleine Fl\u00e4chen au\u00dfer Haus. Spritze zum Beispiel deine Terrasse, deinen Gartenzaun, dein Auto oder dein Gartenwerkzeug sauber. Der Wasserdruck l\u00e4sst sich kinderleicht an deine Art von Aufgabe abstimmen. Dadurch sch\u00fctzt du die Fl\u00e4chen wie den Lack deines Autos oder Holz vor Besch\u00e4digungen. Der Hochdruckreiniger l\u00e4sst sich dank des langen Griffs und der R\u00e4der m\u00fchelos an einen anderen Ort schieben. Nach dem Gebrauch rollst du den Hochdruckschlauch mit der Trommel m\u00fchelos ordentlich und kompakt auf.<\/p>\n","protected":false},"featured_media":0,"comment_status":"closed","ping_status":"open","template":"","meta":{"_acf_changed":false},"brand":[294],"product_brand":[],"product_cat":[2722],"product_tag":[2723],"class_list":{"0":"post-78248","1":"product","2":"type-product","3":"status-publish","5":"brand-karcher","6":"product_cat-hochdruckreiniger","7":"product_tag-hogedrukreinigers","8":"pa_condition-new","9":"pa_coolblue-de-verzending-morgen-gratis-geliefert","10":"pa_ean-17221","11":"pa_mpn-1-602-750-0","13":"first","14":"instock","15":"product-type-external"},"acf":[],"_links":{"self":[{"href":"https:\/\/onlinehardwareshop.de\/index.php\/wp-json\/wp\/v2\/product\/78248","targetHints":{"allow":["GET"]}}],"collection":[{"href":"https:\/\/onlinehardwareshop.de\/index.php\/wp-json\/wp\/v2\/product"}],"about":[{"href":"https:\/\/onlinehardwareshop.de\/index.php\/wp-json\/wp\/v2\/types\/product"}],"replies":[{"embeddable":true,"href":"https:\/\/onlinehardwareshop.de\/index.php\/wp-json\/wp\/v2\/comments?post=78248"}],"wp:attachment":[{"href":"https:\/\/onlinehardwareshop.de\/index.php\/wp-json\/wp\/v2\/media?parent=78248"}],"wp:term":[{"taxonomy":"brand","embeddable":true,"href":"https:\/\/onlinehardwareshop.de\/index.php\/wp-json\/wp\/v2\/brand?post=78248"},{"taxonomy":"product_brand","embeddable":true,"href":"https:\/\/onlinehardwareshop.de\/index.php\/wp-json\/wp\/v2\/product_brand?post=78248"},{"taxonomy":"product_cat","embeddable":true,"href":"https:\/\/onlinehardwareshop.de\/index.php\/wp-json\/wp\/v2\/product_cat?post=78248"},{"taxonomy":"product_tag","embeddable":true,"href":"https:\/\/onlinehardwareshop.de\/index.php\/wp-json\/wp\/v2\/product_tag?post=78248"}],"curies":[{"name":"wp","href":"https:\/\/api.w.org\/{rel}","templated":true}]}}