{"id":77947,"date":"2024-05-18T13:59:49","date_gmt":"2024-05-18T13:59:49","guid":{"rendered":"https:\/\/onlinehardwareshop.de\/index.php\/produkt\/neff-t16sbn1l0-2\/"},"modified":"2025-05-14T09:40:40","modified_gmt":"2025-05-14T09:40:40","slug":"neff-t16sbn1l0","status":"publish","type":"product","link":"https:\/\/onlinehardwareshop.de\/index.php\/produkt\/neff-t16sbn1l0\/","title":{"rendered":"Neff T16SBN1L0"},"content":{"rendered":"<p>Mit dem Neff T16SBN1L0 Einbau Elektrokochfeld und der Br\u00e4terzone zauberst du ohne Platzbeschr\u00e4nkungen leckere Gerichte. Denn in dieser speziellen Zone f\u00fcr gro\u00dfe Pfannen oder l\u00e4ngliche Bratent\u00f6pfe bereitest du problemlos ein Abendessen f\u00fcr deine ganze Familie zu. Hast du es \u00f6fter eilig? Nutze dann die Boostfunktion. Jede der 4 Kochzonen verf\u00fcgt \u00fcber diese Funktion, die das Wasser f\u00fcr dein Pastagericht besonders schnell zum Kochen bringt. So verschwendest du keine Zeit mit langem Warten und grummelndem Magen. Wenn du gerne genau arbeitest, w\u00e4hlst du aus insgesamt 17 Kochstufen aus. Sie sorgen daf\u00fcr, dass du f\u00fcr jede Zubereitungsart und jede Art von Gericht immer genau die richtige Temperatur findest. Die Warmhaltefunktion des Neff Kochfeldes nutzt du, damit dein Essen nicht kalt wird, w\u00e4hrend du auf deine G\u00e4ste wartest.<\/p>\n","protected":false},"excerpt":{"rendered":"<p>Mit dem Neff T16SBN1L0 Einbau Elektrokochfeld und der Br\u00e4terzone zauberst du ohne Platzbeschr\u00e4nkungen leckere Gerichte. Denn in dieser speziellen Zone f\u00fcr gro\u00dfe Pfannen oder l\u00e4ngliche Bratent\u00f6pfe bereitest du problemlos ein Abendessen f\u00fcr deine ganze Familie zu. Hast du es \u00f6fter eilig? Nutze dann die Boostfunktion. Jede der 4 Kochzonen verf\u00fcgt \u00fcber diese Funktion, die das Wasser f\u00fcr dein Pastagericht besonders schnell zum Kochen bringt. So verschwendest du keine Zeit mit langem Warten und grummelndem Magen. Wenn du gerne genau arbeitest, w\u00e4hlst du aus insgesamt 17 Kochstufen aus. Sie sorgen daf\u00fcr, dass du f\u00fcr jede Zubereitungsart und jede Art von Gericht immer genau die richtige Temperatur findest. Die Warmhaltefunktion des Neff Kochfeldes nutzt du, damit dein Essen nicht kalt wird, w\u00e4hrend du auf deine G\u00e4ste wartest.<\/p>\n","protected":false},"featured_media":0,"comment_status":"closed","ping_status":"open","template":"","meta":{"_acf_changed":false},"brand":[13139],"product_brand":[],"product_cat":[2595],"product_tag":[2596],"class_list":{"0":"post-77947","1":"product","2":"type-product","3":"status-publish","5":"brand-neff","6":"product_cat-kochfelder","7":"product_tag-inbouw-keramische-kookplaten","8":"pa_condition-new","9":"pa_coolblue-de-verzending-morgen-gratis-geliefert","10":"pa_ean-16661","11":"pa_mpn-t16sbn1l0","13":"first","14":"instock","15":"product-type-external"},"acf":[],"_links":{"self":[{"href":"https:\/\/onlinehardwareshop.de\/index.php\/wp-json\/wp\/v2\/product\/77947","targetHints":{"allow":["GET"]}}],"collection":[{"href":"https:\/\/onlinehardwareshop.de\/index.php\/wp-json\/wp\/v2\/product"}],"about":[{"href":"https:\/\/onlinehardwareshop.de\/index.php\/wp-json\/wp\/v2\/types\/product"}],"replies":[{"embeddable":true,"href":"https:\/\/onlinehardwareshop.de\/index.php\/wp-json\/wp\/v2\/comments?post=77947"}],"wp:attachment":[{"href":"https:\/\/onlinehardwareshop.de\/index.php\/wp-json\/wp\/v2\/media?parent=77947"}],"wp:term":[{"taxonomy":"brand","embeddable":true,"href":"https:\/\/onlinehardwareshop.de\/index.php\/wp-json\/wp\/v2\/brand?post=77947"},{"taxonomy":"product_brand","embeddable":true,"href":"https:\/\/onlinehardwareshop.de\/index.php\/wp-json\/wp\/v2\/product_brand?post=77947"},{"taxonomy":"product_cat","embeddable":true,"href":"https:\/\/onlinehardwareshop.de\/index.php\/wp-json\/wp\/v2\/product_cat?post=77947"},{"taxonomy":"product_tag","embeddable":true,"href":"https:\/\/onlinehardwareshop.de\/index.php\/wp-json\/wp\/v2\/product_tag?post=77947"}],"curies":[{"name":"wp","href":"https:\/\/api.w.org\/{rel}","templated":true}]}}