{"id":77703,"date":"2024-09-26T12:59:50","date_gmt":"2024-09-26T12:59:50","guid":{"rendered":"https:\/\/onlinehardwareshop.de\/index.php\/produkt\/kenwood-multipro-go-fdp22-130rd-2\/"},"modified":"2025-05-14T09:20:02","modified_gmt":"2025-05-14T09:20:02","slug":"kenwood-multipro-go-fdp22-130rd","status":"publish","type":"product","link":"https:\/\/onlinehardwareshop.de\/index.php\/produkt\/kenwood-multipro-go-fdp22-130rd\/","title":{"rendered":"Kenwood MultiPro Go FDP22.130RD"},"content":{"rendered":"<p>Dank der Express Serve Sch\u00fcssel der Kenwood MultiPro Go FDP22.130RD schneidest oder raspelst du deine Zutaten direkt in eine Pfanne oder auf einen Teller. Du kannst mit dieser Maschine auch einfach Eis crushen. Der Food-Processor bietet eine Menge M\u00f6glichkeiten wie P\u00fcrieren, Hacken und Hackfleisch zubereiten. M\u00f6chtest du h\u00e4rtere Zutaten feinmahlen? Verwende dann den Pulsmodus. Du mixt mit dieser Stufe kurz bei etwas h\u00f6herer Geschwindigkeit. Dank der kleinen Gr\u00f6\u00dfe nimmt dieser Food-Processor auf deiner Arbeitsplatte wenig Platz in Anspruch. Bewahre das Kabel in dem Aufbewahrungsfach auf und stelle den Food-Processor zur\u00fcck in den Schrank. Du kannst die R\u00fchrsch\u00fcssel in der Sp\u00fclmaschine sauber machen. Das spart dir sehr viel Arbeit.<\/p>\n","protected":false},"excerpt":{"rendered":"<p>Dank der Express Serve Sch\u00fcssel der Kenwood MultiPro Go FDP22.130RD schneidest oder raspelst du deine Zutaten direkt in eine Pfanne oder auf einen Teller. Du kannst mit dieser Maschine auch einfach Eis crushen. Der Food-Processor bietet eine Menge M\u00f6glichkeiten wie P\u00fcrieren, Hacken und Hackfleisch zubereiten. M\u00f6chtest du h\u00e4rtere Zutaten feinmahlen? Verwende dann den Pulsmodus. Du mixt mit dieser Stufe kurz bei etwas h\u00f6herer Geschwindigkeit. Dank der kleinen Gr\u00f6\u00dfe nimmt dieser Food-Processor auf deiner Arbeitsplatte wenig Platz in Anspruch. Bewahre das Kabel in dem Aufbewahrungsfach auf und stelle den Food-Processor zur\u00fcck in den Schrank. Du kannst die R\u00fchrsch\u00fcssel in der Sp\u00fclmaschine sauber machen. Das spart dir sehr viel Arbeit.<\/p>\n","protected":false},"featured_media":0,"comment_status":"closed","ping_status":"open","template":"","meta":{"_acf_changed":false},"brand":[234],"product_brand":[],"product_cat":[209],"product_tag":[210],"class_list":{"0":"post-77703","1":"product","2":"type-product","3":"status-publish","5":"brand-kenwood","6":"product_cat-food-processors","7":"product_tag-foodprocessors-zonder-kookfunctie","8":"pa_condition-new","9":"pa_coolblue-de-verzending-morgen-gratis-geliefert","10":"pa_ean-28805","11":"pa_mpn-0w22010110","13":"first","14":"instock","15":"product-type-external"},"acf":[],"_links":{"self":[{"href":"https:\/\/onlinehardwareshop.de\/index.php\/wp-json\/wp\/v2\/product\/77703","targetHints":{"allow":["GET"]}}],"collection":[{"href":"https:\/\/onlinehardwareshop.de\/index.php\/wp-json\/wp\/v2\/product"}],"about":[{"href":"https:\/\/onlinehardwareshop.de\/index.php\/wp-json\/wp\/v2\/types\/product"}],"replies":[{"embeddable":true,"href":"https:\/\/onlinehardwareshop.de\/index.php\/wp-json\/wp\/v2\/comments?post=77703"}],"wp:attachment":[{"href":"https:\/\/onlinehardwareshop.de\/index.php\/wp-json\/wp\/v2\/media?parent=77703"}],"wp:term":[{"taxonomy":"brand","embeddable":true,"href":"https:\/\/onlinehardwareshop.de\/index.php\/wp-json\/wp\/v2\/brand?post=77703"},{"taxonomy":"product_brand","embeddable":true,"href":"https:\/\/onlinehardwareshop.de\/index.php\/wp-json\/wp\/v2\/product_brand?post=77703"},{"taxonomy":"product_cat","embeddable":true,"href":"https:\/\/onlinehardwareshop.de\/index.php\/wp-json\/wp\/v2\/product_cat?post=77703"},{"taxonomy":"product_tag","embeddable":true,"href":"https:\/\/onlinehardwareshop.de\/index.php\/wp-json\/wp\/v2\/product_tag?post=77703"}],"curies":[{"name":"wp","href":"https:\/\/api.w.org\/{rel}","templated":true}]}}