{"id":77687,"date":"2024-05-15T21:53:28","date_gmt":"2024-05-15T21:53:28","guid":{"rendered":"https:\/\/onlinehardwareshop.de\/index.php\/produkt\/yamaha-r-n600-schwarz\/"},"modified":"2025-05-14T09:18:38","modified_gmt":"2025-05-14T09:18:38","slug":"yamaha-r-n600-schwarz","status":"publish","type":"product","link":"https:\/\/onlinehardwareshop.de\/index.php\/produkt\/yamaha-r-n600-schwarz\/","title":{"rendered":"Yamaha R-N600 Schwarz"},"content":{"rendered":"<p>Mit dem Yamaha R-N600 Schwarz genie\u00dft du raumf\u00fcllenden Klang. Der Receiver unterst\u00fctzt Stereo-Sound, was bedeutet, dass die Musik \u00fcber zwei Kan\u00e4le verteilt wird. Da die Musik also nicht nur aus einem Kanal gerade auf dich zukommt, h\u00f6rst du raumf\u00fcllenden Klang. Dank des Phono-Eingangs kannst du zudem deinen Plattenspieler anschlie\u00dfen und die Musik deiner Schallplattensammlung h\u00f6ren. Wenn du dein Smartphone \u00fcber Bluetooth mit dem Receiver verbindest, kannst du deine Lieblings-Playlists abspielen. \u00dcber den digitalen optischen Anschluss kannst du den Receiver auch an deinen Fernseher oder deine Soundbar anschlie\u00dfen. So genie\u00dft du bei Filmen und Serien raumf\u00fcllenden Sound.<\/p>\n","protected":false},"excerpt":{"rendered":"<p>Mit dem Yamaha R-N600 Schwarz genie\u00dft du raumf\u00fcllenden Klang. Der Receiver unterst\u00fctzt Stereo-Sound, was bedeutet, dass die Musik \u00fcber zwei Kan\u00e4le verteilt wird. Da die Musik also nicht nur aus einem Kanal gerade auf dich zukommt, h\u00f6rst du raumf\u00fcllenden Klang. Dank des Phono-Eingangs kannst du zudem deinen Plattenspieler anschlie\u00dfen und die Musik deiner Schallplattensammlung h\u00f6ren. Wenn du dein Smartphone \u00fcber Bluetooth mit dem Receiver verbindest, kannst du deine Lieblings-Playlists abspielen. \u00dcber den digitalen optischen Anschluss kannst du den Receiver auch an deinen Fernseher oder deine Soundbar anschlie\u00dfen. So genie\u00dft du bei Filmen und Serien raumf\u00fcllenden Sound.<\/p>\n","protected":false},"featured_media":0,"comment_status":"closed","ping_status":"open","template":"","meta":{"_acf_changed":false},"brand":[2259],"product_brand":[],"product_cat":[2260],"product_tag":[2261],"class_list":{"0":"post-77687","1":"product","2":"type-product","3":"status-publish","5":"brand-yamaha","6":"product_cat-receiver","7":"product_tag-receivers-av","8":"pa_condition-new","9":"pa_coolblue-de-verzending-morgen-gratis-geliefert","10":"pa_ean-34057","11":"pa_mpn-arn600abl","13":"first","14":"instock","15":"product-type-external"},"acf":[],"_links":{"self":[{"href":"https:\/\/onlinehardwareshop.de\/index.php\/wp-json\/wp\/v2\/product\/77687","targetHints":{"allow":["GET"]}}],"collection":[{"href":"https:\/\/onlinehardwareshop.de\/index.php\/wp-json\/wp\/v2\/product"}],"about":[{"href":"https:\/\/onlinehardwareshop.de\/index.php\/wp-json\/wp\/v2\/types\/product"}],"replies":[{"embeddable":true,"href":"https:\/\/onlinehardwareshop.de\/index.php\/wp-json\/wp\/v2\/comments?post=77687"}],"wp:attachment":[{"href":"https:\/\/onlinehardwareshop.de\/index.php\/wp-json\/wp\/v2\/media?parent=77687"}],"wp:term":[{"taxonomy":"brand","embeddable":true,"href":"https:\/\/onlinehardwareshop.de\/index.php\/wp-json\/wp\/v2\/brand?post=77687"},{"taxonomy":"product_brand","embeddable":true,"href":"https:\/\/onlinehardwareshop.de\/index.php\/wp-json\/wp\/v2\/product_brand?post=77687"},{"taxonomy":"product_cat","embeddable":true,"href":"https:\/\/onlinehardwareshop.de\/index.php\/wp-json\/wp\/v2\/product_cat?post=77687"},{"taxonomy":"product_tag","embeddable":true,"href":"https:\/\/onlinehardwareshop.de\/index.php\/wp-json\/wp\/v2\/product_tag?post=77687"}],"curies":[{"name":"wp","href":"https:\/\/api.w.org\/{rel}","templated":true}]}}