{"id":77152,"date":"2024-09-15T16:00:02","date_gmt":"2024-09-15T16:00:02","guid":{"rendered":"https:\/\/onlinehardwareshop.de\/index.php\/produkt\/hp-usb-externes-dvd-rw-laufwerk-2\/"},"modified":"2025-05-14T08:33:36","modified_gmt":"2025-05-14T08:33:36","slug":"hp-usb-externes-dvd-rw-laufwerk","status":"publish","type":"product","link":"https:\/\/onlinehardwareshop.de\/index.php\/produkt\/hp-usb-externes-dvd-rw-laufwerk\/","title":{"rendered":"HP USB Externes DVD-RW-Laufwerk"},"content":{"rendered":"<p>Das MHP USB Externe DVD-RW-Laufwerk spielt CDs und DVDs auf deinem PC oder Laptop ohne DVD-Laufwerk ab. Zum Anschluss dieses externen USB-Laufwerks am Computer dient das mitgelieferte USB-A-Kabel. Die Schreibgeschwindigkeit betr\u00e4gt f\u00fcr CDs 24-mal und f\u00fcr DVDs 8-mal, sodass man nicht lange warten muss. Dieses HP optische Laufwerk eignet sich sowohl f\u00fcr Windows als auch macOS. Achte bei macOS allerdings auf den Anschluss per USB-A. Du ben\u00f6tigst n\u00e4mlich eine Dockingstation oder ein USB-Hub, falls dein Apple-Ger\u00e4t nur \u00fcber USB-C-Ports verf\u00fcgt.<\/p>\n","protected":false},"excerpt":{"rendered":"<p>Das MHP USB Externe DVD-RW-Laufwerk spielt CDs und DVDs auf deinem PC oder Laptop ohne DVD-Laufwerk ab. Zum Anschluss dieses externen USB-Laufwerks am Computer dient das mitgelieferte USB-A-Kabel. Die Schreibgeschwindigkeit betr\u00e4gt f\u00fcr CDs 24-mal und f\u00fcr DVDs 8-mal, sodass man nicht lange warten muss. Dieses HP optische Laufwerk eignet sich sowohl f\u00fcr Windows als auch macOS. Achte bei macOS allerdings auf den Anschluss per USB-A. Du ben\u00f6tigst n\u00e4mlich eine Dockingstation oder ein USB-Hub, falls dein Apple-Ger\u00e4t nur \u00fcber USB-C-Ports verf\u00fcgt.<\/p>\n","protected":false},"featured_media":0,"comment_status":"closed","ping_status":"open","template":"","meta":{"_acf_changed":false},"brand":[90],"product_brand":[],"product_cat":[2089],"product_tag":[2090],"class_list":{"0":"post-77152","1":"product","2":"type-product","3":"status-publish","5":"brand-hp","6":"product_cat-optische-laufwerke","7":"product_tag-optische-drives","8":"pa_condition-new","9":"pa_coolblue-de-verzending-morgen-gratis-geliefert","10":"pa_ean-14921","11":"pa_mpn-f6v97aa_abb","13":"first","14":"instock","15":"product-type-external"},"acf":[],"_links":{"self":[{"href":"https:\/\/onlinehardwareshop.de\/index.php\/wp-json\/wp\/v2\/product\/77152","targetHints":{"allow":["GET"]}}],"collection":[{"href":"https:\/\/onlinehardwareshop.de\/index.php\/wp-json\/wp\/v2\/product"}],"about":[{"href":"https:\/\/onlinehardwareshop.de\/index.php\/wp-json\/wp\/v2\/types\/product"}],"replies":[{"embeddable":true,"href":"https:\/\/onlinehardwareshop.de\/index.php\/wp-json\/wp\/v2\/comments?post=77152"}],"wp:attachment":[{"href":"https:\/\/onlinehardwareshop.de\/index.php\/wp-json\/wp\/v2\/media?parent=77152"}],"wp:term":[{"taxonomy":"brand","embeddable":true,"href":"https:\/\/onlinehardwareshop.de\/index.php\/wp-json\/wp\/v2\/brand?post=77152"},{"taxonomy":"product_brand","embeddable":true,"href":"https:\/\/onlinehardwareshop.de\/index.php\/wp-json\/wp\/v2\/product_brand?post=77152"},{"taxonomy":"product_cat","embeddable":true,"href":"https:\/\/onlinehardwareshop.de\/index.php\/wp-json\/wp\/v2\/product_cat?post=77152"},{"taxonomy":"product_tag","embeddable":true,"href":"https:\/\/onlinehardwareshop.de\/index.php\/wp-json\/wp\/v2\/product_tag?post=77152"}],"curies":[{"name":"wp","href":"https:\/\/api.w.org\/{rel}","templated":true}]}}