{"id":77142,"date":"2025-04-27T10:22:09","date_gmt":"2025-04-27T10:22:09","guid":{"rendered":"https:\/\/onlinehardwareshop.de\/index.php\/produkt\/one-for-all-wm4471-2\/"},"modified":"2025-05-14T08:32:42","modified_gmt":"2025-05-14T08:32:42","slug":"one-for-all-wm4471","status":"publish","type":"product","link":"https:\/\/onlinehardwareshop.de\/index.php\/produkt\/one-for-all-wm4471\/","title":{"rendered":"One for All WM4471"},"content":{"rendered":"<p>Mit dem One for All WM4471 kannst du deinen Fernseher ganz einfach in die gew\u00fcnschte H\u00f6he aufstellen. Der Standfu\u00df sorgt f\u00fcr ein optimales TV-Erlebnis, da du ihn ganz nach deinen W\u00fcnschen einstellen kannst. Der Standfu\u00df verf\u00fcgt \u00fcber 5 verschiedene H\u00f6henpositionen, sodass du deinen Fernseher immer auf Augenh\u00f6he platzierst. Du kannst den Fernseher um bis zu 90 Grad nach links oder rechts drehen, sodass du den ganzen Abend bequem vor dem Fernseher sitzt. Au\u00dferdem kannst du den Fernseher um bis zu 15 Grad nach vorne oder hinten neigen. So l\u00e4sst sich das Programm gut sehen, w\u00e4hrend du unten auf der Couch sitzt. Da sich die Kabel versteckt im Standfu\u00df befinden, siehst du keine unordentlich herumliegenden Kabel auf dem Boden.<\/p>\n","protected":false},"excerpt":{"rendered":"<p>Mit dem One for All WM4471 kannst du deinen Fernseher ganz einfach in die gew\u00fcnschte H\u00f6he aufstellen. Der Standfu\u00df sorgt f\u00fcr ein optimales TV-Erlebnis, da du ihn ganz nach deinen W\u00fcnschen einstellen kannst. Der Standfu\u00df verf\u00fcgt \u00fcber 5 verschiedene H\u00f6henpositionen, sodass du deinen Fernseher immer auf Augenh\u00f6he platzierst. Du kannst den Fernseher um bis zu 90 Grad nach links oder rechts drehen, sodass du den ganzen Abend bequem vor dem Fernseher sitzt. Au\u00dferdem kannst du den Fernseher um bis zu 15 Grad nach vorne oder hinten neigen. So l\u00e4sst sich das Programm gut sehen, w\u00e4hrend du unten auf der Couch sitzt. Da sich die Kabel versteckt im Standfu\u00df befinden, siehst du keine unordentlich herumliegenden Kabel auf dem Boden.<\/p>\n","protected":false},"featured_media":0,"comment_status":"closed","ping_status":"open","template":"","meta":{"_acf_changed":false},"brand":[6934],"product_brand":[],"product_cat":[6935],"product_tag":[6936],"class_list":{"0":"post-77142","1":"product","2":"type-product","3":"status-publish","5":"brand-one-for-all","6":"product_cat-fernseherstnder","7":"product_tag-televisie-standaards","8":"pa_condition-new","9":"pa_coolblue-de-verzending-morgen-gratis-geliefert","10":"pa_ean-14903","11":"pa_mpn-wm4471","13":"first","14":"instock","15":"product-type-external"},"acf":[],"_links":{"self":[{"href":"https:\/\/onlinehardwareshop.de\/index.php\/wp-json\/wp\/v2\/product\/77142","targetHints":{"allow":["GET"]}}],"collection":[{"href":"https:\/\/onlinehardwareshop.de\/index.php\/wp-json\/wp\/v2\/product"}],"about":[{"href":"https:\/\/onlinehardwareshop.de\/index.php\/wp-json\/wp\/v2\/types\/product"}],"replies":[{"embeddable":true,"href":"https:\/\/onlinehardwareshop.de\/index.php\/wp-json\/wp\/v2\/comments?post=77142"}],"wp:attachment":[{"href":"https:\/\/onlinehardwareshop.de\/index.php\/wp-json\/wp\/v2\/media?parent=77142"}],"wp:term":[{"taxonomy":"brand","embeddable":true,"href":"https:\/\/onlinehardwareshop.de\/index.php\/wp-json\/wp\/v2\/brand?post=77142"},{"taxonomy":"product_brand","embeddable":true,"href":"https:\/\/onlinehardwareshop.de\/index.php\/wp-json\/wp\/v2\/product_brand?post=77142"},{"taxonomy":"product_cat","embeddable":true,"href":"https:\/\/onlinehardwareshop.de\/index.php\/wp-json\/wp\/v2\/product_cat?post=77142"},{"taxonomy":"product_tag","embeddable":true,"href":"https:\/\/onlinehardwareshop.de\/index.php\/wp-json\/wp\/v2\/product_tag?post=77142"}],"curies":[{"name":"wp","href":"https:\/\/api.w.org\/{rel}","templated":true}]}}