{"id":76993,"date":"2024-12-03T13:17:17","date_gmt":"2024-12-03T13:17:17","guid":{"rendered":"https:\/\/onlinehardwareshop.de\/index.php\/produkt\/just-in-case-classic-samsung-galaxy-tab-s9-s9-fe-s10-fe-kids-cover-rosa-2\/"},"modified":"2025-05-14T08:21:15","modified_gmt":"2025-05-14T08:21:15","slug":"just-in-case-classic-samsung-galaxy-tab-s9-s9-fe-s10-fe-kids-cover-rosa","status":"publish","type":"product","link":"https:\/\/onlinehardwareshop.de\/index.php\/produkt\/just-in-case-classic-samsung-galaxy-tab-s9-s9-fe-s10-fe-kids-cover-rosa\/","title":{"rendered":"Just in Case Classic Samsung Galaxy Tab S9 \/ S9 FE \/ S10 FE Kids Cover Rosa"},"content":{"rendered":"<p>Mit dem Just in Case Classic Samsung Galaxy Tab S9 \/ S9 FE \/ S10 FE Kids Cover Rosa gibst du dein Tablet ruhigen Gewissens deinen Kindern. Der besonders dicke Rand bedeckt alle Seiten des Ger\u00e4ts und f\u00e4ngt beim Herunterfallen oder bei St\u00f6\u00dfen den Aufprall ab. An der Seite befindet sich ein Griff, mit dem du dein Tablet sicher festh\u00e4ltst. Wenn du den Griff biegst, kannst du das Tablet aufrecht hinstellen. Das ist praktisch, wenn dein Kind beispielsweise einen Film ansehen will. Die H\u00fclle ist ziemlich steif, sodass es schwierig sein kann, dein Tablet in die H\u00fclle hinein- und wieder herauszubekommen. Das Kids Cover hat alle Aussparungen, etwa f\u00fcr den Ladeanschluss.<\/p>\n","protected":false},"excerpt":{"rendered":"<p>Mit dem Just in Case Classic Samsung Galaxy Tab S9 \/ S9 FE \/ S10 FE Kids Cover Rosa gibst du dein Tablet ruhigen Gewissens deinen Kindern. Der besonders dicke Rand bedeckt alle Seiten des Ger\u00e4ts und f\u00e4ngt beim Herunterfallen oder bei St\u00f6\u00dfen den Aufprall ab. An der Seite befindet sich ein Griff, mit dem du dein Tablet sicher festh\u00e4ltst. Wenn du den Griff biegst, kannst du das Tablet aufrecht hinstellen. Das ist praktisch, wenn dein Kind beispielsweise einen Film ansehen will. Die H\u00fclle ist ziemlich steif, sodass es schwierig sein kann, dein Tablet in die H\u00fclle hinein- und wieder herauszubekommen. Das Kids Cover hat alle Aussparungen, etwa f\u00fcr den Ladeanschluss.<\/p>\n","protected":false},"featured_media":0,"comment_status":"closed","ping_status":"open","template":"","meta":{"_acf_changed":false},"brand":[4982],"product_brand":[],"product_cat":[4983],"product_tag":[4984],"class_list":{"0":"post-76993","1":"product","2":"type-product","3":"status-publish","5":"brand-just-in-case","6":"product_cat-tablethllen","7":"product_tag-tablet-hoezen-zonder-toetsenbord","8":"pa_condition-new","9":"pa_coolblue-de-verzending-morgen-gratis-geliefert","10":"pa_ean-14576","11":"pa_mpn-14577","13":"first","14":"instock","15":"product-type-external"},"acf":[],"_links":{"self":[{"href":"https:\/\/onlinehardwareshop.de\/index.php\/wp-json\/wp\/v2\/product\/76993","targetHints":{"allow":["GET"]}}],"collection":[{"href":"https:\/\/onlinehardwareshop.de\/index.php\/wp-json\/wp\/v2\/product"}],"about":[{"href":"https:\/\/onlinehardwareshop.de\/index.php\/wp-json\/wp\/v2\/types\/product"}],"replies":[{"embeddable":true,"href":"https:\/\/onlinehardwareshop.de\/index.php\/wp-json\/wp\/v2\/comments?post=76993"}],"wp:attachment":[{"href":"https:\/\/onlinehardwareshop.de\/index.php\/wp-json\/wp\/v2\/media?parent=76993"}],"wp:term":[{"taxonomy":"brand","embeddable":true,"href":"https:\/\/onlinehardwareshop.de\/index.php\/wp-json\/wp\/v2\/brand?post=76993"},{"taxonomy":"product_brand","embeddable":true,"href":"https:\/\/onlinehardwareshop.de\/index.php\/wp-json\/wp\/v2\/product_brand?post=76993"},{"taxonomy":"product_cat","embeddable":true,"href":"https:\/\/onlinehardwareshop.de\/index.php\/wp-json\/wp\/v2\/product_cat?post=76993"},{"taxonomy":"product_tag","embeddable":true,"href":"https:\/\/onlinehardwareshop.de\/index.php\/wp-json\/wp\/v2\/product_tag?post=76993"}],"curies":[{"name":"wp","href":"https:\/\/api.w.org\/{rel}","templated":true}]}}