{"id":76977,"date":"2024-12-11T09:12:00","date_gmt":"2024-12-11T09:12:00","guid":{"rendered":"https:\/\/onlinehardwareshop.de\/index.php\/produkt\/bluebuilt-8-in-1-hdmi-dockingstation-mit-usb-c-2\/"},"modified":"2025-05-14T08:19:46","modified_gmt":"2025-05-14T08:19:46","slug":"bluebuilt-8-in-1-hdmi-dockingstation-mit-usb-c","status":"publish","type":"product","link":"https:\/\/onlinehardwareshop.de\/index.php\/produkt\/bluebuilt-8-in-1-hdmi-dockingstation-mit-usb-c\/","title":{"rendered":"BlueBuilt 8-in-1 HDMI Dockingstation mit USB-C"},"content":{"rendered":"<p>Mit der BlueBuilt 8-in-1 Dockingstation mit USB-C erweiterst du deinen Laptopbildschirm um einen weiteren Monitor und Zubeh\u00f6r. Die maximale Aufl\u00f6sung beim Anschluss eines Monitors liegt bei 60 Hertz in 4K, sodass du ein gestochen scharfes Bild siehst. Zudem verf\u00fcgst du \u00fcber genug Anschl\u00fcsse f\u00fcr deine Peripherieger\u00e4te, wie Maus und Tastatur. Diese Dockingstation ist klein und leicht, sodass du sie einfach vom Homeoffice mit ins B\u00fcro nimmst. Unterst\u00fctzt dein Laptop Power Delivery? Dann schlie\u00dfe dein eigenes Laptop-Ladeger\u00e4t an die Dockingstation an, um bei der Arbeit nicht mehr nach einer Steckdose suchen zu m\u00fcssen. Zudem hat die Dockingstation einen Ethernetanschluss. Du brauchst dir also keine Sorgen \u00fcber eine instabile Internetverbindung zu machen. Die BlueBuilt 8-in-1 Dockingstation mit USB-C funktioniert mit allen Windows-Laptops und MacBooks mit USB-C-Anschluss, die Videosignale \u00fcbertragen. So findest du heraus, ob dein Laptop einen passenden USB-C-Anschluss hat.   Was kannst du mit dieser Dockingstation machen? 1 Monitor anschlie\u00dfen Laptop aufladen (wenn er Power Delivery unterst\u00fctzt) Mit kabelgebundenem Internet arbeiten Maus und Tastatur anschlie\u00dfen Handy aufladen Speicherkarte lesen Kopfh\u00f6rer anschlie\u00dfen   Wenn du einen Monitor an diese Dockingstation anschlie\u00dft, erreichst du eine maximale Aufl\u00f6sung von 60 Hertz in 4K.<\/p>\n","protected":false},"excerpt":{"rendered":"<p>Mit der BlueBuilt 8-in-1 Dockingstation mit USB-C erweiterst du deinen Laptopbildschirm um einen weiteren Monitor und Zubeh\u00f6r. Die maximale Aufl\u00f6sung beim Anschluss eines Monitors liegt bei 60 Hertz in 4K, sodass du ein gestochen scharfes Bild siehst. Zudem verf\u00fcgst du \u00fcber genug Anschl\u00fcsse f\u00fcr deine Peripherieger\u00e4te, wie Maus und Tastatur. Diese Dockingstation ist klein und leicht, sodass du sie einfach vom Homeoffice mit ins B\u00fcro nimmst. Unterst\u00fctzt dein Laptop Power Delivery? Dann schlie\u00dfe dein eigenes Laptop-Ladeger\u00e4t an die Dockingstation an, um bei der Arbeit nicht mehr nach einer Steckdose suchen zu m\u00fcssen. Zudem hat die Dockingstation einen Ethernetanschluss. Du brauchst dir also keine Sorgen \u00fcber eine instabile Internetverbindung zu machen. Die BlueBuilt 8-in-1 Dockingstation mit USB-C funktioniert mit allen Windows-Laptops und MacBooks mit USB-C-Anschluss, die Videosignale \u00fcbertragen. So findest du heraus, ob dein Laptop einen passenden USB-C-Anschluss hat.   Was kannst du mit dieser Dockingstation machen? 1 Monitor anschlie\u00dfen Laptop aufladen (wenn er Power Delivery unterst\u00fctzt) Mit kabelgebundenem Internet arbeiten Maus und Tastatur anschlie\u00dfen Handy aufladen Speicherkarte lesen Kopfh\u00f6rer anschlie\u00dfen   Wenn du einen Monitor an diese Dockingstation anschlie\u00dft, erreichst du eine maximale Aufl\u00f6sung von 60 Hertz in 4K.<\/p>\n","protected":false},"featured_media":0,"comment_status":"closed","ping_status":"open","template":"","meta":{"_acf_changed":false},"brand":[5893],"product_brand":[],"product_cat":[4022],"product_tag":[4023],"class_list":{"0":"post-76977","1":"product","2":"type-product","3":"status-publish","5":"brand-bluebuilt","6":"product_cat-dockingstations","7":"product_tag-cradles-docks-voor-laptops","8":"pa_condition-new","9":"pa_coolblue-de-verzending-morgen-gratis-geliefert","10":"pa_ean-14541","11":"pa_mpn-bbds8in1","13":"first","14":"instock","15":"product-type-external"},"acf":[],"_links":{"self":[{"href":"https:\/\/onlinehardwareshop.de\/index.php\/wp-json\/wp\/v2\/product\/76977","targetHints":{"allow":["GET"]}}],"collection":[{"href":"https:\/\/onlinehardwareshop.de\/index.php\/wp-json\/wp\/v2\/product"}],"about":[{"href":"https:\/\/onlinehardwareshop.de\/index.php\/wp-json\/wp\/v2\/types\/product"}],"replies":[{"embeddable":true,"href":"https:\/\/onlinehardwareshop.de\/index.php\/wp-json\/wp\/v2\/comments?post=76977"}],"wp:attachment":[{"href":"https:\/\/onlinehardwareshop.de\/index.php\/wp-json\/wp\/v2\/media?parent=76977"}],"wp:term":[{"taxonomy":"brand","embeddable":true,"href":"https:\/\/onlinehardwareshop.de\/index.php\/wp-json\/wp\/v2\/brand?post=76977"},{"taxonomy":"product_brand","embeddable":true,"href":"https:\/\/onlinehardwareshop.de\/index.php\/wp-json\/wp\/v2\/product_brand?post=76977"},{"taxonomy":"product_cat","embeddable":true,"href":"https:\/\/onlinehardwareshop.de\/index.php\/wp-json\/wp\/v2\/product_cat?post=76977"},{"taxonomy":"product_tag","embeddable":true,"href":"https:\/\/onlinehardwareshop.de\/index.php\/wp-json\/wp\/v2\/product_tag?post=76977"}],"curies":[{"name":"wp","href":"https:\/\/api.w.org\/{rel}","templated":true}]}}