{"id":76953,"date":"2024-09-24T15:08:38","date_gmt":"2024-09-24T15:08:38","guid":{"rendered":"https:\/\/onlinehardwareshop.de\/index.php\/produkt\/caruba-cleaning-kit-all-in-one-2\/"},"modified":"2025-05-14T08:17:59","modified_gmt":"2025-05-14T08:17:59","slug":"caruba-cleaning-kit-all-in-one","status":"publish","type":"product","link":"https:\/\/onlinehardwareshop.de\/index.php\/produkt\/caruba-cleaning-kit-all-in-one\/","title":{"rendered":"Caruba Cleaning Kit All-in-One"},"content":{"rendered":"<p>Beim Caruba Cleaning Kit handelt es sich um ein vollst\u00e4ndiges Set, mit dem du deine Kamera und Objektive reinigen kannst. Du erh\u00e4ltst einen Blasebalg, eine Objektivb\u00fcrste, ein Reinigungsspray, ein Mikrofasertuch sowie 20 feuchte Reinigungst\u00fccher. Damit kannst du deine Objektive und dein Kamerageh\u00e4use reinigen, ohne Kratzer zu erzeugen. Mit dem Blasebalg kannst du Staub bzw. Sand vom Objektiv oder Bildsensor blasen. So kannst du klare Fotos ohne Flecke machen.<\/p>\n","protected":false},"excerpt":{"rendered":"<p>Beim Caruba Cleaning Kit handelt es sich um ein vollst\u00e4ndiges Set, mit dem du deine Kamera und Objektive reinigen kannst. Du erh\u00e4ltst einen Blasebalg, eine Objektivb\u00fcrste, ein Reinigungsspray, ein Mikrofasertuch sowie 20 feuchte Reinigungst\u00fccher. Damit kannst du deine Objektive und dein Kamerageh\u00e4use reinigen, ohne Kratzer zu erzeugen. Mit dem Blasebalg kannst du Staub bzw. Sand vom Objektiv oder Bildsensor blasen. So kannst du klare Fotos ohne Flecke machen.<\/p>\n","protected":false},"featured_media":0,"comment_status":"closed","ping_status":"open","template":"","meta":{"_acf_changed":false},"brand":[1697],"product_brand":[],"product_cat":[1414],"product_tag":[1415],"class_list":{"0":"post-76953","1":"product","2":"type-product","3":"status-publish","5":"brand-caruba","6":"product_cat-reinigungssets-fr-kameras","7":"product_tag-schoonmaaksets-voor-cameras","8":"pa_condition-new","9":"pa_coolblue-de-verzending-morgen-gratis-geliefert","10":"pa_ean-14479","11":"pa_mpn-d133272","13":"first","14":"instock","15":"product-type-external"},"acf":[],"_links":{"self":[{"href":"https:\/\/onlinehardwareshop.de\/index.php\/wp-json\/wp\/v2\/product\/76953","targetHints":{"allow":["GET"]}}],"collection":[{"href":"https:\/\/onlinehardwareshop.de\/index.php\/wp-json\/wp\/v2\/product"}],"about":[{"href":"https:\/\/onlinehardwareshop.de\/index.php\/wp-json\/wp\/v2\/types\/product"}],"replies":[{"embeddable":true,"href":"https:\/\/onlinehardwareshop.de\/index.php\/wp-json\/wp\/v2\/comments?post=76953"}],"wp:attachment":[{"href":"https:\/\/onlinehardwareshop.de\/index.php\/wp-json\/wp\/v2\/media?parent=76953"}],"wp:term":[{"taxonomy":"brand","embeddable":true,"href":"https:\/\/onlinehardwareshop.de\/index.php\/wp-json\/wp\/v2\/brand?post=76953"},{"taxonomy":"product_brand","embeddable":true,"href":"https:\/\/onlinehardwareshop.de\/index.php\/wp-json\/wp\/v2\/product_brand?post=76953"},{"taxonomy":"product_cat","embeddable":true,"href":"https:\/\/onlinehardwareshop.de\/index.php\/wp-json\/wp\/v2\/product_cat?post=76953"},{"taxonomy":"product_tag","embeddable":true,"href":"https:\/\/onlinehardwareshop.de\/index.php\/wp-json\/wp\/v2\/product_tag?post=76953"}],"curies":[{"name":"wp","href":"https:\/\/api.w.org\/{rel}","templated":true}]}}