{"id":76911,"date":"2024-07-13T03:47:41","date_gmt":"2024-07-13T03:47:41","guid":{"rendered":"https:\/\/onlinehardwareshop.de\/index.php\/produkt\/fairbuds-xl-schwarz-2\/"},"modified":"2025-05-14T08:14:09","modified_gmt":"2025-05-14T08:14:09","slug":"fairbuds-xl-schwarz","status":"publish","type":"product","link":"https:\/\/onlinehardwareshop.de\/index.php\/produkt\/fairbuds-xl-schwarz\/","title":{"rendered":"Fairbuds XL Schwarz"},"content":{"rendered":"<p>Der Fairbuds XL Schwarz ist der richtige Kopfh\u00f6rer f\u00fcr dich, wenn dir Umweltvertr\u00e4glichkeit wichtig ist. Er besteht aus recycelten Materialien, wodurch der Kopfh\u00f6rer zur Umweltschonung beitr\u00e4gt. Dar\u00fcber hinaus bestehen die Ohrpolster und der Bezug des Kopfb\u00fcgels aus veganem Leder. Somit ist der Fairbuds XL eine umweltbewusste Wahl. Dank Noise Cancelling kannst du die Umgebung akustisch ausblenden. Per Tastendruck an der Ohrmuschel kann man regeln, ob das Noise Cancelling aktiviert sein soll oder nicht. So beh\u00e4ltst du die Regie \u00fcber das Noise Cancelling. Der Kopfh\u00f6rer hat eine Akkulaufzeit von 30 Stunden. Dank dieser langen Akkulaufzeit geht dir die Musik fast nie aus. Des Weiteren ist die Musik in der Fairbuds-App individuell einstellbar. Dazu geh\u00f6ren zum Beispiel die Basswiedergabe oder auch die H\u00f6hen. Hinweis: Fairphone liefert kein Ladekabel und kein Steckernetzteil mit. Verwende dein eigenes USB-C-Kabel oder kaufe dir das Zubeh\u00f6r separat.<\/p>\n","protected":false},"excerpt":{"rendered":"<p>Der Fairbuds XL Schwarz ist der richtige Kopfh\u00f6rer f\u00fcr dich, wenn dir Umweltvertr\u00e4glichkeit wichtig ist. Er besteht aus recycelten Materialien, wodurch der Kopfh\u00f6rer zur Umweltschonung beitr\u00e4gt. Dar\u00fcber hinaus bestehen die Ohrpolster und der Bezug des Kopfb\u00fcgels aus veganem Leder. Somit ist der Fairbuds XL eine umweltbewusste Wahl. Dank Noise Cancelling kannst du die Umgebung akustisch ausblenden. Per Tastendruck an der Ohrmuschel kann man regeln, ob das Noise Cancelling aktiviert sein soll oder nicht. So beh\u00e4ltst du die Regie \u00fcber das Noise Cancelling. Der Kopfh\u00f6rer hat eine Akkulaufzeit von 30 Stunden. Dank dieser langen Akkulaufzeit geht dir die Musik fast nie aus. Des Weiteren ist die Musik in der Fairbuds-App individuell einstellbar. Dazu geh\u00f6ren zum Beispiel die Basswiedergabe oder auch die H\u00f6hen. Hinweis: Fairphone liefert kein Ladekabel und kein Steckernetzteil mit. Verwende dein eigenes USB-C-Kabel oder kaufe dir das Zubeh\u00f6r separat.<\/p>\n","protected":false},"featured_media":0,"comment_status":"closed","ping_status":"open","template":"","meta":{"_acf_changed":false},"brand":[14362],"product_brand":[],"product_cat":[1182],"product_tag":[5609],"class_list":{"0":"post-76911","1":"product","2":"type-product","3":"status-publish","5":"brand-fairphone","6":"product_cat-kopfhrer","7":"product_tag-hoofdtelefoons-met-noisecancelling","8":"pa_condition-new","9":"pa_coolblue-de-verzending-morgen-gratis-geliefert","10":"pa_ean-14363","11":"pa_mpn-auhead-1zw-ww1","13":"first","14":"instock","15":"product-type-external"},"acf":[],"_links":{"self":[{"href":"https:\/\/onlinehardwareshop.de\/index.php\/wp-json\/wp\/v2\/product\/76911","targetHints":{"allow":["GET"]}}],"collection":[{"href":"https:\/\/onlinehardwareshop.de\/index.php\/wp-json\/wp\/v2\/product"}],"about":[{"href":"https:\/\/onlinehardwareshop.de\/index.php\/wp-json\/wp\/v2\/types\/product"}],"replies":[{"embeddable":true,"href":"https:\/\/onlinehardwareshop.de\/index.php\/wp-json\/wp\/v2\/comments?post=76911"}],"wp:attachment":[{"href":"https:\/\/onlinehardwareshop.de\/index.php\/wp-json\/wp\/v2\/media?parent=76911"}],"wp:term":[{"taxonomy":"brand","embeddable":true,"href":"https:\/\/onlinehardwareshop.de\/index.php\/wp-json\/wp\/v2\/brand?post=76911"},{"taxonomy":"product_brand","embeddable":true,"href":"https:\/\/onlinehardwareshop.de\/index.php\/wp-json\/wp\/v2\/product_brand?post=76911"},{"taxonomy":"product_cat","embeddable":true,"href":"https:\/\/onlinehardwareshop.de\/index.php\/wp-json\/wp\/v2\/product_cat?post=76911"},{"taxonomy":"product_tag","embeddable":true,"href":"https:\/\/onlinehardwareshop.de\/index.php\/wp-json\/wp\/v2\/product_tag?post=76911"}],"curies":[{"name":"wp","href":"https:\/\/api.w.org\/{rel}","templated":true}]}}