{"id":76887,"date":"2024-06-24T03:50:24","date_gmt":"2024-06-24T03:50:24","guid":{"rendered":"https:\/\/onlinehardwareshop.de\/index.php\/produkt\/hp-laserjet-pro-mfp-3102fdw-2\/"},"modified":"2025-05-14T08:12:15","modified_gmt":"2025-05-14T08:12:15","slug":"hp-laserjet-pro-mfp-3102fdw","status":"publish","type":"product","link":"https:\/\/onlinehardwareshop.de\/index.php\/produkt\/hp-laserjet-pro-mfp-3102fdw\/","title":{"rendered":"HP LaserJet Pro MFP 3102fdw"},"content":{"rendered":"<p>Der HP LaserJet Pro MFP 3102fdw ist ein schneller 4-in-1-Drucker f\u00fcr deinen Arbeitsplatz zu Hause oder f\u00fcr ein kleines B\u00fcro. Damit druckst und kopierst du bis zu 33 Seiten pro Minute. M\u00f6chtest du schnell ein gro\u00dfes Dokument kopieren oder scannen? Dann lege bis zu 50 Seiten in den automatischen Dokumenteneinzug. Mit dem LaserJet Pro MFP 3102fdw faxt du au\u00dferdem deine Arbeitsdokumente. Du druckst automatisch beidseitig und sparst dadurch Papier. Der Drucker hat integriertes WLAN. Du verbindest also deinen Laptop oder dein Smartphone direkt mit dem Drucker.   Drucker mit dynamischer Sicherheit  Bestimmte HP Drucker sind daf\u00fcr ausgelegt, nur mit Patronen zu funktionieren, die neue oder wiederverwendete HP Chips oder elektronische HP Schaltkreise aufweisen. Diese Drucker nutzen dynamische Sicherheitsfunktionen, um Patronen zu blockieren, die mit einem Chip oder einer elektronischen Schaltung ausgestattet sind, die nicht von HP stammen. Die Wirksamkeit dieser Funktionen wird durch regelm\u00e4\u00dfige Firmware-Updates garantiert, sodass auch Patronen blockiert werden, die fr\u00fcher durchaus funktioniert haben. Wiederverwendete HP Chips und elektronische HP Schaltungen erm\u00f6glichen die Nutzung wiederverwendeter, recycelter und neu bef\u00fcllter Patronen.<\/p>\n","protected":false},"excerpt":{"rendered":"<p>Der HP LaserJet Pro MFP 3102fdw ist ein schneller 4-in-1-Drucker f\u00fcr deinen Arbeitsplatz zu Hause oder f\u00fcr ein kleines B\u00fcro. Damit druckst und kopierst du bis zu 33 Seiten pro Minute. M\u00f6chtest du schnell ein gro\u00dfes Dokument kopieren oder scannen? Dann lege bis zu 50 Seiten in den automatischen Dokumenteneinzug. Mit dem LaserJet Pro MFP 3102fdw faxt du au\u00dferdem deine Arbeitsdokumente. Du druckst automatisch beidseitig und sparst dadurch Papier. Der Drucker hat integriertes WLAN. Du verbindest also deinen Laptop oder dein Smartphone direkt mit dem Drucker.   Drucker mit dynamischer Sicherheit  Bestimmte HP Drucker sind daf\u00fcr ausgelegt, nur mit Patronen zu funktionieren, die neue oder wiederverwendete HP Chips oder elektronische HP Schaltkreise aufweisen. Diese Drucker nutzen dynamische Sicherheitsfunktionen, um Patronen zu blockieren, die mit einem Chip oder einer elektronischen Schaltung ausgestattet sind, die nicht von HP stammen. Die Wirksamkeit dieser Funktionen wird durch regelm\u00e4\u00dfige Firmware-Updates garantiert, sodass auch Patronen blockiert werden, die fr\u00fcher durchaus funktioniert haben. Wiederverwendete HP Chips und elektronische HP Schaltungen erm\u00f6glichen die Nutzung wiederverwendeter, recycelter und neu bef\u00fcllter Patronen.<\/p>\n","protected":false},"featured_media":0,"comment_status":"closed","ping_status":"open","template":"","meta":{"_acf_changed":false},"brand":[90],"product_brand":[],"product_cat":[2205],"product_tag":[4823],"class_list":{"0":"post-76887","1":"product","2":"type-product","3":"status-publish","5":"brand-hp","6":"product_cat-drucker","7":"product_tag-laserprinters","8":"pa_condition-new","9":"pa_coolblue-de-verzending-morgen-gratis-geliefert","10":"pa_ean-14310","11":"pa_mpn-3g630f","13":"first","14":"instock","15":"product-type-external"},"acf":[],"_links":{"self":[{"href":"https:\/\/onlinehardwareshop.de\/index.php\/wp-json\/wp\/v2\/product\/76887","targetHints":{"allow":["GET"]}}],"collection":[{"href":"https:\/\/onlinehardwareshop.de\/index.php\/wp-json\/wp\/v2\/product"}],"about":[{"href":"https:\/\/onlinehardwareshop.de\/index.php\/wp-json\/wp\/v2\/types\/product"}],"replies":[{"embeddable":true,"href":"https:\/\/onlinehardwareshop.de\/index.php\/wp-json\/wp\/v2\/comments?post=76887"}],"wp:attachment":[{"href":"https:\/\/onlinehardwareshop.de\/index.php\/wp-json\/wp\/v2\/media?parent=76887"}],"wp:term":[{"taxonomy":"brand","embeddable":true,"href":"https:\/\/onlinehardwareshop.de\/index.php\/wp-json\/wp\/v2\/brand?post=76887"},{"taxonomy":"product_brand","embeddable":true,"href":"https:\/\/onlinehardwareshop.de\/index.php\/wp-json\/wp\/v2\/product_brand?post=76887"},{"taxonomy":"product_cat","embeddable":true,"href":"https:\/\/onlinehardwareshop.de\/index.php\/wp-json\/wp\/v2\/product_cat?post=76887"},{"taxonomy":"product_tag","embeddable":true,"href":"https:\/\/onlinehardwareshop.de\/index.php\/wp-json\/wp\/v2\/product_tag?post=76887"}],"curies":[{"name":"wp","href":"https:\/\/api.w.org\/{rel}","templated":true}]}}