{"id":76777,"date":"2024-05-01T13:00:38","date_gmt":"2024-05-01T13:00:38","guid":{"rendered":"https:\/\/onlinehardwareshop.de\/index.php\/produkt\/nikon-monarch-m7-8x42-2\/"},"modified":"2025-05-14T08:02:55","modified_gmt":"2025-05-14T08:02:55","slug":"nikon-monarch-m7-8x42","status":"publish","type":"product","link":"https:\/\/onlinehardwareshop.de\/index.php\/produkt\/nikon-monarch-m7-8x42\/","title":{"rendered":"Nikon Monarch M7 8&#215;42"},"content":{"rendered":"<p>Das Nikon Monarch M7 8&#215;42 ist ein kompaktes Fernglas mit einem breiten Sehfeld von 145 Metern. Somit kann man Motive leicht entdecken. Die achtfache Vergr\u00f6\u00dferung bringt ein Motiv in der Ferne nahe heran, zum Beispiel einen Vogel im Baum. Das breite Sehfeld sorgt au\u00dferdem daf\u00fcr, dass man den Vogel problemlos verfolgen kann, wenn er wegfliegt. Die Linsen- und Prismabeschichtungen erm\u00f6glichen ein klares und kontrastreiches Bild. \u00d6l und Wasser l\u00e4sst sich dank der wasserabweisenden Beschichtung leicht abwischen. Dadurch wirken auch die Farben, die man mit dem Fernglas betrachtet, realistisch. Anhand der Drehregler an den gummierten Augenmuscheln kann man den Abstand zwischen dem Auge und dem Fernglas bedarfsgerecht einstellen. Das Fernglas l\u00e4sst sich dadurch komfortabel verwenden, auch bei langer Nutzung. Dank des wasserdichten Finishs kann man das Fernglas auch bei schlechtem Wetter unbesorgt einsetzen.<\/p>\n","protected":false},"excerpt":{"rendered":"<p>Das Nikon Monarch M7 8&#215;42 ist ein kompaktes Fernglas mit einem breiten Sehfeld von 145 Metern. Somit kann man Motive leicht entdecken. Die achtfache Vergr\u00f6\u00dferung bringt ein Motiv in der Ferne nahe heran, zum Beispiel einen Vogel im Baum. Das breite Sehfeld sorgt au\u00dferdem daf\u00fcr, dass man den Vogel problemlos verfolgen kann, wenn er wegfliegt. Die Linsen- und Prismabeschichtungen erm\u00f6glichen ein klares und kontrastreiches Bild. \u00d6l und Wasser l\u00e4sst sich dank der wasserabweisenden Beschichtung leicht abwischen. Dadurch wirken auch die Farben, die man mit dem Fernglas betrachtet, realistisch. Anhand der Drehregler an den gummierten Augenmuscheln kann man den Abstand zwischen dem Auge und dem Fernglas bedarfsgerecht einstellen. Das Fernglas l\u00e4sst sich dadurch komfortabel verwenden, auch bei langer Nutzung. Dank des wasserdichten Finishs kann man das Fernglas auch bei schlechtem Wetter unbesorgt einsetzen.<\/p>\n","protected":false},"featured_media":0,"comment_status":"closed","ping_status":"open","template":"","meta":{"_acf_changed":false},"brand":[133],"product_brand":[],"product_cat":[448],"product_tag":[1304],"class_list":{"0":"post-76777","1":"product","2":"type-product","3":"status-publish","5":"brand-nikon","6":"product_cat-fernglser","7":"product_tag-dakkant-verrekijkers","8":"pa_condition-new","9":"pa_coolblue-de-verzending-morgen-gratis-geliefert","10":"pa_ean-33914","11":"pa_mpn-baa902sa","13":"first","14":"instock","15":"product-type-external"},"acf":[],"_links":{"self":[{"href":"https:\/\/onlinehardwareshop.de\/index.php\/wp-json\/wp\/v2\/product\/76777","targetHints":{"allow":["GET"]}}],"collection":[{"href":"https:\/\/onlinehardwareshop.de\/index.php\/wp-json\/wp\/v2\/product"}],"about":[{"href":"https:\/\/onlinehardwareshop.de\/index.php\/wp-json\/wp\/v2\/types\/product"}],"replies":[{"embeddable":true,"href":"https:\/\/onlinehardwareshop.de\/index.php\/wp-json\/wp\/v2\/comments?post=76777"}],"wp:attachment":[{"href":"https:\/\/onlinehardwareshop.de\/index.php\/wp-json\/wp\/v2\/media?parent=76777"}],"wp:term":[{"taxonomy":"brand","embeddable":true,"href":"https:\/\/onlinehardwareshop.de\/index.php\/wp-json\/wp\/v2\/brand?post=76777"},{"taxonomy":"product_brand","embeddable":true,"href":"https:\/\/onlinehardwareshop.de\/index.php\/wp-json\/wp\/v2\/product_brand?post=76777"},{"taxonomy":"product_cat","embeddable":true,"href":"https:\/\/onlinehardwareshop.de\/index.php\/wp-json\/wp\/v2\/product_cat?post=76777"},{"taxonomy":"product_tag","embeddable":true,"href":"https:\/\/onlinehardwareshop.de\/index.php\/wp-json\/wp\/v2\/product_tag?post=76777"}],"curies":[{"name":"wp","href":"https:\/\/api.w.org\/{rel}","templated":true}]}}