{"id":76668,"date":"2025-02-06T09:34:13","date_gmt":"2025-02-06T09:34:13","guid":{"rendered":"https:\/\/onlinehardwareshop.de\/index.php\/produkt\/mobiles-kartenlesegert-sumup-solo-ladestation-mit-drucker-2\/"},"modified":"2025-05-14T07:52:09","modified_gmt":"2025-05-14T07:52:09","slug":"mobiles-kartenlesegert-sumup-solo-ladestation-mit-drucker","status":"publish","type":"product","link":"https:\/\/onlinehardwareshop.de\/index.php\/produkt\/mobiles-kartenlesegert-sumup-solo-ladestation-mit-drucker\/","title":{"rendered":"Mobiles Kartenleseger&#xE4;t SumUp Solo + Ladestation mit Drucker"},"content":{"rendered":"<p>Mit dem SumUp Solo 4G Mobilen Kartenleseger\u00e4t + Ladestation mit Drucker k\u00f6nnen deine Kunden \u00fcberall schnell und einfach zahlen und erhalten sofort eine Quittung. Dank der integrierten SIM-Karte ben\u00f6tigst du kein Smartphone, um dein Kartenleseger\u00e4t zu verwenden und stellst von \u00fcberall aus eine Internetverbindung her. Mit SumUp gibt es kein aufwendiges Authentifizierungsverfahren und es besteht nicht die Notwendigkeit, irgendwelche Formulare auszuf\u00fcllen. Daher legst du sofort los. Du ben\u00f6tigst allerdings eine Handelsregisternummer. Gib einen Betrag auf dem Touchscreen ein und lass die Kunden ihr eigenes Trinkgeld w\u00e4hlen. Anschlie\u00dfend bezahlen sie kontaktlos mit Girokarte, Kreditkarte oder ihrem Smartphone. Du zahlst keine festen Abonnement- oder Einrichtungsgeb\u00fchren, und es fallen auch keine zus\u00e4tzlichen Geb\u00fchren f\u00fcr beispielsweise ausl\u00e4ndische Kreditkarten an. Pro Transaktion zahlst du in den Niederlanden 1,90\u00a0%, in Deutschland 1,39\u00a0% und in Belgien 1,69\u00a0% Transaktionsgeb\u00fchren. Dein Geld wird dir 2-3 Mal pro Woche auf deinem Bankkonto gutgeschrieben, ohne dass zus\u00e4tzliche Kosten anfallen.<\/p>\n","protected":false},"excerpt":{"rendered":"<p>Mit dem SumUp Solo 4G Mobilen Kartenleseger\u00e4t + Ladestation mit Drucker k\u00f6nnen deine Kunden \u00fcberall schnell und einfach zahlen und erhalten sofort eine Quittung. Dank der integrierten SIM-Karte ben\u00f6tigst du kein Smartphone, um dein Kartenleseger\u00e4t zu verwenden und stellst von \u00fcberall aus eine Internetverbindung her. Mit SumUp gibt es kein aufwendiges Authentifizierungsverfahren und es besteht nicht die Notwendigkeit, irgendwelche Formulare auszuf\u00fcllen. Daher legst du sofort los. Du ben\u00f6tigst allerdings eine Handelsregisternummer. Gib einen Betrag auf dem Touchscreen ein und lass die Kunden ihr eigenes Trinkgeld w\u00e4hlen. Anschlie\u00dfend bezahlen sie kontaktlos mit Girokarte, Kreditkarte oder ihrem Smartphone. Du zahlst keine festen Abonnement- oder Einrichtungsgeb\u00fchren, und es fallen auch keine zus\u00e4tzlichen Geb\u00fchren f\u00fcr beispielsweise ausl\u00e4ndische Kreditkarten an. Pro Transaktion zahlst du in den Niederlanden 1,90\u00a0%, in Deutschland 1,39\u00a0% und in Belgien 1,69\u00a0% Transaktionsgeb\u00fchren. Dein Geld wird dir 2-3 Mal pro Woche auf deinem Bankkonto gutgeschrieben, ohne dass zus\u00e4tzliche Kosten anfallen.<\/p>\n","protected":false},"featured_media":0,"comment_status":"closed","ping_status":"open","template":"","meta":{"_acf_changed":false},"brand":[2919],"product_brand":[],"product_cat":[2920],"product_tag":[2921],"class_list":{"0":"post-76668","1":"product","2":"type-product","3":"status-publish","5":"brand-sumup","6":"product_cat-mobile-kartenlesegerte","7":"product_tag-mobiele-pinautomaten","8":"pa_condition-new","9":"pa_coolblue-de-verzending-morgen-gratis-geliefert","10":"pa_ean-13796","11":"pa_mpn-13797","13":"first","14":"instock","15":"product-type-external"},"acf":[],"_links":{"self":[{"href":"https:\/\/onlinehardwareshop.de\/index.php\/wp-json\/wp\/v2\/product\/76668","targetHints":{"allow":["GET"]}}],"collection":[{"href":"https:\/\/onlinehardwareshop.de\/index.php\/wp-json\/wp\/v2\/product"}],"about":[{"href":"https:\/\/onlinehardwareshop.de\/index.php\/wp-json\/wp\/v2\/types\/product"}],"replies":[{"embeddable":true,"href":"https:\/\/onlinehardwareshop.de\/index.php\/wp-json\/wp\/v2\/comments?post=76668"}],"wp:attachment":[{"href":"https:\/\/onlinehardwareshop.de\/index.php\/wp-json\/wp\/v2\/media?parent=76668"}],"wp:term":[{"taxonomy":"brand","embeddable":true,"href":"https:\/\/onlinehardwareshop.de\/index.php\/wp-json\/wp\/v2\/brand?post=76668"},{"taxonomy":"product_brand","embeddable":true,"href":"https:\/\/onlinehardwareshop.de\/index.php\/wp-json\/wp\/v2\/product_brand?post=76668"},{"taxonomy":"product_cat","embeddable":true,"href":"https:\/\/onlinehardwareshop.de\/index.php\/wp-json\/wp\/v2\/product_cat?post=76668"},{"taxonomy":"product_tag","embeddable":true,"href":"https:\/\/onlinehardwareshop.de\/index.php\/wp-json\/wp\/v2\/product_tag?post=76668"}],"curies":[{"name":"wp","href":"https:\/\/api.w.org\/{rel}","templated":true}]}}