{"id":76524,"date":"2024-10-18T23:34:52","date_gmt":"2024-10-18T23:34:52","guid":{"rendered":"https:\/\/onlinehardwareshop.de\/index.php\/produkt\/bluebuilt-heizkrperverstrker-erweiterungsset-2\/"},"modified":"2025-05-14T07:40:08","modified_gmt":"2025-05-14T07:40:08","slug":"bluebuilt-heizkrperverstrker-erweiterungsset","status":"publish","type":"product","link":"https:\/\/onlinehardwareshop.de\/index.php\/produkt\/bluebuilt-heizkrperverstrker-erweiterungsset\/","title":{"rendered":"BlueBuilt Heizk&#xF6;rperverst&#xE4;rker Erweiterungsset"},"content":{"rendered":"<p>Mit dem BlueBuilt Heizk\u00f6rperverst\u00e4rker Erweiterungsset l\u00e4sst sich das Mono-Set erweitern. Hierzu kann man bis zu zehn Heizk\u00f6rperverst\u00e4rker miteinander verbinden. Die Anzahl der ben\u00f6tigten Heizk\u00f6rperverst\u00e4rker h\u00e4ngt von der L\u00e4nge des Radiators ab. Ein Heizk\u00f6rperverst\u00e4rker beschl\u00e4gt 50\u00a0cm. Ist deine Heizung also zum Beispiel 100\u00a0cm lang? Dann passen zwei Heizk\u00f6rperverst\u00e4rker drauf. Zum Lieferumfang dieses Erweiterungssets geh\u00f6rt kein Steckernetzteil. Somit l\u00e4sst es sich ausschlie\u00dflich in Kombination mit dem Mono-Set verwenden.<\/p>\n","protected":false},"excerpt":{"rendered":"<p>Mit dem BlueBuilt Heizk\u00f6rperverst\u00e4rker Erweiterungsset l\u00e4sst sich das Mono-Set erweitern. Hierzu kann man bis zu zehn Heizk\u00f6rperverst\u00e4rker miteinander verbinden. Die Anzahl der ben\u00f6tigten Heizk\u00f6rperverst\u00e4rker h\u00e4ngt von der L\u00e4nge des Radiators ab. Ein Heizk\u00f6rperverst\u00e4rker beschl\u00e4gt 50\u00a0cm. Ist deine Heizung also zum Beispiel 100\u00a0cm lang? Dann passen zwei Heizk\u00f6rperverst\u00e4rker drauf. Zum Lieferumfang dieses Erweiterungssets geh\u00f6rt kein Steckernetzteil. Somit l\u00e4sst es sich ausschlie\u00dflich in Kombination mit dem Mono-Set verwenden.<\/p>\n","protected":false},"featured_media":0,"comment_status":"closed","ping_status":"open","template":"","meta":{"_acf_changed":false},"brand":[5893],"product_brand":[],"product_cat":[8654],"product_tag":[8655],"class_list":{"0":"post-76524","1":"product","2":"type-product","3":"status-publish","5":"brand-bluebuilt","6":"product_cat-heizkrperverstrker","7":"product_tag-radiatorventilatoren","8":"pa_condition-new","9":"pa_coolblue-de-verzending-morgen-gratis-geliefert","10":"pa_ean-13502","11":"pa_mpn-bbrvesw01","13":"first","14":"instock","15":"product-type-external"},"acf":[],"_links":{"self":[{"href":"https:\/\/onlinehardwareshop.de\/index.php\/wp-json\/wp\/v2\/product\/76524","targetHints":{"allow":["GET"]}}],"collection":[{"href":"https:\/\/onlinehardwareshop.de\/index.php\/wp-json\/wp\/v2\/product"}],"about":[{"href":"https:\/\/onlinehardwareshop.de\/index.php\/wp-json\/wp\/v2\/types\/product"}],"replies":[{"embeddable":true,"href":"https:\/\/onlinehardwareshop.de\/index.php\/wp-json\/wp\/v2\/comments?post=76524"}],"wp:attachment":[{"href":"https:\/\/onlinehardwareshop.de\/index.php\/wp-json\/wp\/v2\/media?parent=76524"}],"wp:term":[{"taxonomy":"brand","embeddable":true,"href":"https:\/\/onlinehardwareshop.de\/index.php\/wp-json\/wp\/v2\/brand?post=76524"},{"taxonomy":"product_brand","embeddable":true,"href":"https:\/\/onlinehardwareshop.de\/index.php\/wp-json\/wp\/v2\/product_brand?post=76524"},{"taxonomy":"product_cat","embeddable":true,"href":"https:\/\/onlinehardwareshop.de\/index.php\/wp-json\/wp\/v2\/product_cat?post=76524"},{"taxonomy":"product_tag","embeddable":true,"href":"https:\/\/onlinehardwareshop.de\/index.php\/wp-json\/wp\/v2\/product_tag?post=76524"}],"curies":[{"name":"wp","href":"https:\/\/api.w.org\/{rel}","templated":true}]}}