{"id":76505,"date":"2024-11-24T18:29:11","date_gmt":"2024-11-24T18:29:11","guid":{"rendered":"https:\/\/onlinehardwareshop.de\/index.php\/produkt\/krcher-k3-power-control-home-bike-set-2\/"},"modified":"2025-05-14T07:38:29","modified_gmt":"2025-05-14T07:38:29","slug":"krcher-k3-power-control-home-bike-set","status":"publish","type":"product","link":"https:\/\/onlinehardwareshop.de\/index.php\/produkt\/krcher-k3-power-control-home-bike-set\/","title":{"rendered":"K&#xE4;rcher K3 Power Control Home &#038; Bike Set"},"content":{"rendered":"<p>Mit dem K\u00e4rcher K3 Power Control Home &#038; Bike Set, dem Komplettset f\u00fcr all deine Reinigungsarbeiten, erleichterst du dir das Putzen. Dank des mitgelieferten Zubeh\u00f6rs bist du bestens f\u00fcr jede Aufgabe ger\u00fcstet, vom Abspritzen deines Motorrads oder Fahrrads bis zum Saubermachen deiner Terrasse. Dieser Hochdruckreiniger bietet dir durch den einstellbaren Wasserdruck von bis zu 120 bar und einem Wasserdurchfluss von 360 Litern pro Stunde vollst\u00e4ndige Kontrolle. Der Teleskopstiel sorgt f\u00fcr eine bequeme Arbeitshaltung, der lange Griff und die robusten R\u00e4der erm\u00f6glichen dir, das Ger\u00e4t m\u00fchelos zu bewegen, sodass du schnell am n\u00e4chsten Einsatzort bist.<\/p>\n","protected":false},"excerpt":{"rendered":"<p>Mit dem K\u00e4rcher K3 Power Control Home &#038; Bike Set, dem Komplettset f\u00fcr all deine Reinigungsarbeiten, erleichterst du dir das Putzen. Dank des mitgelieferten Zubeh\u00f6rs bist du bestens f\u00fcr jede Aufgabe ger\u00fcstet, vom Abspritzen deines Motorrads oder Fahrrads bis zum Saubermachen deiner Terrasse. Dieser Hochdruckreiniger bietet dir durch den einstellbaren Wasserdruck von bis zu 120 bar und einem Wasserdurchfluss von 360 Litern pro Stunde vollst\u00e4ndige Kontrolle. Der Teleskopstiel sorgt f\u00fcr eine bequeme Arbeitshaltung, der lange Griff und die robusten R\u00e4der erm\u00f6glichen dir, das Ger\u00e4t m\u00fchelos zu bewegen, sodass du schnell am n\u00e4chsten Einsatzort bist.<\/p>\n","protected":false},"featured_media":0,"comment_status":"closed","ping_status":"open","template":"","meta":{"_acf_changed":false},"brand":[294],"product_brand":[],"product_cat":[2722],"product_tag":[2723],"class_list":{"0":"post-76505","1":"product","2":"type-product","3":"status-publish","5":"brand-karcher","6":"product_cat-hochdruckreiniger","7":"product_tag-hogedrukreinigers","8":"pa_condition-new","9":"pa_coolblue-de-verzending-morgen-gratis-geliefert","10":"pa_ean-13443","12":"first","13":"instock","14":"product-type-external"},"acf":[],"_links":{"self":[{"href":"https:\/\/onlinehardwareshop.de\/index.php\/wp-json\/wp\/v2\/product\/76505","targetHints":{"allow":["GET"]}}],"collection":[{"href":"https:\/\/onlinehardwareshop.de\/index.php\/wp-json\/wp\/v2\/product"}],"about":[{"href":"https:\/\/onlinehardwareshop.de\/index.php\/wp-json\/wp\/v2\/types\/product"}],"replies":[{"embeddable":true,"href":"https:\/\/onlinehardwareshop.de\/index.php\/wp-json\/wp\/v2\/comments?post=76505"}],"wp:attachment":[{"href":"https:\/\/onlinehardwareshop.de\/index.php\/wp-json\/wp\/v2\/media?parent=76505"}],"wp:term":[{"taxonomy":"brand","embeddable":true,"href":"https:\/\/onlinehardwareshop.de\/index.php\/wp-json\/wp\/v2\/brand?post=76505"},{"taxonomy":"product_brand","embeddable":true,"href":"https:\/\/onlinehardwareshop.de\/index.php\/wp-json\/wp\/v2\/product_brand?post=76505"},{"taxonomy":"product_cat","embeddable":true,"href":"https:\/\/onlinehardwareshop.de\/index.php\/wp-json\/wp\/v2\/product_cat?post=76505"},{"taxonomy":"product_tag","embeddable":true,"href":"https:\/\/onlinehardwareshop.de\/index.php\/wp-json\/wp\/v2\/product_tag?post=76505"}],"curies":[{"name":"wp","href":"https:\/\/api.w.org\/{rel}","templated":true}]}}