{"id":76490,"date":"2024-11-22T07:11:15","date_gmt":"2024-11-22T07:11:15","guid":{"rendered":"https:\/\/onlinehardwareshop.de\/index.php\/produkt\/bosch-professional-gst-18v-125-b-ohne-akku-3\/"},"modified":"2025-05-14T07:36:50","modified_gmt":"2025-05-14T07:36:50","slug":"bosch-professional-gst-18v-125-b-ohne-akku","status":"publish","type":"product","link":"https:\/\/onlinehardwareshop.de\/index.php\/produkt\/bosch-professional-gst-18v-125-b-ohne-akku\/","title":{"rendered":"Bosch Professional GST 18V-125 B (ohne Akku)"},"content":{"rendered":"<p>Die Bosch Professional GST 18V-125 B (ohne Akku) ist eine leistungsstarke akkubetriebene Stichs\u00e4ge. Hiermit lassen sich Holzbretter abl\u00e4ngen, auch wenn keine Steckdose in der N\u00e4he ist. Die S\u00e4getiefe in Holz betr\u00e4gt bis zu 125\u00a0mm. Dank der H\u00f6chstgeschwindigkeit von 3.500 H\u00fcben pro Minute gelingen schnelle und gerade S\u00e4geschnitte. Die GST 18V-125 B bietet vier verschiedene Pendelhubstufen. Somit kann man die Einstellung der Maschine noch exakter an die unterschiedlichen S\u00e4gearbeiten anpassen. Anhand des mitgelieferten Staubsaugeradapters l\u00e4sst sich ein Industriestaubsauger anschlie\u00dfen. Diese Stichs\u00e4ge wird von einem Akku des Bosch Professional 18V System Akkusystems betrieben. Hast du bereits einen solchen Akku im Haus? Dann kannst du diesen auch f\u00fcr diese Stichs\u00e4ge einsetzen.<\/p>\n","protected":false},"excerpt":{"rendered":"<p>Die Bosch Professional GST 18V-125 B (ohne Akku) ist eine leistungsstarke akkubetriebene Stichs\u00e4ge. Hiermit lassen sich Holzbretter abl\u00e4ngen, auch wenn keine Steckdose in der N\u00e4he ist. Die S\u00e4getiefe in Holz betr\u00e4gt bis zu 125\u00a0mm. Dank der H\u00f6chstgeschwindigkeit von 3.500 H\u00fcben pro Minute gelingen schnelle und gerade S\u00e4geschnitte. Die GST 18V-125 B bietet vier verschiedene Pendelhubstufen. Somit kann man die Einstellung der Maschine noch exakter an die unterschiedlichen S\u00e4gearbeiten anpassen. Anhand des mitgelieferten Staubsaugeradapters l\u00e4sst sich ein Industriestaubsauger anschlie\u00dfen. Diese Stichs\u00e4ge wird von einem Akku des Bosch Professional 18V System Akkusystems betrieben. Hast du bereits einen solchen Akku im Haus? Dann kannst du diesen auch f\u00fcr diese Stichs\u00e4ge einsetzen.<\/p>\n","protected":false},"featured_media":0,"comment_status":"closed","ping_status":"open","template":"","meta":{"_acf_changed":false},"brand":[332],"product_brand":[],"product_cat":[43],"product_tag":[2773],"class_list":{"0":"post-76490","1":"product","2":"type-product","3":"status-publish","5":"brand-bosch-professional","6":"product_cat-stichsgen","7":"product_tag-accu-decoupeerzagen","8":"pa_condition-new","9":"pa_coolblue-de-verzending-morgen-gratis-geliefert","10":"pa_ean-13411","11":"pa_mpn-06015b3001","13":"first","14":"instock","15":"product-type-external"},"acf":[],"_links":{"self":[{"href":"https:\/\/onlinehardwareshop.de\/index.php\/wp-json\/wp\/v2\/product\/76490","targetHints":{"allow":["GET"]}}],"collection":[{"href":"https:\/\/onlinehardwareshop.de\/index.php\/wp-json\/wp\/v2\/product"}],"about":[{"href":"https:\/\/onlinehardwareshop.de\/index.php\/wp-json\/wp\/v2\/types\/product"}],"replies":[{"embeddable":true,"href":"https:\/\/onlinehardwareshop.de\/index.php\/wp-json\/wp\/v2\/comments?post=76490"}],"wp:attachment":[{"href":"https:\/\/onlinehardwareshop.de\/index.php\/wp-json\/wp\/v2\/media?parent=76490"}],"wp:term":[{"taxonomy":"brand","embeddable":true,"href":"https:\/\/onlinehardwareshop.de\/index.php\/wp-json\/wp\/v2\/brand?post=76490"},{"taxonomy":"product_brand","embeddable":true,"href":"https:\/\/onlinehardwareshop.de\/index.php\/wp-json\/wp\/v2\/product_brand?post=76490"},{"taxonomy":"product_cat","embeddable":true,"href":"https:\/\/onlinehardwareshop.de\/index.php\/wp-json\/wp\/v2\/product_cat?post=76490"},{"taxonomy":"product_tag","embeddable":true,"href":"https:\/\/onlinehardwareshop.de\/index.php\/wp-json\/wp\/v2\/product_tag?post=76490"}],"curies":[{"name":"wp","href":"https:\/\/api.w.org\/{rel}","templated":true}]}}