{"id":76453,"date":"2025-03-31T05:39:18","date_gmt":"2025-03-31T05:39:18","guid":{"rendered":"https:\/\/onlinehardwareshop.de\/index.php\/produkt\/kobo-elipsa-2e-sleep-cover-schwarz-2\/"},"modified":"2025-05-14T07:33:33","modified_gmt":"2025-05-14T07:33:33","slug":"kobo-elipsa-2e-sleep-cover-schwarz","status":"publish","type":"product","link":"https:\/\/onlinehardwareshop.de\/index.php\/produkt\/kobo-elipsa-2e-sleep-cover-schwarz\/","title":{"rendered":"Kobo Elipsa 2E Sleep Cover Schwarz"},"content":{"rendered":"<p>Der Kobo Elipsa 2E Sleep Cover Schwarz sorgt daf\u00fcr, dass dein eBook-Reader so lange wie m\u00f6glich wie neu aussieht. Mit dem Sleep Cover mit Magnetverschluss sch\u00fctzt du die Vorder- und R\u00fcckseite vor Schmutz und Kratzern. So kannst du deinen eBook-Reader unbesorgt zusammen mit deinen Schl\u00fcsseln in die gleiche Tasche stecken. Wenn du die H\u00fclle \u00f6ffnest, springt dein eBook-Reader sofort an. Hast du genug gelesen? Wenn du die H\u00fclle wieder zuklappst, wechselt dein eBook-Reader in den Ruhemodus. Der Akku h\u00e4lt dadurch l\u00e4nger durch und du kannst l\u00e4nger lesen. Den Stylus kannst du in der H\u00fclle verstauen. Das ist praktisch, denn so verlierst du ihn nicht so leicht.<\/p>\n","protected":false},"excerpt":{"rendered":"<p>Der Kobo Elipsa 2E Sleep Cover Schwarz sorgt daf\u00fcr, dass dein eBook-Reader so lange wie m\u00f6glich wie neu aussieht. Mit dem Sleep Cover mit Magnetverschluss sch\u00fctzt du die Vorder- und R\u00fcckseite vor Schmutz und Kratzern. So kannst du deinen eBook-Reader unbesorgt zusammen mit deinen Schl\u00fcsseln in die gleiche Tasche stecken. Wenn du die H\u00fclle \u00f6ffnest, springt dein eBook-Reader sofort an. Hast du genug gelesen? Wenn du die H\u00fclle wieder zuklappst, wechselt dein eBook-Reader in den Ruhemodus. Der Akku h\u00e4lt dadurch l\u00e4nger durch und du kannst l\u00e4nger lesen. Den Stylus kannst du in der H\u00fclle verstauen. Das ist praktisch, denn so verlierst du ihn nicht so leicht.<\/p>\n","protected":false},"featured_media":0,"comment_status":"closed","ping_status":"open","template":"","meta":{"_acf_changed":false},"brand":[8608],"product_brand":[],"product_cat":[13328],"product_tag":[13329],"class_list":{"0":"post-76453","1":"product","2":"type-product","3":"status-publish","5":"brand-kobo","6":"product_cat-hllen-fr-ebook-reader","7":"product_tag-cases-e-readers","8":"pa_condition-new","9":"pa_coolblue-de-verzending-morgen-gratis-geliefert","10":"pa_ean-13326","11":"pa_mpn-n605-ac-bk-e-pu","13":"first","14":"instock","15":"product-type-external"},"acf":[],"_links":{"self":[{"href":"https:\/\/onlinehardwareshop.de\/index.php\/wp-json\/wp\/v2\/product\/76453","targetHints":{"allow":["GET"]}}],"collection":[{"href":"https:\/\/onlinehardwareshop.de\/index.php\/wp-json\/wp\/v2\/product"}],"about":[{"href":"https:\/\/onlinehardwareshop.de\/index.php\/wp-json\/wp\/v2\/types\/product"}],"replies":[{"embeddable":true,"href":"https:\/\/onlinehardwareshop.de\/index.php\/wp-json\/wp\/v2\/comments?post=76453"}],"wp:attachment":[{"href":"https:\/\/onlinehardwareshop.de\/index.php\/wp-json\/wp\/v2\/media?parent=76453"}],"wp:term":[{"taxonomy":"brand","embeddable":true,"href":"https:\/\/onlinehardwareshop.de\/index.php\/wp-json\/wp\/v2\/brand?post=76453"},{"taxonomy":"product_brand","embeddable":true,"href":"https:\/\/onlinehardwareshop.de\/index.php\/wp-json\/wp\/v2\/product_brand?post=76453"},{"taxonomy":"product_cat","embeddable":true,"href":"https:\/\/onlinehardwareshop.de\/index.php\/wp-json\/wp\/v2\/product_cat?post=76453"},{"taxonomy":"product_tag","embeddable":true,"href":"https:\/\/onlinehardwareshop.de\/index.php\/wp-json\/wp\/v2\/product_tag?post=76453"}],"curies":[{"name":"wp","href":"https:\/\/api.w.org\/{rel}","templated":true}]}}