{"id":76298,"date":"2024-08-26T21:44:49","date_gmt":"2024-08-26T21:44:49","guid":{"rendered":"https:\/\/onlinehardwareshop.de\/index.php\/produkt\/canon-maxify-gx4050-2\/"},"modified":"2025-05-14T07:20:27","modified_gmt":"2025-05-14T07:20:27","slug":"canon-maxify-gx4050","status":"publish","type":"product","link":"https:\/\/onlinehardwareshop.de\/index.php\/produkt\/canon-maxify-gx4050\/","title":{"rendered":"Canon MAXIFY GX4050"},"content":{"rendered":"<p>Mit dem Canon MAXIFY GX4050 4-in-1-Tintenstrahldrucker kannst du in deinem Homeoffice oder im kleinen B\u00fcro drucken, scannen, kopieren und faxen. Spare dank der Tintentanks, die mittels Tintenflaschen aufgef\u00fcllt werden, an den Druckkosten. Mit einem Satz Tintenflaschen lassen sich 14.000 Farbseiten und 6.000 Seiten in Schwarz-Wei\u00df drucken. Scannst oder kopierst du regelm\u00e4\u00dfig ein gro\u00dfes Dokument? Das geschieht mit dem MAXIFY GX4050 automatisch einseitig, sodass du Zeit sparst. Dieser Drucker hat eine Druckaufl\u00f6sung von 600 mal 1.200 dpi. Damit lassen sich vor allem Texte, Tabellen und Grafiken ausdrucken. Versende deine Druckauftr\u00e4ge kabellos vom Schreibtisch aus mit WiFi Direct. Damit verbindest du deinen PC direkt mit dem Drucker, ganz ohne Router.<\/p>\n","protected":false},"excerpt":{"rendered":"<p>Mit dem Canon MAXIFY GX4050 4-in-1-Tintenstrahldrucker kannst du in deinem Homeoffice oder im kleinen B\u00fcro drucken, scannen, kopieren und faxen. Spare dank der Tintentanks, die mittels Tintenflaschen aufgef\u00fcllt werden, an den Druckkosten. Mit einem Satz Tintenflaschen lassen sich 14.000 Farbseiten und 6.000 Seiten in Schwarz-Wei\u00df drucken. Scannst oder kopierst du regelm\u00e4\u00dfig ein gro\u00dfes Dokument? Das geschieht mit dem MAXIFY GX4050 automatisch einseitig, sodass du Zeit sparst. Dieser Drucker hat eine Druckaufl\u00f6sung von 600 mal 1.200 dpi. Damit lassen sich vor allem Texte, Tabellen und Grafiken ausdrucken. Versende deine Druckauftr\u00e4ge kabellos vom Schreibtisch aus mit WiFi Direct. Damit verbindest du deinen PC direkt mit dem Drucker, ganz ohne Router.<\/p>\n","protected":false},"featured_media":0,"comment_status":"closed","ping_status":"open","template":"","meta":{"_acf_changed":false},"brand":[61],"product_brand":[],"product_cat":[2205],"product_tag":[4745],"class_list":{"0":"post-76298","1":"product","2":"type-product","3":"status-publish","5":"brand-canon","6":"product_cat-drucker","7":"product_tag-inkttank-printers","8":"pa_condition-new","9":"pa_coolblue-de-verzending-morgen-gratis-geliefert","10":"pa_ean-13002","11":"pa_mpn-5779c006aa","13":"first","14":"instock","15":"product-type-external"},"acf":[],"_links":{"self":[{"href":"https:\/\/onlinehardwareshop.de\/index.php\/wp-json\/wp\/v2\/product\/76298","targetHints":{"allow":["GET"]}}],"collection":[{"href":"https:\/\/onlinehardwareshop.de\/index.php\/wp-json\/wp\/v2\/product"}],"about":[{"href":"https:\/\/onlinehardwareshop.de\/index.php\/wp-json\/wp\/v2\/types\/product"}],"replies":[{"embeddable":true,"href":"https:\/\/onlinehardwareshop.de\/index.php\/wp-json\/wp\/v2\/comments?post=76298"}],"wp:attachment":[{"href":"https:\/\/onlinehardwareshop.de\/index.php\/wp-json\/wp\/v2\/media?parent=76298"}],"wp:term":[{"taxonomy":"brand","embeddable":true,"href":"https:\/\/onlinehardwareshop.de\/index.php\/wp-json\/wp\/v2\/brand?post=76298"},{"taxonomy":"product_brand","embeddable":true,"href":"https:\/\/onlinehardwareshop.de\/index.php\/wp-json\/wp\/v2\/product_brand?post=76298"},{"taxonomy":"product_cat","embeddable":true,"href":"https:\/\/onlinehardwareshop.de\/index.php\/wp-json\/wp\/v2\/product_cat?post=76298"},{"taxonomy":"product_tag","embeddable":true,"href":"https:\/\/onlinehardwareshop.de\/index.php\/wp-json\/wp\/v2\/product_tag?post=76298"}],"curies":[{"name":"wp","href":"https:\/\/api.w.org\/{rel}","templated":true}]}}