{"id":76093,"date":"2024-11-14T08:45:32","date_gmt":"2024-11-14T08:45:32","guid":{"rendered":"https:\/\/onlinehardwareshop.de\/index.php\/produkt\/apple-macbook-pro-14-2023-m2-max-12-core-cpu-30-core-gpu-32gb-1tb-silber-qwertz-2\/"},"modified":"2025-05-14T07:02:21","modified_gmt":"2025-05-14T07:02:21","slug":"apple-macbook-pro-14-2023-m2-max-12-core-cpu-30-core-gpu-32gb-1tb-silber-qwertz","status":"publish","type":"product","link":"https:\/\/onlinehardwareshop.de\/index.php\/produkt\/apple-macbook-pro-14-2023-m2-max-12-core-cpu-30-core-gpu-32gb-1tb-silber-qwertz\/","title":{"rendered":"Apple MacBook Pro 14&#34; (2023) M2 Max (12 Core CPU \/ 30 Core GPU) 32GB\/1TB Silber QWERTZ"},"content":{"rendered":"<p>Mit dem Apple MacBook Pro 14\u00a0Zoll (2023) M2 Max (12 Core CPU \/ 30 Core Grafikprozessor) 32\u00a0GB \/ 1\u00a0TB Silber bearbeitest du komplexe 3D-Dateien und entwickelst Anwendungen in anspruchsvollen Programmen wie Xcode. Mit 30 Grafikkernen reagieren professionelle Anwendungen und anspruchsvolle Grafikaufgaben schnell. W\u00e4hrend deine Videos gerendert werden, arbeitest du dank des 32\u00a0Gigabyte gro\u00dfen Arbeitsspeichers reibungslos weiter. Auf dem Liquid Retina XDR Display mit 1.000\u00a0Nits siehst du zudem naturgetreue Farben und jedes Detail. Brauchst du noch mehr Bildschirmfl\u00e4che? Dann schlie\u00dfe bis zu vier Bildschirme an, um deine Arbeit zu verteilen. Zudem wiegt dieses MacBook nur 1,6\u00a0kg, sodass es sich leicht transportieren l\u00e4sst. Vergisst du schnell deine Passw\u00f6rter? Mit Touch ID meldest du dich mit deinem Fingerabdruck an, ohne ein Kennwort einzugeben.  Beratung von unserem Apple-Experten Internet, E-Mail und Textverarbeitung: geeignet Filme und Serien ansehen: geeignet Fotobearbeitung: geeignet Videobearbeitung: geeignet 3D-Entw\u00fcrfe erstellen und rendern: geeignet Apps in Xcode entwickeln: geeignet Gaming: m\u00f6glich, aber vor allem Low-End-Games. Alle Games von Apple Arcade eignen sich schon.  Einen Tag nach dem Kauf erh\u00e4ltst du eine E-Mail mit einem pers\u00f6nlichen Vouchercode f\u00fcr ein Jahr gratis Norton 360 Deluxe Antivirus.<\/p>\n","protected":false},"excerpt":{"rendered":"<p>Mit dem Apple MacBook Pro 14\u00a0Zoll (2023) M2 Max (12 Core CPU \/ 30 Core Grafikprozessor) 32\u00a0GB \/ 1\u00a0TB Silber bearbeitest du komplexe 3D-Dateien und entwickelst Anwendungen in anspruchsvollen Programmen wie Xcode. Mit 30 Grafikkernen reagieren professionelle Anwendungen und anspruchsvolle Grafikaufgaben schnell. W\u00e4hrend deine Videos gerendert werden, arbeitest du dank des 32\u00a0Gigabyte gro\u00dfen Arbeitsspeichers reibungslos weiter. Auf dem Liquid Retina XDR Display mit 1.000\u00a0Nits siehst du zudem naturgetreue Farben und jedes Detail. Brauchst du noch mehr Bildschirmfl\u00e4che? Dann schlie\u00dfe bis zu vier Bildschirme an, um deine Arbeit zu verteilen. Zudem wiegt dieses MacBook nur 1,6\u00a0kg, sodass es sich leicht transportieren l\u00e4sst. Vergisst du schnell deine Passw\u00f6rter? Mit Touch ID meldest du dich mit deinem Fingerabdruck an, ohne ein Kennwort einzugeben.  Beratung von unserem Apple-Experten Internet, E-Mail und Textverarbeitung: geeignet Filme und Serien ansehen: geeignet Fotobearbeitung: geeignet Videobearbeitung: geeignet 3D-Entw\u00fcrfe erstellen und rendern: geeignet Apps in Xcode entwickeln: geeignet Gaming: m\u00f6glich, aber vor allem Low-End-Games. Alle Games von Apple Arcade eignen sich schon.  Einen Tag nach dem Kauf erh\u00e4ltst du eine E-Mail mit einem pers\u00f6nlichen Vouchercode f\u00fcr ein Jahr gratis Norton 360 Deluxe Antivirus.<\/p>\n","protected":false},"featured_media":0,"comment_status":"closed","ping_status":"open","template":"","meta":{"_acf_changed":false},"brand":[148],"product_brand":[],"product_cat":[8884],"product_tag":[8885],"class_list":{"0":"post-76093","1":"product","2":"type-product","3":"status-publish","5":"brand-apple","6":"product_cat-laptops","7":"product_tag-macbooks-qwertz","8":"pa_condition-new","9":"pa_coolblue-de-verzending-morgen-gratis-geliefert","10":"pa_ean-12613","11":"pa_mpn-mphk3d-a","13":"first","14":"instock","15":"product-type-external"},"acf":[],"_links":{"self":[{"href":"https:\/\/onlinehardwareshop.de\/index.php\/wp-json\/wp\/v2\/product\/76093","targetHints":{"allow":["GET"]}}],"collection":[{"href":"https:\/\/onlinehardwareshop.de\/index.php\/wp-json\/wp\/v2\/product"}],"about":[{"href":"https:\/\/onlinehardwareshop.de\/index.php\/wp-json\/wp\/v2\/types\/product"}],"replies":[{"embeddable":true,"href":"https:\/\/onlinehardwareshop.de\/index.php\/wp-json\/wp\/v2\/comments?post=76093"}],"wp:attachment":[{"href":"https:\/\/onlinehardwareshop.de\/index.php\/wp-json\/wp\/v2\/media?parent=76093"}],"wp:term":[{"taxonomy":"brand","embeddable":true,"href":"https:\/\/onlinehardwareshop.de\/index.php\/wp-json\/wp\/v2\/brand?post=76093"},{"taxonomy":"product_brand","embeddable":true,"href":"https:\/\/onlinehardwareshop.de\/index.php\/wp-json\/wp\/v2\/product_brand?post=76093"},{"taxonomy":"product_cat","embeddable":true,"href":"https:\/\/onlinehardwareshop.de\/index.php\/wp-json\/wp\/v2\/product_cat?post=76093"},{"taxonomy":"product_tag","embeddable":true,"href":"https:\/\/onlinehardwareshop.de\/index.php\/wp-json\/wp\/v2\/product_tag?post=76093"}],"curies":[{"name":"wp","href":"https:\/\/api.w.org\/{rel}","templated":true}]}}