{"id":76065,"date":"2024-08-18T14:04:31","date_gmt":"2024-08-18T14:04:31","guid":{"rendered":"https:\/\/onlinehardwareshop.de\/index.php\/produkt\/dji-mic-1v1-2\/"},"modified":"2025-05-14T06:59:59","modified_gmt":"2025-05-14T06:59:59","slug":"dji-mic-1v1","status":"publish","type":"product","link":"https:\/\/onlinehardwareshop.de\/index.php\/produkt\/dji-mic-1v1\/","title":{"rendered":"DJI Mic 1V1"},"content":{"rendered":"<p>Befestige das DJI MIC 1V1 am Blitzschuh deiner Kamera, um die Tonqualit\u00e4t deiner Videos zu verbessern. Du kannst das Mikrofon auch an dein Handy anschlie\u00dfen und so ganz einfach Inhalte f\u00fcr Social Media aufnehmen. Aufgrund des geringen Gewichts von 35 Gramm eignet sich das Mikrofon gut, um es mit auf Reisen zu nehmen, was f\u00fcr Journalisten und Vlogger sehr praktisch ist. Sender und Empf\u00e4nger haben eine Reichweite von 250 Metern, sodass du w\u00e4hrend einer Aufnahme viel Bewegungsfreiheit hast. Mit diesem Set kannst du zum Beispiel ein Interview aufzeichnen. Der interne Speicher bietet Platz f\u00fcr 14 Stunden Audioaufnahmen. Somit kannst du das Mikrofon auch w\u00e4hrend eines langen Drehtages mitnehmen. \u00dcber den Touchscreen des Empf\u00e4ngers lassen sich die Einstellungen leicht anpassen.<\/p>\n","protected":false},"excerpt":{"rendered":"<p>Befestige das DJI MIC 1V1 am Blitzschuh deiner Kamera, um die Tonqualit\u00e4t deiner Videos zu verbessern. Du kannst das Mikrofon auch an dein Handy anschlie\u00dfen und so ganz einfach Inhalte f\u00fcr Social Media aufnehmen. Aufgrund des geringen Gewichts von 35 Gramm eignet sich das Mikrofon gut, um es mit auf Reisen zu nehmen, was f\u00fcr Journalisten und Vlogger sehr praktisch ist. Sender und Empf\u00e4nger haben eine Reichweite von 250 Metern, sodass du w\u00e4hrend einer Aufnahme viel Bewegungsfreiheit hast. Mit diesem Set kannst du zum Beispiel ein Interview aufzeichnen. Der interne Speicher bietet Platz f\u00fcr 14 Stunden Audioaufnahmen. Somit kannst du das Mikrofon auch w\u00e4hrend eines langen Drehtages mitnehmen. \u00dcber den Touchscreen des Empf\u00e4ngers lassen sich die Einstellungen leicht anpassen.<\/p>\n","protected":false},"featured_media":0,"comment_status":"closed","ping_status":"open","template":"","meta":{"_acf_changed":false},"brand":[3664],"product_brand":[],"product_cat":[1570],"product_tag":[1571],"class_list":{"0":"post-76065","1":"product","2":"type-product","3":"status-publish","5":"brand-dji","6":"product_cat-kameramikrofone","7":"product_tag-cameramicrofoons","8":"pa_condition-new","9":"pa_coolblue-de-verzending-morgen-gratis-geliefert","10":"pa_ean-29822","11":"pa_mpn-cp-rn-00000310-01","13":"first","14":"instock","15":"product-type-external"},"acf":[],"_links":{"self":[{"href":"https:\/\/onlinehardwareshop.de\/index.php\/wp-json\/wp\/v2\/product\/76065","targetHints":{"allow":["GET"]}}],"collection":[{"href":"https:\/\/onlinehardwareshop.de\/index.php\/wp-json\/wp\/v2\/product"}],"about":[{"href":"https:\/\/onlinehardwareshop.de\/index.php\/wp-json\/wp\/v2\/types\/product"}],"replies":[{"embeddable":true,"href":"https:\/\/onlinehardwareshop.de\/index.php\/wp-json\/wp\/v2\/comments?post=76065"}],"wp:attachment":[{"href":"https:\/\/onlinehardwareshop.de\/index.php\/wp-json\/wp\/v2\/media?parent=76065"}],"wp:term":[{"taxonomy":"brand","embeddable":true,"href":"https:\/\/onlinehardwareshop.de\/index.php\/wp-json\/wp\/v2\/brand?post=76065"},{"taxonomy":"product_brand","embeddable":true,"href":"https:\/\/onlinehardwareshop.de\/index.php\/wp-json\/wp\/v2\/product_brand?post=76065"},{"taxonomy":"product_cat","embeddable":true,"href":"https:\/\/onlinehardwareshop.de\/index.php\/wp-json\/wp\/v2\/product_cat?post=76065"},{"taxonomy":"product_tag","embeddable":true,"href":"https:\/\/onlinehardwareshop.de\/index.php\/wp-json\/wp\/v2\/product_tag?post=76065"}],"curies":[{"name":"wp","href":"https:\/\/api.w.org\/{rel}","templated":true}]}}