{"id":76001,"date":"2024-01-30T03:47:28","date_gmt":"2024-01-30T03:47:28","guid":{"rendered":"https:\/\/onlinehardwareshop.de\/index.php\/produkt\/canon-i-sensys-mf657cdw\/"},"modified":"2025-05-14T06:54:02","modified_gmt":"2025-05-14T06:54:02","slug":"canon-i-sensys-mf657cdw","status":"publish","type":"product","link":"https:\/\/onlinehardwareshop.de\/index.php\/produkt\/canon-i-sensys-mf657cdw\/","title":{"rendered":"Canon I-SENSYS MF657CDW"},"content":{"rendered":"<p>Mit dem Canon I-SENSYS MF657CDW kannst du drucken, scannen, kopieren und faxen. Dieser 4-in-1-Farblaserdrucker ist f\u00fcr ein kleines B\u00fcro geeignet. Das Ger\u00e4t druckt ungef\u00e4hr 21 Seiten pro Minute in Farbe, womit du viel Zeit sparen kannst. Au\u00dferdem erm\u00f6glicht der automatische Dokumenteneinzug das automatische Kopieren oder Scannen eines gro\u00dfen Papierstapels von bis zu 50 Blatt Papier, was praktisch ist zum Drucken von Handouts. M\u00f6chtest du dar\u00fcber hinaus Papier sparen? Dann drucke automatisch beidseitig. Deine Druckauftr\u00e4ge sendest du bequem kabellos \u00fcber WiFi Direct. Hiermit stellst du eine direkte Verbindung zwischen deinem Drucker und deinem Handy oder PC her. Dank der Druckaufl\u00f6sung von 1.200 x 1.200 dpi werden deine Texte und Tabellen scharf ausgedruckt. Die Bedienung des Druckers erfolgt \u00fcber den integrierten Touchscreen.<\/p>\n","protected":false},"excerpt":{"rendered":"<p>Mit dem Canon I-SENSYS MF657CDW kannst du drucken, scannen, kopieren und faxen. Dieser 4-in-1-Farblaserdrucker ist f\u00fcr ein kleines B\u00fcro geeignet. Das Ger\u00e4t druckt ungef\u00e4hr 21 Seiten pro Minute in Farbe, womit du viel Zeit sparen kannst. Au\u00dferdem erm\u00f6glicht der automatische Dokumenteneinzug das automatische Kopieren oder Scannen eines gro\u00dfen Papierstapels von bis zu 50 Blatt Papier, was praktisch ist zum Drucken von Handouts. M\u00f6chtest du dar\u00fcber hinaus Papier sparen? Dann drucke automatisch beidseitig. Deine Druckauftr\u00e4ge sendest du bequem kabellos \u00fcber WiFi Direct. Hiermit stellst du eine direkte Verbindung zwischen deinem Drucker und deinem Handy oder PC her. Dank der Druckaufl\u00f6sung von 1.200 x 1.200 dpi werden deine Texte und Tabellen scharf ausgedruckt. Die Bedienung des Druckers erfolgt \u00fcber den integrierten Touchscreen.<\/p>\n","protected":false},"featured_media":0,"comment_status":"closed","ping_status":"open","template":"","meta":{"_acf_changed":false},"brand":[61],"product_brand":[],"product_cat":[2205],"product_tag":[4823],"class_list":{"0":"post-76001","1":"product","2":"type-product","3":"status-publish","5":"brand-canon","6":"product_cat-drucker","7":"product_tag-laserprinters","8":"pa_condition-new","9":"pa_coolblue-de-verzending-morgen-gratis-geliefert","10":"pa_ean-12437","11":"pa_mpn-5158c001aa","13":"first","14":"instock","15":"product-type-external"},"acf":[],"_links":{"self":[{"href":"https:\/\/onlinehardwareshop.de\/index.php\/wp-json\/wp\/v2\/product\/76001","targetHints":{"allow":["GET"]}}],"collection":[{"href":"https:\/\/onlinehardwareshop.de\/index.php\/wp-json\/wp\/v2\/product"}],"about":[{"href":"https:\/\/onlinehardwareshop.de\/index.php\/wp-json\/wp\/v2\/types\/product"}],"replies":[{"embeddable":true,"href":"https:\/\/onlinehardwareshop.de\/index.php\/wp-json\/wp\/v2\/comments?post=76001"}],"wp:attachment":[{"href":"https:\/\/onlinehardwareshop.de\/index.php\/wp-json\/wp\/v2\/media?parent=76001"}],"wp:term":[{"taxonomy":"brand","embeddable":true,"href":"https:\/\/onlinehardwareshop.de\/index.php\/wp-json\/wp\/v2\/brand?post=76001"},{"taxonomy":"product_brand","embeddable":true,"href":"https:\/\/onlinehardwareshop.de\/index.php\/wp-json\/wp\/v2\/product_brand?post=76001"},{"taxonomy":"product_cat","embeddable":true,"href":"https:\/\/onlinehardwareshop.de\/index.php\/wp-json\/wp\/v2\/product_cat?post=76001"},{"taxonomy":"product_tag","embeddable":true,"href":"https:\/\/onlinehardwareshop.de\/index.php\/wp-json\/wp\/v2\/product_tag?post=76001"}],"curies":[{"name":"wp","href":"https:\/\/api.w.org\/{rel}","templated":true}]}}