{"id":75991,"date":"2025-03-05T13:58:29","date_gmt":"2025-03-05T13:58:29","guid":{"rendered":"https:\/\/onlinehardwareshop.de\/index.php\/produkt\/belkin-thunderbolt-4-pro-dock-2\/"},"modified":"2025-05-14T06:52:57","modified_gmt":"2025-05-14T06:52:57","slug":"belkin-thunderbolt-4-pro-dock","status":"publish","type":"product","link":"https:\/\/onlinehardwareshop.de\/index.php\/produkt\/belkin-thunderbolt-4-pro-dock\/","title":{"rendered":"Belkin Thunderbolt 4 Pro Dock"},"content":{"rendered":"<p>Vervollst\u00e4ndige deinen Arbeitsplatz mit dem Belkin Thunderbolt 4 Pro Dock. Diese Dockingstation arbeitet mit der leistungsstarken Thunderbolt-4-Technologie, womit du mehrere Monitore gleichzeitig an deinen Laptop anschlie\u00dfen kannst. Mit dieser Dockingstation kannst du deinen Laptop auf bis zu drei Monitore erweitern, abh\u00e4ngig vom Modell des Laptops. Dar\u00fcber hinaus stehen dir ausreichend USB-A- und USB-C-Anschl\u00fcsse f\u00fcr all deine Peripherieger\u00e4te zur Verf\u00fcgung, zum Beispiel eine Maus oder eine Tastatur. Ist deine kabellose Internetverbindung nicht stabil genug? Dann schlie\u00dfe ein Ethernetkabel an dieses Belkin Dock an und nutze das stabile kabelgebundene Internet. Mit dieser Dockingstation lassen sich dein Laptop und andere angeschlossene Ger\u00e4te gleichzeitig mit einer Ladekapazit\u00e4t von maximal 90 Watt aufladen. So brauchst du dich w\u00e4hrend der Arbeit nie mehr auf die Suche nach einer Steckdose zu machen.  Das Belkin Thunderbolt 4 Pro Dock funktioniert mit allen Windows-Laptops und MacBooks mit einem USB-C-Anschluss, der ein Videosignal senden kann. So \u00fcberpr\u00fcfst du, ob dein Laptop einen geeigneten USB-C-Anschluss hat.   Wie viele Monitore kann man h\u00f6chstens am Laptop anschlie\u00dfen? Windows-Laptop: 3 Monitore Apple MacBook ohne M1\/M2 Chip (bis einschlie\u00dflich 2020): 2 Monitore Apple MacBook mit M1\/M2 Chip: 1 Monitor Apple MacBook mit M1 Pro Chip: 2 Monitore Apple MacBook mit M1 Max Chip: 2 Monitore Apple iPad: 1 Monitor  Wenn du 1 Monitor an diese Dockingstation anschlie\u00dft, erreichst du eine maximale Aufl\u00f6sung von  4K bei 60 Hertz.  Wenn du 2 oder 3 Monitorean diese Dockingstation anschlie\u00dft, erreichst du eine maximale Aufl\u00f6sung von  4K bei 60 Hertz.<\/p>\n","protected":false},"excerpt":{"rendered":"<p>Vervollst\u00e4ndige deinen Arbeitsplatz mit dem Belkin Thunderbolt 4 Pro Dock. Diese Dockingstation arbeitet mit der leistungsstarken Thunderbolt-4-Technologie, womit du mehrere Monitore gleichzeitig an deinen Laptop anschlie\u00dfen kannst. Mit dieser Dockingstation kannst du deinen Laptop auf bis zu drei Monitore erweitern, abh\u00e4ngig vom Modell des Laptops. Dar\u00fcber hinaus stehen dir ausreichend USB-A- und USB-C-Anschl\u00fcsse f\u00fcr all deine Peripherieger\u00e4te zur Verf\u00fcgung, zum Beispiel eine Maus oder eine Tastatur. Ist deine kabellose Internetverbindung nicht stabil genug? Dann schlie\u00dfe ein Ethernetkabel an dieses Belkin Dock an und nutze das stabile kabelgebundene Internet. Mit dieser Dockingstation lassen sich dein Laptop und andere angeschlossene Ger\u00e4te gleichzeitig mit einer Ladekapazit\u00e4t von maximal 90 Watt aufladen. So brauchst du dich w\u00e4hrend der Arbeit nie mehr auf die Suche nach einer Steckdose zu machen.  Das Belkin Thunderbolt 4 Pro Dock funktioniert mit allen Windows-Laptops und MacBooks mit einem USB-C-Anschluss, der ein Videosignal senden kann. So \u00fcberpr\u00fcfst du, ob dein Laptop einen geeigneten USB-C-Anschluss hat.   Wie viele Monitore kann man h\u00f6chstens am Laptop anschlie\u00dfen? Windows-Laptop: 3 Monitore Apple MacBook ohne M1\/M2 Chip (bis einschlie\u00dflich 2020): 2 Monitore Apple MacBook mit M1\/M2 Chip: 1 Monitor Apple MacBook mit M1 Pro Chip: 2 Monitore Apple MacBook mit M1 Max Chip: 2 Monitore Apple iPad: 1 Monitor  Wenn du 1 Monitor an diese Dockingstation anschlie\u00dft, erreichst du eine maximale Aufl\u00f6sung von  4K bei 60 Hertz.  Wenn du 2 oder 3 Monitorean diese Dockingstation anschlie\u00dft, erreichst du eine maximale Aufl\u00f6sung von  4K bei 60 Hertz.<\/p>\n","protected":false},"featured_media":0,"comment_status":"closed","ping_status":"open","template":"","meta":{"_acf_changed":false},"brand":[1766],"product_brand":[],"product_cat":[4022],"product_tag":[4023],"class_list":{"0":"post-75991","1":"product","2":"type-product","3":"status-publish","5":"brand-belkin","6":"product_cat-dockingstations","7":"product_tag-cradles-docks-voor-laptops","8":"pa_condition-new","9":"pa_coolblue-de-verzending-morgen-gratis-geliefert","10":"pa_ean-12421","11":"pa_mpn-inc006vfsgy","13":"first","14":"instock","15":"product-type-external"},"acf":[],"_links":{"self":[{"href":"https:\/\/onlinehardwareshop.de\/index.php\/wp-json\/wp\/v2\/product\/75991","targetHints":{"allow":["GET"]}}],"collection":[{"href":"https:\/\/onlinehardwareshop.de\/index.php\/wp-json\/wp\/v2\/product"}],"about":[{"href":"https:\/\/onlinehardwareshop.de\/index.php\/wp-json\/wp\/v2\/types\/product"}],"replies":[{"embeddable":true,"href":"https:\/\/onlinehardwareshop.de\/index.php\/wp-json\/wp\/v2\/comments?post=75991"}],"wp:attachment":[{"href":"https:\/\/onlinehardwareshop.de\/index.php\/wp-json\/wp\/v2\/media?parent=75991"}],"wp:term":[{"taxonomy":"brand","embeddable":true,"href":"https:\/\/onlinehardwareshop.de\/index.php\/wp-json\/wp\/v2\/brand?post=75991"},{"taxonomy":"product_brand","embeddable":true,"href":"https:\/\/onlinehardwareshop.de\/index.php\/wp-json\/wp\/v2\/product_brand?post=75991"},{"taxonomy":"product_cat","embeddable":true,"href":"https:\/\/onlinehardwareshop.de\/index.php\/wp-json\/wp\/v2\/product_cat?post=75991"},{"taxonomy":"product_tag","embeddable":true,"href":"https:\/\/onlinehardwareshop.de\/index.php\/wp-json\/wp\/v2\/product_tag?post=75991"}],"curies":[{"name":"wp","href":"https:\/\/api.w.org\/{rel}","templated":true}]}}