{"id":75952,"date":"2024-01-25T20:38:42","date_gmt":"2024-01-25T20:38:42","guid":{"rendered":"https:\/\/onlinehardwareshop.de\/index.php\/produkt\/philips-hue-lightguide-kabel-schwarz-e27-2\/"},"modified":"2025-05-14T06:49:38","modified_gmt":"2025-05-14T06:49:38","slug":"philips-hue-lightguide-kabel-schwarz-e27","status":"publish","type":"product","link":"https:\/\/onlinehardwareshop.de\/index.php\/produkt\/philips-hue-lightguide-kabel-schwarz-e27\/","title":{"rendered":"Philips Hue Lightguide Kabel &#8211; Schwarz &#8211; E27"},"content":{"rendered":"<p>Mit dem Philips Hue Lightguide Kabel verleihst du jeder Lampe einen stylischen Look. Schraube eine Philips Hue Smart-Lampe in die Fassung und h\u00e4nge die Lampen zum Beispiel \u00fcber den Esstisch. So erh\u00e4lt dein Zimmer ein modernes und farbenfrohes Aussehen. In diese Leuchte passen auch gr\u00f6\u00dfere Filamentlampen mit E27-Fassung. Du kannst diese H\u00e4ngelampe auf maximal 150\u00a0Zentimeter einstellen.    Die Leuchte enth\u00e4lt keine Lichtquelle, du musst selbst eine anbringen.<\/p>\n","protected":false},"excerpt":{"rendered":"<p>Mit dem Philips Hue Lightguide Kabel verleihst du jeder Lampe einen stylischen Look. Schraube eine Philips Hue Smart-Lampe in die Fassung und h\u00e4nge die Lampen zum Beispiel \u00fcber den Esstisch. So erh\u00e4lt dein Zimmer ein modernes und farbenfrohes Aussehen. In diese Leuchte passen auch gr\u00f6\u00dfere Filamentlampen mit E27-Fassung. Du kannst diese H\u00e4ngelampe auf maximal 150\u00a0Zentimeter einstellen.    Die Leuchte enth\u00e4lt keine Lichtquelle, du musst selbst eine anbringen.<\/p>\n","protected":false},"featured_media":0,"comment_status":"closed","ping_status":"open","template":"","meta":{"_acf_changed":false},"brand":[3735],"product_brand":[],"product_cat":[1804],"product_tag":[1805],"class_list":{"0":"post-75952","1":"product","2":"type-product","3":"status-publish","5":"brand-philips-hue","6":"product_cat-av-kabel","7":"product_tag-kabels-overig","8":"pa_condition-new","9":"pa_coolblue-de-verzending-morgen-gratis-geliefert","10":"pa_ean-12356","11":"pa_mpn-12357","13":"first","14":"instock","15":"product-type-external"},"acf":[],"_links":{"self":[{"href":"https:\/\/onlinehardwareshop.de\/index.php\/wp-json\/wp\/v2\/product\/75952","targetHints":{"allow":["GET"]}}],"collection":[{"href":"https:\/\/onlinehardwareshop.de\/index.php\/wp-json\/wp\/v2\/product"}],"about":[{"href":"https:\/\/onlinehardwareshop.de\/index.php\/wp-json\/wp\/v2\/types\/product"}],"replies":[{"embeddable":true,"href":"https:\/\/onlinehardwareshop.de\/index.php\/wp-json\/wp\/v2\/comments?post=75952"}],"wp:attachment":[{"href":"https:\/\/onlinehardwareshop.de\/index.php\/wp-json\/wp\/v2\/media?parent=75952"}],"wp:term":[{"taxonomy":"brand","embeddable":true,"href":"https:\/\/onlinehardwareshop.de\/index.php\/wp-json\/wp\/v2\/brand?post=75952"},{"taxonomy":"product_brand","embeddable":true,"href":"https:\/\/onlinehardwareshop.de\/index.php\/wp-json\/wp\/v2\/product_brand?post=75952"},{"taxonomy":"product_cat","embeddable":true,"href":"https:\/\/onlinehardwareshop.de\/index.php\/wp-json\/wp\/v2\/product_cat?post=75952"},{"taxonomy":"product_tag","embeddable":true,"href":"https:\/\/onlinehardwareshop.de\/index.php\/wp-json\/wp\/v2\/product_tag?post=75952"}],"curies":[{"name":"wp","href":"https:\/\/api.w.org\/{rel}","templated":true}]}}