{"id":75650,"date":"2024-10-01T15:49:08","date_gmt":"2024-10-01T15:49:08","guid":{"rendered":"https:\/\/onlinehardwareshop.de\/index.php\/produkt\/epson-ecotank-et-2850-2\/"},"modified":"2025-05-14T06:23:25","modified_gmt":"2025-05-14T06:23:25","slug":"epson-ecotank-et-2850","status":"publish","type":"product","link":"https:\/\/onlinehardwareshop.de\/index.php\/produkt\/epson-ecotank-et-2850\/","title":{"rendered":"Epson EcoTank ET-2850"},"content":{"rendered":"<p>Der Epson EcoTank ET-2850 ist die g\u00fcnstige Druckl\u00f6sung f\u00fcr Zuhause. Du kannst mit diesem EcoTank-Multifunktionsdrucker automatisch doppelseitig drucken, scannen und kopieren. Du hast keine Probleme mehr mit leeren Patronen, denn du f\u00fcllst den EcoTank mit Tinte aus einer Flasche nach. Mit einem Tintenflaschenset druckst du bis zu 7.500\u00a0Seiten in Schwarz-Wei\u00df und 6.000\u00a0Seiten in Farbe. In der Papierkassette ist Platz f\u00fcr 100\u00a0Blatt Papier. Du verbindest den Drucker \u00fcber WLAN oder WiFi Direct. Mit WiFi Direct kannst du den Drucker direkt mit deinem Handy verbinden, ohne ein Modem verwenden zu m\u00fcssen. So kannst du den Drucker auch an Orten ohne kabelloses Netzwerk nutzen. Du bedienst den Drucker \u00fcber die Epson Smart Panel App oder \u00fcber das LCD-Display.<\/p>\n","protected":false},"excerpt":{"rendered":"<p>Der Epson EcoTank ET-2850 ist die g\u00fcnstige Druckl\u00f6sung f\u00fcr Zuhause. Du kannst mit diesem EcoTank-Multifunktionsdrucker automatisch doppelseitig drucken, scannen und kopieren. Du hast keine Probleme mehr mit leeren Patronen, denn du f\u00fcllst den EcoTank mit Tinte aus einer Flasche nach. Mit einem Tintenflaschenset druckst du bis zu 7.500\u00a0Seiten in Schwarz-Wei\u00df und 6.000\u00a0Seiten in Farbe. In der Papierkassette ist Platz f\u00fcr 100\u00a0Blatt Papier. Du verbindest den Drucker \u00fcber WLAN oder WiFi Direct. Mit WiFi Direct kannst du den Drucker direkt mit deinem Handy verbinden, ohne ein Modem verwenden zu m\u00fcssen. So kannst du den Drucker auch an Orten ohne kabelloses Netzwerk nutzen. Du bedienst den Drucker \u00fcber die Epson Smart Panel App oder \u00fcber das LCD-Display.<\/p>\n","protected":false},"featured_media":0,"comment_status":"closed","ping_status":"open","template":"","meta":{"_acf_changed":false},"brand":[267],"product_brand":[],"product_cat":[2205],"product_tag":[4745],"class_list":{"0":"post-75650","1":"product","2":"type-product","3":"status-publish","5":"brand-epson","6":"product_cat-drucker","7":"product_tag-inkttank-printers","8":"pa_condition-new","9":"pa_coolblue-de-verzending-morgen-gratis-geliefert","10":"pa_ean-11690","11":"pa_mpn-c11cj63405","13":"first","14":"instock","15":"product-type-external"},"acf":[],"_links":{"self":[{"href":"https:\/\/onlinehardwareshop.de\/index.php\/wp-json\/wp\/v2\/product\/75650","targetHints":{"allow":["GET"]}}],"collection":[{"href":"https:\/\/onlinehardwareshop.de\/index.php\/wp-json\/wp\/v2\/product"}],"about":[{"href":"https:\/\/onlinehardwareshop.de\/index.php\/wp-json\/wp\/v2\/types\/product"}],"replies":[{"embeddable":true,"href":"https:\/\/onlinehardwareshop.de\/index.php\/wp-json\/wp\/v2\/comments?post=75650"}],"wp:attachment":[{"href":"https:\/\/onlinehardwareshop.de\/index.php\/wp-json\/wp\/v2\/media?parent=75650"}],"wp:term":[{"taxonomy":"brand","embeddable":true,"href":"https:\/\/onlinehardwareshop.de\/index.php\/wp-json\/wp\/v2\/brand?post=75650"},{"taxonomy":"product_brand","embeddable":true,"href":"https:\/\/onlinehardwareshop.de\/index.php\/wp-json\/wp\/v2\/product_brand?post=75650"},{"taxonomy":"product_cat","embeddable":true,"href":"https:\/\/onlinehardwareshop.de\/index.php\/wp-json\/wp\/v2\/product_cat?post=75650"},{"taxonomy":"product_tag","embeddable":true,"href":"https:\/\/onlinehardwareshop.de\/index.php\/wp-json\/wp\/v2\/product_tag?post=75650"}],"curies":[{"name":"wp","href":"https:\/\/api.w.org\/{rel}","templated":true}]}}