{"id":75519,"date":"2024-07-14T07:42:26","date_gmt":"2024-07-14T07:42:26","guid":{"rendered":"https:\/\/onlinehardwareshop.de\/index.php\/produkt\/glasierter-weber-pizzastein-30-x-44-cm-2\/"},"modified":"2025-05-14T06:12:26","modified_gmt":"2025-05-14T06:12:26","slug":"glasierter-weber-pizzastein-30-x-44-cm","status":"publish","type":"product","link":"https:\/\/onlinehardwareshop.de\/index.php\/produkt\/glasierter-weber-pizzastein-30-x-44-cm\/","title":{"rendered":"Glasierter Weber-Pizzastein 30 x 44 cm"},"content":{"rendered":"<p>Der glasierte Weber-Pizzastein 30 x 44 cm ist ein rechteckiger Backstein, mit dem du Pizzas, Pl\u00e4tzchen und andere H\u00e4ppchen auf deinem Weber-Grill backen kannst. Dieser Stein eignet sich f\u00fcr alle 57-cm-Weber-Holzkohlengrills und alle gr\u00f6\u00dferen Gasgrills. Dank des Cordierit-Materials verteilt sich die Hitze gleichm\u00e4\u00dfig \u00fcber die ganze Oberfl\u00e4che und der Stein beh\u00e4lt eine hohe Temperatur. Die glasierte Oberfl\u00e4che sorgt daf\u00fcr, dass du den Stein nach Gebrauch m\u00fchelos reinigst.<\/p>\n","protected":false},"excerpt":{"rendered":"<p>Der glasierte Weber-Pizzastein 30 x 44 cm ist ein rechteckiger Backstein, mit dem du Pizzas, Pl\u00e4tzchen und andere H\u00e4ppchen auf deinem Weber-Grill backen kannst. Dieser Stein eignet sich f\u00fcr alle 57-cm-Weber-Holzkohlengrills und alle gr\u00f6\u00dferen Gasgrills. Dank des Cordierit-Materials verteilt sich die Hitze gleichm\u00e4\u00dfig \u00fcber die ganze Oberfl\u00e4che und der Stein beh\u00e4lt eine hohe Temperatur. Die glasierte Oberfl\u00e4che sorgt daf\u00fcr, dass du den Stein nach Gebrauch m\u00fchelos reinigst.<\/p>\n","protected":false},"featured_media":0,"comment_status":"closed","ping_status":"open","template":"","meta":{"_acf_changed":false},"brand":[698],"product_brand":[],"product_cat":[11378],"product_tag":[11379],"class_list":{"0":"post-75519","1":"product","2":"type-product","3":"status-publish","5":"brand-weber","6":"product_cat-pizzasteine","7":"product_tag-pizzastenen","8":"pa_condition-new","9":"pa_coolblue-de-verzending-morgen-gratis-geliefert","10":"pa_ean-27927","11":"pa_mpn-nx-a6leg-00j","13":"first","14":"instock","15":"product-type-external"},"acf":[],"_links":{"self":[{"href":"https:\/\/onlinehardwareshop.de\/index.php\/wp-json\/wp\/v2\/product\/75519","targetHints":{"allow":["GET"]}}],"collection":[{"href":"https:\/\/onlinehardwareshop.de\/index.php\/wp-json\/wp\/v2\/product"}],"about":[{"href":"https:\/\/onlinehardwareshop.de\/index.php\/wp-json\/wp\/v2\/types\/product"}],"replies":[{"embeddable":true,"href":"https:\/\/onlinehardwareshop.de\/index.php\/wp-json\/wp\/v2\/comments?post=75519"}],"wp:attachment":[{"href":"https:\/\/onlinehardwareshop.de\/index.php\/wp-json\/wp\/v2\/media?parent=75519"}],"wp:term":[{"taxonomy":"brand","embeddable":true,"href":"https:\/\/onlinehardwareshop.de\/index.php\/wp-json\/wp\/v2\/brand?post=75519"},{"taxonomy":"product_brand","embeddable":true,"href":"https:\/\/onlinehardwareshop.de\/index.php\/wp-json\/wp\/v2\/product_brand?post=75519"},{"taxonomy":"product_cat","embeddable":true,"href":"https:\/\/onlinehardwareshop.de\/index.php\/wp-json\/wp\/v2\/product_cat?post=75519"},{"taxonomy":"product_tag","embeddable":true,"href":"https:\/\/onlinehardwareshop.de\/index.php\/wp-json\/wp\/v2\/product_tag?post=75519"}],"curies":[{"name":"wp","href":"https:\/\/api.w.org\/{rel}","templated":true}]}}