{"id":75439,"date":"2024-11-13T07:59:19","date_gmt":"2024-11-13T07:59:19","guid":{"rendered":"https:\/\/onlinehardwareshop.de\/index.php\/produkt\/tefal-renew-keramische-bratpfanne-24cm-2\/"},"modified":"2025-05-14T06:05:17","modified_gmt":"2025-05-14T06:05:17","slug":"tefal-renew-keramische-bratpfanne-24cm","status":"publish","type":"product","link":"https:\/\/onlinehardwareshop.de\/index.php\/produkt\/tefal-renew-keramische-bratpfanne-24cm\/","title":{"rendered":"Tefal Renew Keramische Bratpfanne 24&#xA0;cm"},"content":{"rendered":"<p>In der Tefal Renew Keramischen Bratpfanne 24\u00a0cm br\u00e4tst du dank des zu 100 Prozent recycelten Aluminiummaterials umweltbewusst. In der Bratpfanne br\u00e4tst du Kartoffeln f\u00fcr durchschnittlich zwei Personen. Au\u00dferdem besteht die Pfanne aus einer 5-teiligen starken, keramischen Antihaftbeschichtung. Dadurch ist die Beschichtung kratzfest und die Zutaten brennen nicht am Boden an. Au\u00dferdem br\u00e4tst du dank dieser Beschichtung mit weniger \u00d6l oder Butter. Das ist praktisch, weil du so noch ges\u00fcnder br\u00e4tst. Dank des Tefal Thermo-Signalpunkts gibst du die Zutaten immer im richtigen Moment in die Pfanne. Der Punkt f\u00e4rbt sich n\u00e4mlich gleichm\u00e4\u00dfig rot, wenn die richtige Brattemperatur erreicht wurde. Bist du fertig mit dem Kochen? Dann stellst du die Pfanne in die Sp\u00fclmaschine. F\u00fcr eine l\u00e4ngere Lebensdauer solltest du die Pfanne per Hand abwaschen.<\/p>\n","protected":false},"excerpt":{"rendered":"<p>In der Tefal Renew Keramischen Bratpfanne 24\u00a0cm br\u00e4tst du dank des zu 100 Prozent recycelten Aluminiummaterials umweltbewusst. In der Bratpfanne br\u00e4tst du Kartoffeln f\u00fcr durchschnittlich zwei Personen. Au\u00dferdem besteht die Pfanne aus einer 5-teiligen starken, keramischen Antihaftbeschichtung. Dadurch ist die Beschichtung kratzfest und die Zutaten brennen nicht am Boden an. Au\u00dferdem br\u00e4tst du dank dieser Beschichtung mit weniger \u00d6l oder Butter. Das ist praktisch, weil du so noch ges\u00fcnder br\u00e4tst. Dank des Tefal Thermo-Signalpunkts gibst du die Zutaten immer im richtigen Moment in die Pfanne. Der Punkt f\u00e4rbt sich n\u00e4mlich gleichm\u00e4\u00dfig rot, wenn die richtige Brattemperatur erreicht wurde. Bist du fertig mit dem Kochen? Dann stellst du die Pfanne in die Sp\u00fclmaschine. F\u00fcr eine l\u00e4ngere Lebensdauer solltest du die Pfanne per Hand abwaschen.<\/p>\n","protected":false},"featured_media":0,"comment_status":"closed","ping_status":"open","template":"","meta":{"_acf_changed":false},"brand":[506],"product_brand":[],"product_cat":[372],"product_tag":[384],"class_list":{"0":"post-75439","1":"product","2":"type-product","3":"status-publish","5":"brand-tefal","6":"product_cat-tpfe-und-pfannen","7":"product_tag-koekenpannen","8":"pa_condition-new","9":"pa_coolblue-de-verzending-morgen-gratis-geliefert","10":"pa_ean-11207","11":"pa_mpn-c4290423","13":"first","14":"instock","15":"product-type-external"},"acf":[],"_links":{"self":[{"href":"https:\/\/onlinehardwareshop.de\/index.php\/wp-json\/wp\/v2\/product\/75439","targetHints":{"allow":["GET"]}}],"collection":[{"href":"https:\/\/onlinehardwareshop.de\/index.php\/wp-json\/wp\/v2\/product"}],"about":[{"href":"https:\/\/onlinehardwareshop.de\/index.php\/wp-json\/wp\/v2\/types\/product"}],"replies":[{"embeddable":true,"href":"https:\/\/onlinehardwareshop.de\/index.php\/wp-json\/wp\/v2\/comments?post=75439"}],"wp:attachment":[{"href":"https:\/\/onlinehardwareshop.de\/index.php\/wp-json\/wp\/v2\/media?parent=75439"}],"wp:term":[{"taxonomy":"brand","embeddable":true,"href":"https:\/\/onlinehardwareshop.de\/index.php\/wp-json\/wp\/v2\/brand?post=75439"},{"taxonomy":"product_brand","embeddable":true,"href":"https:\/\/onlinehardwareshop.de\/index.php\/wp-json\/wp\/v2\/product_brand?post=75439"},{"taxonomy":"product_cat","embeddable":true,"href":"https:\/\/onlinehardwareshop.de\/index.php\/wp-json\/wp\/v2\/product_cat?post=75439"},{"taxonomy":"product_tag","embeddable":true,"href":"https:\/\/onlinehardwareshop.de\/index.php\/wp-json\/wp\/v2\/product_tag?post=75439"}],"curies":[{"name":"wp","href":"https:\/\/api.w.org\/{rel}","templated":true}]}}