{"id":75399,"date":"2024-05-05T02:50:41","date_gmt":"2024-05-05T02:50:41","guid":{"rendered":"https:\/\/onlinehardwareshop.de\/index.php\/produkt\/wd-black-sn850x-2tb-nvme-ssd-2\/"},"modified":"2025-05-14T06:01:54","modified_gmt":"2025-05-14T06:01:54","slug":"wd-black-sn850x-2tb-nvme-ssd","status":"publish","type":"product","link":"https:\/\/onlinehardwareshop.de\/index.php\/produkt\/wd-black-sn850x-2tb-nvme-ssd\/","title":{"rendered":"WD Black SN850X 2&#xA0;TB NVMe SSD"},"content":{"rendered":"<p>Hinweis: Diese M.2-SSD hat eine Schnittstelle f\u00fcr PCI Express 4.0 (NVMe) und funktioniert nur dann, wenn dein System PCIe 4.0\/NVMe unterst\u00fctzt. Des Weiteren hat die SSD einen M-Key, der ausschlie\u00dflich zu Systemen mit einem M-Steckplatz passt. \u00dcberpr\u00fcfe dies in der Gebrauchsanleitung deines Laptop bzw. deines Motherboards.  Mit der WD Black SN850X 2\u00a0TB NVMe ohne K\u00fchlk\u00f6rper gibst du bei deinen Spielen richtig Gas. Diese interne SSD hat eine Lesegeschwindigkeit von 7.300\u00a0Megabytes pro Sekunde und eine Schreibgeschwindigkeit von 6.600\u00a0Megabytes pro Sekunde. Deshalb ist diese M.2-SSD ist bis zu 100-mal schneller als eine normale 2,5-Zoll-SSD. Deine Spiele laden innerhalb weniger Sekunden und auch andere Apps fahren im Nu hoch. Mit insgesamt 2\u00a0TB Speicher steht genug Platz f\u00fcr rund 45 gro\u00dfe Spiele zur Verf\u00fcgung. So ist immer ein Pl\u00e4tzchen auf der SN850X frei, zum Beispiel wenn ein neues gro\u00dfes Spiel ver\u00f6ffentlicht wird. Abgesehen von Laptops und PCs eignet sich diese SSD auch zur Verwendung in einer PlayStation 5.<\/p>\n","protected":false},"excerpt":{"rendered":"<p>Hinweis: Diese M.2-SSD hat eine Schnittstelle f\u00fcr PCI Express 4.0 (NVMe) und funktioniert nur dann, wenn dein System PCIe 4.0\/NVMe unterst\u00fctzt. Des Weiteren hat die SSD einen M-Key, der ausschlie\u00dflich zu Systemen mit einem M-Steckplatz passt. \u00dcberpr\u00fcfe dies in der Gebrauchsanleitung deines Laptop bzw. deines Motherboards.  Mit der WD Black SN850X 2\u00a0TB NVMe ohne K\u00fchlk\u00f6rper gibst du bei deinen Spielen richtig Gas. Diese interne SSD hat eine Lesegeschwindigkeit von 7.300\u00a0Megabytes pro Sekunde und eine Schreibgeschwindigkeit von 6.600\u00a0Megabytes pro Sekunde. Deshalb ist diese M.2-SSD ist bis zu 100-mal schneller als eine normale 2,5-Zoll-SSD. Deine Spiele laden innerhalb weniger Sekunden und auch andere Apps fahren im Nu hoch. Mit insgesamt 2\u00a0TB Speicher steht genug Platz f\u00fcr rund 45 gro\u00dfe Spiele zur Verf\u00fcgung. So ist immer ein Pl\u00e4tzchen auf der SN850X frei, zum Beispiel wenn ein neues gro\u00dfes Spiel ver\u00f6ffentlicht wird. Abgesehen von Laptops und PCs eignet sich diese SSD auch zur Verwendung in einer PlayStation 5.<\/p>\n","protected":false},"featured_media":0,"comment_status":"closed","ping_status":"open","template":"","meta":{"_acf_changed":false},"brand":[645],"product_brand":[],"product_cat":[2957],"product_tag":[7168],"class_list":{"0":"post-75399","1":"product","2":"type-product","3":"status-publish","5":"brand-western-digital","6":"product_cat-solid-state-drives-ssd","7":"product_tag-m-2-ssd","8":"pa_condition-new","9":"pa_coolblue-de-verzending-morgen-gratis-geliefert","10":"pa_ean-11128","11":"pa_mpn-wds200t2x0e","13":"first","14":"instock","15":"product-type-external"},"acf":[],"_links":{"self":[{"href":"https:\/\/onlinehardwareshop.de\/index.php\/wp-json\/wp\/v2\/product\/75399","targetHints":{"allow":["GET"]}}],"collection":[{"href":"https:\/\/onlinehardwareshop.de\/index.php\/wp-json\/wp\/v2\/product"}],"about":[{"href":"https:\/\/onlinehardwareshop.de\/index.php\/wp-json\/wp\/v2\/types\/product"}],"replies":[{"embeddable":true,"href":"https:\/\/onlinehardwareshop.de\/index.php\/wp-json\/wp\/v2\/comments?post=75399"}],"wp:attachment":[{"href":"https:\/\/onlinehardwareshop.de\/index.php\/wp-json\/wp\/v2\/media?parent=75399"}],"wp:term":[{"taxonomy":"brand","embeddable":true,"href":"https:\/\/onlinehardwareshop.de\/index.php\/wp-json\/wp\/v2\/brand?post=75399"},{"taxonomy":"product_brand","embeddable":true,"href":"https:\/\/onlinehardwareshop.de\/index.php\/wp-json\/wp\/v2\/product_brand?post=75399"},{"taxonomy":"product_cat","embeddable":true,"href":"https:\/\/onlinehardwareshop.de\/index.php\/wp-json\/wp\/v2\/product_cat?post=75399"},{"taxonomy":"product_tag","embeddable":true,"href":"https:\/\/onlinehardwareshop.de\/index.php\/wp-json\/wp\/v2\/product_tag?post=75399"}],"curies":[{"name":"wp","href":"https:\/\/api.w.org\/{rel}","templated":true}]}}