{"id":75261,"date":"2024-09-01T18:57:41","date_gmt":"2024-09-01T18:57:41","guid":{"rendered":"https:\/\/onlinehardwareshop.de\/index.php\/produkt\/nikon-prostaff-p7-10x42-2\/"},"modified":"2025-05-14T05:49:55","modified_gmt":"2025-05-14T05:49:55","slug":"nikon-prostaff-p7-10x42","status":"publish","type":"product","link":"https:\/\/onlinehardwareshop.de\/index.php\/produkt\/nikon-prostaff-p7-10x42\/","title":{"rendered":"Nikon Prostaff P7 10X42"},"content":{"rendered":"<p>Das Nikon Prostaff P7 10&#215;42 ist ein Fernglas, mit dem du V\u00f6gel oder wilde Tiere beobachten kannst. Durch sein kompaktes Format kannst du es m\u00fchelos mitnehmen. Dadurch verwendest du das Fernglas nicht nur auf Reisen, sondern auch in der Oper oder im Theater. Durch die zehnfache Vergr\u00f6\u00dferung zoomst du m\u00fchelos an Details in der Ferne heran. Mit der Dioptrieneinstellung stellst du das Fernglas f\u00fcr deine Augen ein. Das breite Sehfeld von 62,9 Grad sorgt daf\u00fcr, dass du deinem Motiv m\u00fchelos folgen kannst. Das ist beim Beobachten von V\u00f6geln besonders praktisch. Brillentr\u00e4ger k\u00f6nnen dieses Fernglas dank des gro\u00dfen Augenabstands problemlos verwenden. Das Geh\u00e4use des Fernglases ist mit Gummi verkleidet, wodurch du einen guten Grip hast. \u00dcber das Wetter musst du dir bei diesem Fernglas keine Sorgen machen. Es ist wasserdicht bis zu 1 Meter, sodass du es auch bei einem heftigen Sturm nutzen kannst.<\/p>\n","protected":false},"excerpt":{"rendered":"<p>Das Nikon Prostaff P7 10&#215;42 ist ein Fernglas, mit dem du V\u00f6gel oder wilde Tiere beobachten kannst. Durch sein kompaktes Format kannst du es m\u00fchelos mitnehmen. Dadurch verwendest du das Fernglas nicht nur auf Reisen, sondern auch in der Oper oder im Theater. Durch die zehnfache Vergr\u00f6\u00dferung zoomst du m\u00fchelos an Details in der Ferne heran. Mit der Dioptrieneinstellung stellst du das Fernglas f\u00fcr deine Augen ein. Das breite Sehfeld von 62,9 Grad sorgt daf\u00fcr, dass du deinem Motiv m\u00fchelos folgen kannst. Das ist beim Beobachten von V\u00f6geln besonders praktisch. Brillentr\u00e4ger k\u00f6nnen dieses Fernglas dank des gro\u00dfen Augenabstands problemlos verwenden. Das Geh\u00e4use des Fernglases ist mit Gummi verkleidet, wodurch du einen guten Grip hast. \u00dcber das Wetter musst du dir bei diesem Fernglas keine Sorgen machen. Es ist wasserdicht bis zu 1 Meter, sodass du es auch bei einem heftigen Sturm nutzen kannst.<\/p>\n","protected":false},"featured_media":0,"comment_status":"closed","ping_status":"open","template":"","meta":{"_acf_changed":false},"brand":[133],"product_brand":[],"product_cat":[448],"product_tag":[1304],"class_list":{"0":"post-75261","1":"product","2":"type-product","3":"status-publish","5":"brand-nikon","6":"product_cat-fernglser","7":"product_tag-dakkant-verrekijkers","8":"pa_condition-new","9":"pa_coolblue-de-verzending-morgen-gratis-geliefert","10":"pa_ean-10830","11":"pa_mpn-baa923sa","13":"first","14":"instock","15":"product-type-external"},"acf":[],"_links":{"self":[{"href":"https:\/\/onlinehardwareshop.de\/index.php\/wp-json\/wp\/v2\/product\/75261","targetHints":{"allow":["GET"]}}],"collection":[{"href":"https:\/\/onlinehardwareshop.de\/index.php\/wp-json\/wp\/v2\/product"}],"about":[{"href":"https:\/\/onlinehardwareshop.de\/index.php\/wp-json\/wp\/v2\/types\/product"}],"replies":[{"embeddable":true,"href":"https:\/\/onlinehardwareshop.de\/index.php\/wp-json\/wp\/v2\/comments?post=75261"}],"wp:attachment":[{"href":"https:\/\/onlinehardwareshop.de\/index.php\/wp-json\/wp\/v2\/media?parent=75261"}],"wp:term":[{"taxonomy":"brand","embeddable":true,"href":"https:\/\/onlinehardwareshop.de\/index.php\/wp-json\/wp\/v2\/brand?post=75261"},{"taxonomy":"product_brand","embeddable":true,"href":"https:\/\/onlinehardwareshop.de\/index.php\/wp-json\/wp\/v2\/product_brand?post=75261"},{"taxonomy":"product_cat","embeddable":true,"href":"https:\/\/onlinehardwareshop.de\/index.php\/wp-json\/wp\/v2\/product_cat?post=75261"},{"taxonomy":"product_tag","embeddable":true,"href":"https:\/\/onlinehardwareshop.de\/index.php\/wp-json\/wp\/v2\/product_tag?post=75261"}],"curies":[{"name":"wp","href":"https:\/\/api.w.org\/{rel}","templated":true}]}}