{"id":75245,"date":"2025-01-11T05:53:55","date_gmt":"2025-01-11T05:53:55","guid":{"rendered":"https:\/\/onlinehardwareshop.de\/index.php\/produkt\/magimix-power-standmixer-3-matt-chrom-2\/"},"modified":"2025-05-14T05:48:30","modified_gmt":"2025-05-14T05:48:30","slug":"magimix-power-standmixer-3-matt-chrom","status":"publish","type":"product","link":"https:\/\/onlinehardwareshop.de\/index.php\/produkt\/magimix-power-standmixer-3-matt-chrom\/","title":{"rendered":"Magimix Power Standmixer 3 Matt Chrom"},"content":{"rendered":"<p>Mit dem Magimix Power Standmixer 3 Matt Chrom bereitest du dank des Fassungsverm\u00f6gens von 1,2 Litern Smoothies f\u00fcr 3 oder 4 Personen zu. Der Standmixer hat eine Leistung von 1.000 Watt. Hiermit mixt du auch ab und zu harte Zutaten wie Eisw\u00fcrfel f\u00fcr einen eiskalten Milchshake. Der gl\u00e4serne Mixbeh\u00e4lter ist hitzebest\u00e4ndig, wodurch du darin auch warme Zutaten zu einer Suppe mixen kannst. Dank der f\u00fcnf automatischen Programme bereitest du mit einem Tastendruck beispielsweise einen Smoothie oder eine Suppe zu. Du musst also nichts mehr selbst einstellen. Nach Gebrauch s\u00e4uberst du den Standmixer mit dem Reinigungsprogramm. F\u00fcr eine gr\u00fcndliche Reinigung kannst du die losen Bauteile in die Sp\u00fclmaschine stellen.<\/p>\n","protected":false},"excerpt":{"rendered":"<p>Mit dem Magimix Power Standmixer 3 Matt Chrom bereitest du dank des Fassungsverm\u00f6gens von 1,2 Litern Smoothies f\u00fcr 3 oder 4 Personen zu. Der Standmixer hat eine Leistung von 1.000 Watt. Hiermit mixt du auch ab und zu harte Zutaten wie Eisw\u00fcrfel f\u00fcr einen eiskalten Milchshake. Der gl\u00e4serne Mixbeh\u00e4lter ist hitzebest\u00e4ndig, wodurch du darin auch warme Zutaten zu einer Suppe mixen kannst. Dank der f\u00fcnf automatischen Programme bereitest du mit einem Tastendruck beispielsweise einen Smoothie oder eine Suppe zu. Du musst also nichts mehr selbst einstellen. Nach Gebrauch s\u00e4uberst du den Standmixer mit dem Reinigungsprogramm. F\u00fcr eine gr\u00fcndliche Reinigung kannst du die losen Bauteile in die Sp\u00fclmaschine stellen.<\/p>\n","protected":false},"featured_media":0,"comment_status":"closed","ping_status":"open","template":"","meta":{"_acf_changed":false},"brand":[208],"product_brand":[],"product_cat":[1606],"product_tag":[1607],"class_list":{"0":"post-75245","1":"product","2":"type-product","3":"status-publish","5":"brand-magimix","6":"product_cat-standmixer","7":"product_tag-blenders","8":"pa_condition-new","9":"pa_coolblue-de-verzending-morgen-gratis-geliefert","10":"pa_ean-30708","11":"pa_mpn-11641nl","13":"first","14":"instock","15":"product-type-external"},"acf":[],"_links":{"self":[{"href":"https:\/\/onlinehardwareshop.de\/index.php\/wp-json\/wp\/v2\/product\/75245","targetHints":{"allow":["GET"]}}],"collection":[{"href":"https:\/\/onlinehardwareshop.de\/index.php\/wp-json\/wp\/v2\/product"}],"about":[{"href":"https:\/\/onlinehardwareshop.de\/index.php\/wp-json\/wp\/v2\/types\/product"}],"replies":[{"embeddable":true,"href":"https:\/\/onlinehardwareshop.de\/index.php\/wp-json\/wp\/v2\/comments?post=75245"}],"wp:attachment":[{"href":"https:\/\/onlinehardwareshop.de\/index.php\/wp-json\/wp\/v2\/media?parent=75245"}],"wp:term":[{"taxonomy":"brand","embeddable":true,"href":"https:\/\/onlinehardwareshop.de\/index.php\/wp-json\/wp\/v2\/brand?post=75245"},{"taxonomy":"product_brand","embeddable":true,"href":"https:\/\/onlinehardwareshop.de\/index.php\/wp-json\/wp\/v2\/product_brand?post=75245"},{"taxonomy":"product_cat","embeddable":true,"href":"https:\/\/onlinehardwareshop.de\/index.php\/wp-json\/wp\/v2\/product_cat?post=75245"},{"taxonomy":"product_tag","embeddable":true,"href":"https:\/\/onlinehardwareshop.de\/index.php\/wp-json\/wp\/v2\/product_tag?post=75245"}],"curies":[{"name":"wp","href":"https:\/\/api.w.org\/{rel}","templated":true}]}}