{"id":75091,"date":"2024-10-20T13:32:33","date_gmt":"2024-10-20T13:32:33","guid":{"rendered":"https:\/\/onlinehardwareshop.de\/index.php\/produkt\/act-usb-c-dual-monitor-dockingstation-2\/"},"modified":"2025-05-14T05:35:36","modified_gmt":"2025-05-14T05:35:36","slug":"act-usb-c-dual-monitor-dockingstation","status":"publish","type":"product","link":"https:\/\/onlinehardwareshop.de\/index.php\/produkt\/act-usb-c-dual-monitor-dockingstation\/","title":{"rendered":"ACT USB-C Dual Monitor Dockingstation"},"content":{"rendered":"<p>Mit der ACT USB-C Dual Monitor Dockingstation kannst du deinen Arbeitsbereich mit allen m\u00f6glichen Peripherieger\u00e4ten erweitern. \u00dcber die HDMI-Anschl\u00fcsse lassen sich bis zu zwei Full-HD-Monitore anschlie\u00dfen. Dadurch lassen sich mehrere Fenster nebeneinander \u00f6ffnen. Au\u00dferdem gibt es gen\u00fcgend Anschl\u00fcsse, um eine Maus, eine Tastatur oder eine externe Festplatte anzuschlie\u00dfen. Muss dein Handy aufgeladen werden? Dann schlie\u00dfe es an den USB-Ladeanschluss an und lade den Akku auf. Diese ACT Dockingstation verf\u00fcgt auch \u00fcber einen Ethernet-Anschluss f\u00fcr stabiles kabelgebundenes Internet. Das Ger\u00e4t nimmt nicht viel Platz auf dem Schreibtisch ein, da es vertikal aufgestellt werden kann.   Diese Dockingstation funktioniert mit allen Windows-Laptops und MacBooks mit einem USB-C-Port, der ein Videosignal \u00fcbertr\u00e4gt. So \u00fcberpr\u00fcfst du, ob dein Laptop einen geeigneten USB-C-Port hat.    Was kann man mit dieser Dockingstation machen? 1 Monitor anschlie\u00dfen 2 Monitore anschlie\u00dfen Arbeiten mit kabelgebundenem Internet Kopfh\u00f6rer anschlie\u00dfen Handy aufladen Maus und Tastatur anschlie\u00dfen  Was kann man mit dieser Dockingstation nicht machen? Speicherkarten lesen  Wenn du 1 Monitor an diese Dockingstation anschlie\u00dft, kannst du eine maximale Aufl\u00f6sung in Full HD bei 60\u00a0Hz erreichen.  Wenn du 2 Monitore an diese Dockingstation anschlie\u00dft, kannst du eine maximale Aufl\u00f6sung in Full HD bei 60\u00a0Hertz erreichen.  Hinweis: Die Dockingstation funktioniert am besten, wenn du vor der Nutzung den DisplayLink-Treiber installierst. Du kannst ihn einfach auf der DisplayLink-Website herunterladen.<\/p>\n","protected":false},"excerpt":{"rendered":"<p>Mit der ACT USB-C Dual Monitor Dockingstation kannst du deinen Arbeitsbereich mit allen m\u00f6glichen Peripherieger\u00e4ten erweitern. \u00dcber die HDMI-Anschl\u00fcsse lassen sich bis zu zwei Full-HD-Monitore anschlie\u00dfen. Dadurch lassen sich mehrere Fenster nebeneinander \u00f6ffnen. Au\u00dferdem gibt es gen\u00fcgend Anschl\u00fcsse, um eine Maus, eine Tastatur oder eine externe Festplatte anzuschlie\u00dfen. Muss dein Handy aufgeladen werden? Dann schlie\u00dfe es an den USB-Ladeanschluss an und lade den Akku auf. Diese ACT Dockingstation verf\u00fcgt auch \u00fcber einen Ethernet-Anschluss f\u00fcr stabiles kabelgebundenes Internet. Das Ger\u00e4t nimmt nicht viel Platz auf dem Schreibtisch ein, da es vertikal aufgestellt werden kann.   Diese Dockingstation funktioniert mit allen Windows-Laptops und MacBooks mit einem USB-C-Port, der ein Videosignal \u00fcbertr\u00e4gt. So \u00fcberpr\u00fcfst du, ob dein Laptop einen geeigneten USB-C-Port hat.    Was kann man mit dieser Dockingstation machen? 1 Monitor anschlie\u00dfen 2 Monitore anschlie\u00dfen Arbeiten mit kabelgebundenem Internet Kopfh\u00f6rer anschlie\u00dfen Handy aufladen Maus und Tastatur anschlie\u00dfen  Was kann man mit dieser Dockingstation nicht machen? Speicherkarten lesen  Wenn du 1 Monitor an diese Dockingstation anschlie\u00dft, kannst du eine maximale Aufl\u00f6sung in Full HD bei 60\u00a0Hz erreichen.  Wenn du 2 Monitore an diese Dockingstation anschlie\u00dft, kannst du eine maximale Aufl\u00f6sung in Full HD bei 60\u00a0Hertz erreichen.  Hinweis: Die Dockingstation funktioniert am besten, wenn du vor der Nutzung den DisplayLink-Treiber installierst. Du kannst ihn einfach auf der DisplayLink-Website herunterladen.<\/p>\n","protected":false},"featured_media":0,"comment_status":"closed","ping_status":"open","template":"","meta":{"_acf_changed":false},"brand":[4758],"product_brand":[],"product_cat":[4022],"product_tag":[4023],"class_list":{"0":"post-75091","1":"product","2":"type-product","3":"status-publish","5":"brand-act","6":"product_cat-dockingstations","7":"product_tag-cradles-docks-voor-laptops","8":"pa_condition-new","9":"pa_coolblue-de-verzending-morgen-gratis-geliefert","10":"pa_ean-10465","11":"pa_mpn-ac7049","13":"first","14":"instock","15":"product-type-external"},"acf":[],"_links":{"self":[{"href":"https:\/\/onlinehardwareshop.de\/index.php\/wp-json\/wp\/v2\/product\/75091","targetHints":{"allow":["GET"]}}],"collection":[{"href":"https:\/\/onlinehardwareshop.de\/index.php\/wp-json\/wp\/v2\/product"}],"about":[{"href":"https:\/\/onlinehardwareshop.de\/index.php\/wp-json\/wp\/v2\/types\/product"}],"replies":[{"embeddable":true,"href":"https:\/\/onlinehardwareshop.de\/index.php\/wp-json\/wp\/v2\/comments?post=75091"}],"wp:attachment":[{"href":"https:\/\/onlinehardwareshop.de\/index.php\/wp-json\/wp\/v2\/media?parent=75091"}],"wp:term":[{"taxonomy":"brand","embeddable":true,"href":"https:\/\/onlinehardwareshop.de\/index.php\/wp-json\/wp\/v2\/brand?post=75091"},{"taxonomy":"product_brand","embeddable":true,"href":"https:\/\/onlinehardwareshop.de\/index.php\/wp-json\/wp\/v2\/product_brand?post=75091"},{"taxonomy":"product_cat","embeddable":true,"href":"https:\/\/onlinehardwareshop.de\/index.php\/wp-json\/wp\/v2\/product_cat?post=75091"},{"taxonomy":"product_tag","embeddable":true,"href":"https:\/\/onlinehardwareshop.de\/index.php\/wp-json\/wp\/v2\/product_tag?post=75091"}],"curies":[{"name":"wp","href":"https:\/\/api.w.org\/{rel}","templated":true}]}}