{"id":75068,"date":"2024-04-30T06:35:41","date_gmt":"2024-04-30T06:35:41","guid":{"rendered":"https:\/\/onlinehardwareshop.de\/index.php\/produkt\/logitech-g535-lightspeed-kabelloses-gaming-headset-schwarz-2\/"},"modified":"2025-05-14T05:33:06","modified_gmt":"2025-05-14T05:33:06","slug":"logitech-g535-lightspeed-kabelloses-gaming-headset-schwarz","status":"publish","type":"product","link":"https:\/\/onlinehardwareshop.de\/index.php\/produkt\/logitech-g535-lightspeed-kabelloses-gaming-headset-schwarz\/","title":{"rendered":"Logitech G535 Lightspeed Kabelloses Gaming-Headset Schwarz"},"content":{"rendered":"<p>Das Logitech G535 Gaming-Headset ist ideal f\u00fcr kompetitive Gamer geeignet. Dieses Headset verbindest du \u00fcber den USB-A-Dongle kabellos mit deinem PC oder deiner PlayStation. So hast du beim Zocken keinen Kabelsalat. Die LIGHTSPEED Technologie sorgt daf\u00fcr, dass es keine Verz\u00f6gerungen in deinem Spielaudio gibt. Dank des Surround Sounds in 360 Grad erlebst du dein Spiel intensiver und h\u00f6rst genau, aus welcher Richtung deine Gegner kommen. Damit bist du ihnen jederzeit einen Schritt voraus. Au\u00dferdem kommunizierst du dank der Rauschunterdr\u00fcckung des Mikrofons online ohne Hintergrundger\u00e4usche mit deinen Freunden. So kommen deine Kommentare immer deutlich an. Die durchschnittliche Akkulaufzeit des Headsets betr\u00e4gt 33 Stunden. So erlebst du ausgiebigen Gaming-Spa\u00df, ohne das Headset zwischendurch zu laden. Dieses Gaming-Headset wiegt 236 Gramm. Dadurch sp\u00fcrst du es beim Tragen kaum und spielst stundenlang ohne Nackenbeschwerden. Spielst du \u00f6fter im Single-Player-Modus oder ben\u00f6tigst kein Mikrofon? Dann klappe das Mikrofon des Headsets einfach hoch.<\/p>\n","protected":false},"excerpt":{"rendered":"<p>Das Logitech G535 Gaming-Headset ist ideal f\u00fcr kompetitive Gamer geeignet. Dieses Headset verbindest du \u00fcber den USB-A-Dongle kabellos mit deinem PC oder deiner PlayStation. So hast du beim Zocken keinen Kabelsalat. Die LIGHTSPEED Technologie sorgt daf\u00fcr, dass es keine Verz\u00f6gerungen in deinem Spielaudio gibt. Dank des Surround Sounds in 360 Grad erlebst du dein Spiel intensiver und h\u00f6rst genau, aus welcher Richtung deine Gegner kommen. Damit bist du ihnen jederzeit einen Schritt voraus. Au\u00dferdem kommunizierst du dank der Rauschunterdr\u00fcckung des Mikrofons online ohne Hintergrundger\u00e4usche mit deinen Freunden. So kommen deine Kommentare immer deutlich an. Die durchschnittliche Akkulaufzeit des Headsets betr\u00e4gt 33 Stunden. So erlebst du ausgiebigen Gaming-Spa\u00df, ohne das Headset zwischendurch zu laden. Dieses Gaming-Headset wiegt 236 Gramm. Dadurch sp\u00fcrst du es beim Tragen kaum und spielst stundenlang ohne Nackenbeschwerden. Spielst du \u00f6fter im Single-Player-Modus oder ben\u00f6tigst kein Mikrofon? Dann klappe das Mikrofon des Headsets einfach hoch.<\/p>\n","protected":false},"featured_media":0,"comment_status":"closed","ping_status":"open","template":"","meta":{"_acf_changed":false},"brand":[225],"product_brand":[],"product_cat":[3435],"product_tag":[3436],"class_list":{"0":"post-75068","1":"product","2":"type-product","3":"status-publish","5":"brand-logitech-g","6":"product_cat-gaming-headsets","7":"product_tag-gaming-headsets","8":"pa_condition-new","9":"pa_coolblue-de-verzending-morgen-gratis-geliefert","10":"pa_ean-10416","11":"pa_mpn-981-000972","13":"first","14":"instock","15":"product-type-external"},"acf":[],"_links":{"self":[{"href":"https:\/\/onlinehardwareshop.de\/index.php\/wp-json\/wp\/v2\/product\/75068","targetHints":{"allow":["GET"]}}],"collection":[{"href":"https:\/\/onlinehardwareshop.de\/index.php\/wp-json\/wp\/v2\/product"}],"about":[{"href":"https:\/\/onlinehardwareshop.de\/index.php\/wp-json\/wp\/v2\/types\/product"}],"replies":[{"embeddable":true,"href":"https:\/\/onlinehardwareshop.de\/index.php\/wp-json\/wp\/v2\/comments?post=75068"}],"wp:attachment":[{"href":"https:\/\/onlinehardwareshop.de\/index.php\/wp-json\/wp\/v2\/media?parent=75068"}],"wp:term":[{"taxonomy":"brand","embeddable":true,"href":"https:\/\/onlinehardwareshop.de\/index.php\/wp-json\/wp\/v2\/brand?post=75068"},{"taxonomy":"product_brand","embeddable":true,"href":"https:\/\/onlinehardwareshop.de\/index.php\/wp-json\/wp\/v2\/product_brand?post=75068"},{"taxonomy":"product_cat","embeddable":true,"href":"https:\/\/onlinehardwareshop.de\/index.php\/wp-json\/wp\/v2\/product_cat?post=75068"},{"taxonomy":"product_tag","embeddable":true,"href":"https:\/\/onlinehardwareshop.de\/index.php\/wp-json\/wp\/v2\/product_tag?post=75068"}],"curies":[{"name":"wp","href":"https:\/\/api.w.org\/{rel}","templated":true}]}}