{"id":75063,"date":"2024-07-06T20:58:16","date_gmt":"2024-07-06T20:58:16","guid":{"rendered":"https:\/\/onlinehardwareshop.de\/index.php\/produkt\/brother-mfcj5740dw-2\/"},"modified":"2025-05-14T05:32:29","modified_gmt":"2025-05-14T05:32:29","slug":"brother-mfcj5740dw","status":"publish","type":"product","link":"https:\/\/onlinehardwareshop.de\/index.php\/produkt\/brother-mfcj5740dw\/","title":{"rendered":"Brother MFCJ5740DW"},"content":{"rendered":"<p>Mit dem Brother MFCJ5740DW 4-in-1-Tintenstrahldrucker druckst du deine Arbeitsdokumente in lebendigen Farben. Der Drucker ist mit einer Druckgeschwindigkeit von 28 Seite pro Minute in Schwarz-Wei\u00df und Farbe f\u00fcr ein kleines oder mittelgro\u00dfes B\u00fcro geeignet. Die Verbrauchskosten liegen mit 2,8 Cent pro Seite deutlich unter dem Durchschnitt f\u00fcr Tintenstrahldrucker. Au\u00dferdem verf\u00fcgt er \u00fcber zwei Papierkassetten, in die insgesamt 500 Papierb\u00f6gen bis hin zu A3 hineinpassen. So musst du nicht st\u00e4ndig Papier nachf\u00fcllen. Mit der automatischen beidseitigen Druckfunktion sparst du au\u00dferdem Papier. Verbinde den Drucker \u00fcber ein USB-Kabel oder auch kabellos \u00fcber Wi-Fi Direct, Apple AirPrint oder E-Mail Print. Der Drucker l\u00e4sst sich \u00fcber das 8,8\u00a0cm gro\u00dfe LCD-Display oder auch \u00fcber die Brother Mobile Connect App ganz leicht bedienen.<\/p>\n","protected":false},"excerpt":{"rendered":"<p>Mit dem Brother MFCJ5740DW 4-in-1-Tintenstrahldrucker druckst du deine Arbeitsdokumente in lebendigen Farben. Der Drucker ist mit einer Druckgeschwindigkeit von 28 Seite pro Minute in Schwarz-Wei\u00df und Farbe f\u00fcr ein kleines oder mittelgro\u00dfes B\u00fcro geeignet. Die Verbrauchskosten liegen mit 2,8 Cent pro Seite deutlich unter dem Durchschnitt f\u00fcr Tintenstrahldrucker. Au\u00dferdem verf\u00fcgt er \u00fcber zwei Papierkassetten, in die insgesamt 500 Papierb\u00f6gen bis hin zu A3 hineinpassen. So musst du nicht st\u00e4ndig Papier nachf\u00fcllen. Mit der automatischen beidseitigen Druckfunktion sparst du au\u00dferdem Papier. Verbinde den Drucker \u00fcber ein USB-Kabel oder auch kabellos \u00fcber Wi-Fi Direct, Apple AirPrint oder E-Mail Print. Der Drucker l\u00e4sst sich \u00fcber das 8,8\u00a0cm gro\u00dfe LCD-Display oder auch \u00fcber die Brother Mobile Connect App ganz leicht bedienen.<\/p>\n","protected":false},"featured_media":0,"comment_status":"closed","ping_status":"open","template":"","meta":{"_acf_changed":false},"brand":[164],"product_brand":[],"product_cat":[2205],"product_tag":[2206],"class_list":{"0":"post-75063","1":"product","2":"type-product","3":"status-publish","5":"brand-brother","6":"product_cat-drucker","7":"product_tag-inkjetprinters","8":"pa_condition-new","9":"pa_coolblue-de-verzending-morgen-gratis-geliefert","10":"pa_ean-10410","11":"pa_mpn-mfcj5740dwre1","13":"first","14":"instock","15":"product-type-external"},"acf":[],"_links":{"self":[{"href":"https:\/\/onlinehardwareshop.de\/index.php\/wp-json\/wp\/v2\/product\/75063","targetHints":{"allow":["GET"]}}],"collection":[{"href":"https:\/\/onlinehardwareshop.de\/index.php\/wp-json\/wp\/v2\/product"}],"about":[{"href":"https:\/\/onlinehardwareshop.de\/index.php\/wp-json\/wp\/v2\/types\/product"}],"replies":[{"embeddable":true,"href":"https:\/\/onlinehardwareshop.de\/index.php\/wp-json\/wp\/v2\/comments?post=75063"}],"wp:attachment":[{"href":"https:\/\/onlinehardwareshop.de\/index.php\/wp-json\/wp\/v2\/media?parent=75063"}],"wp:term":[{"taxonomy":"brand","embeddable":true,"href":"https:\/\/onlinehardwareshop.de\/index.php\/wp-json\/wp\/v2\/brand?post=75063"},{"taxonomy":"product_brand","embeddable":true,"href":"https:\/\/onlinehardwareshop.de\/index.php\/wp-json\/wp\/v2\/product_brand?post=75063"},{"taxonomy":"product_cat","embeddable":true,"href":"https:\/\/onlinehardwareshop.de\/index.php\/wp-json\/wp\/v2\/product_cat?post=75063"},{"taxonomy":"product_tag","embeddable":true,"href":"https:\/\/onlinehardwareshop.de\/index.php\/wp-json\/wp\/v2\/product_tag?post=75063"}],"curies":[{"name":"wp","href":"https:\/\/api.w.org\/{rel}","templated":true}]}}