{"id":75057,"date":"2025-04-15T14:25:12","date_gmt":"2025-04-15T14:25:12","guid":{"rendered":"https:\/\/onlinehardwareshop.de\/index.php\/produkt\/brother-mfcj6940dw-2\/"},"modified":"2025-05-14T05:32:00","modified_gmt":"2025-05-14T05:32:00","slug":"brother-mfcj6940dw","status":"publish","type":"product","link":"https:\/\/onlinehardwareshop.de\/index.php\/produkt\/brother-mfcj6940dw\/","title":{"rendered":"Brother MFCJ6940DW"},"content":{"rendered":"<p>Der Brother MFCJ6940DW ist ein benutzerfreundlicher 4-in-1-Tintenstrahldrucker und ideal f\u00fcr ein kleines oder mittelgro\u00dfes B\u00fcro. Damit druckst, kopierst, scannst und faxt du bis maximal A3-Format. Der Drucker hat eine Druckgeschwindigkeit von 28 Seiten pro Minute in Schwarz-Wei\u00df und in Farbe, sodass du nicht lange auf deine Dokumente wartest. Die zwei Papierkassetten fassen insgesamt 500 B\u00f6gen Papier. Mit dem automatischen Dokumenteneinzug scannt und kopiert das Ger\u00e4t bis zu 50 B\u00f6gen Papier auf einmal. Der Drucker druckt au\u00dferdem automatisch beidseitig, sodass du auch Papier sparst. Er l\u00e4sst sich sowohl kabelgebunden als auch kabellos verwenden. Du bedienst den Drucker ganz einfach \u00fcber das 6,8\u00a0cm gro\u00dfe LCD-Display oder \u00fcber die Brother Mobile Connect App.<\/p>\n","protected":false},"excerpt":{"rendered":"<p>Der Brother MFCJ6940DW ist ein benutzerfreundlicher 4-in-1-Tintenstrahldrucker und ideal f\u00fcr ein kleines oder mittelgro\u00dfes B\u00fcro. Damit druckst, kopierst, scannst und faxt du bis maximal A3-Format. Der Drucker hat eine Druckgeschwindigkeit von 28 Seiten pro Minute in Schwarz-Wei\u00df und in Farbe, sodass du nicht lange auf deine Dokumente wartest. Die zwei Papierkassetten fassen insgesamt 500 B\u00f6gen Papier. Mit dem automatischen Dokumenteneinzug scannt und kopiert das Ger\u00e4t bis zu 50 B\u00f6gen Papier auf einmal. Der Drucker druckt au\u00dferdem automatisch beidseitig, sodass du auch Papier sparst. Er l\u00e4sst sich sowohl kabelgebunden als auch kabellos verwenden. Du bedienst den Drucker ganz einfach \u00fcber das 6,8\u00a0cm gro\u00dfe LCD-Display oder \u00fcber die Brother Mobile Connect App.<\/p>\n","protected":false},"featured_media":0,"comment_status":"closed","ping_status":"open","template":"","meta":{"_acf_changed":false},"brand":[164],"product_brand":[],"product_cat":[2205],"product_tag":[2206],"class_list":{"0":"post-75057","1":"product","2":"type-product","3":"status-publish","5":"brand-brother","6":"product_cat-drucker","7":"product_tag-inkjetprinters","8":"pa_condition-new","9":"pa_coolblue-de-verzending-morgen-gratis-geliefert","10":"pa_ean-10397","11":"pa_mpn-mfcj6940dwre1","13":"first","14":"instock","15":"product-type-external"},"acf":[],"_links":{"self":[{"href":"https:\/\/onlinehardwareshop.de\/index.php\/wp-json\/wp\/v2\/product\/75057","targetHints":{"allow":["GET"]}}],"collection":[{"href":"https:\/\/onlinehardwareshop.de\/index.php\/wp-json\/wp\/v2\/product"}],"about":[{"href":"https:\/\/onlinehardwareshop.de\/index.php\/wp-json\/wp\/v2\/types\/product"}],"replies":[{"embeddable":true,"href":"https:\/\/onlinehardwareshop.de\/index.php\/wp-json\/wp\/v2\/comments?post=75057"}],"wp:attachment":[{"href":"https:\/\/onlinehardwareshop.de\/index.php\/wp-json\/wp\/v2\/media?parent=75057"}],"wp:term":[{"taxonomy":"brand","embeddable":true,"href":"https:\/\/onlinehardwareshop.de\/index.php\/wp-json\/wp\/v2\/brand?post=75057"},{"taxonomy":"product_brand","embeddable":true,"href":"https:\/\/onlinehardwareshop.de\/index.php\/wp-json\/wp\/v2\/product_brand?post=75057"},{"taxonomy":"product_cat","embeddable":true,"href":"https:\/\/onlinehardwareshop.de\/index.php\/wp-json\/wp\/v2\/product_cat?post=75057"},{"taxonomy":"product_tag","embeddable":true,"href":"https:\/\/onlinehardwareshop.de\/index.php\/wp-json\/wp\/v2\/product_tag?post=75057"}],"curies":[{"name":"wp","href":"https:\/\/api.w.org\/{rel}","templated":true}]}}