{"id":74907,"date":"2024-07-10T08:19:25","date_gmt":"2024-07-10T08:19:25","guid":{"rendered":"https:\/\/onlinehardwareshop.de\/index.php\/produkt\/hyperx-cloud-alpha-kabellos-2\/"},"modified":"2025-05-14T05:18:49","modified_gmt":"2025-05-14T05:18:49","slug":"hyperx-cloud-alpha-kabellos","status":"publish","type":"product","link":"https:\/\/onlinehardwareshop.de\/index.php\/produkt\/hyperx-cloud-alpha-kabellos\/","title":{"rendered":"HyperX Cloud Alpha kabellos"},"content":{"rendered":"<p>Mit dem HyperX Cloud Alpha Kabellosen Gaming-Headset genie\u00dft du beim Gaming absolute Bewegungsfreiheit. Dieses Headset verbindest du \u00fcber einen USB-A-Dongle kabellos mit deiner PlayStation oder deinem PC. So hast du beim Zocken keinen Kabelsalat. Die Dual Chamber 50-mm-Treiber trennen die hohen, mittelhohen und tiefen T\u00f6ne voneinander, sodass der Sound immer besonders klar ist. Dank des Surround Sounds in 360 Grad erlebst du dein Spiel intensiver und h\u00f6rst genau, aus welcher Richtung deine Gegner kommen. Damit bist du ihnen jederzeit einen Schritt voraus. Die durchschnittliche Akkulaufzeit des Headsets betr\u00e4gt 300 Stunden. So erlebst du ausgiebigen Gaming-Spa\u00df, ohne das Headset zwischendurch zu laden. Spielst du \u00f6fter im Single-Player-Modus oder ben\u00f6tigst kein Mikrofon? Dann entferne das Mikrofon einfach vom Headset.<\/p>\n","protected":false},"excerpt":{"rendered":"<p>Mit dem HyperX Cloud Alpha Kabellosen Gaming-Headset genie\u00dft du beim Gaming absolute Bewegungsfreiheit. Dieses Headset verbindest du \u00fcber einen USB-A-Dongle kabellos mit deiner PlayStation oder deinem PC. So hast du beim Zocken keinen Kabelsalat. Die Dual Chamber 50-mm-Treiber trennen die hohen, mittelhohen und tiefen T\u00f6ne voneinander, sodass der Sound immer besonders klar ist. Dank des Surround Sounds in 360 Grad erlebst du dein Spiel intensiver und h\u00f6rst genau, aus welcher Richtung deine Gegner kommen. Damit bist du ihnen jederzeit einen Schritt voraus. Die durchschnittliche Akkulaufzeit des Headsets betr\u00e4gt 300 Stunden. So erlebst du ausgiebigen Gaming-Spa\u00df, ohne das Headset zwischendurch zu laden. Spielst du \u00f6fter im Single-Player-Modus oder ben\u00f6tigst kein Mikrofon? Dann entferne das Mikrofon einfach vom Headset.<\/p>\n","protected":false},"featured_media":0,"comment_status":"closed","ping_status":"open","template":"","meta":{"_acf_changed":false},"brand":[3434],"product_brand":[],"product_cat":[3435],"product_tag":[3436],"class_list":{"0":"post-74907","1":"product","2":"type-product","3":"status-publish","5":"brand-hyperx","6":"product_cat-gaming-headsets","7":"product_tag-gaming-headsets","8":"pa_condition-new","9":"pa_coolblue-de-verzending-morgen-gratis-geliefert","10":"pa_ean-10071","11":"pa_mpn-4p5d4aa","13":"first","14":"instock","15":"product-type-external"},"acf":[],"_links":{"self":[{"href":"https:\/\/onlinehardwareshop.de\/index.php\/wp-json\/wp\/v2\/product\/74907","targetHints":{"allow":["GET"]}}],"collection":[{"href":"https:\/\/onlinehardwareshop.de\/index.php\/wp-json\/wp\/v2\/product"}],"about":[{"href":"https:\/\/onlinehardwareshop.de\/index.php\/wp-json\/wp\/v2\/types\/product"}],"replies":[{"embeddable":true,"href":"https:\/\/onlinehardwareshop.de\/index.php\/wp-json\/wp\/v2\/comments?post=74907"}],"wp:attachment":[{"href":"https:\/\/onlinehardwareshop.de\/index.php\/wp-json\/wp\/v2\/media?parent=74907"}],"wp:term":[{"taxonomy":"brand","embeddable":true,"href":"https:\/\/onlinehardwareshop.de\/index.php\/wp-json\/wp\/v2\/brand?post=74907"},{"taxonomy":"product_brand","embeddable":true,"href":"https:\/\/onlinehardwareshop.de\/index.php\/wp-json\/wp\/v2\/product_brand?post=74907"},{"taxonomy":"product_cat","embeddable":true,"href":"https:\/\/onlinehardwareshop.de\/index.php\/wp-json\/wp\/v2\/product_cat?post=74907"},{"taxonomy":"product_tag","embeddable":true,"href":"https:\/\/onlinehardwareshop.de\/index.php\/wp-json\/wp\/v2\/product_tag?post=74907"}],"curies":[{"name":"wp","href":"https:\/\/api.w.org\/{rel}","templated":true}]}}