{"id":74884,"date":"2024-04-04T11:25:57","date_gmt":"2024-04-04T11:25:57","guid":{"rendered":"https:\/\/onlinehardwareshop.de\/index.php\/produkt\/weber-go-anywhere-weber-go-anywhere-premium-aufbewahrungstasche-2\/"},"modified":"2025-05-14T05:16:38","modified_gmt":"2025-05-14T05:16:38","slug":"weber-go-anywhere-weber-go-anywhere-premium-aufbewahrungstasche","status":"publish","type":"product","link":"https:\/\/onlinehardwareshop.de\/index.php\/produkt\/weber-go-anywhere-weber-go-anywhere-premium-aufbewahrungstasche\/","title":{"rendered":"Weber Go-Anywhere + Weber Go-Anywhere Premium Aufbewahrungstasche"},"content":{"rendered":"<p>Mit der Weber Go-Anywhere + Weber Go-Anywhere Premium Aufbewahrungstasche nimmst du deinen Grill einfach mit an verschiedene Orte. Dank der kleinen Gr\u00f6\u00dfe grillst du auf dem Campingplatz, im Park oder unterwegs. Du stellst den Grill auch auf den Tisch, um mit mehreren Personen gleichzeitig zu grillen. Du bereitest Fleisch, Fisch und Gem\u00fcse f\u00fcr bis zu f\u00fcnf Personen gleichzeitig zu. Die Temperatur regulierst du mit den zwei L\u00fcftungsgittern. \u00d6ffne sie zum Beispiel, um die Temperatur zu erh\u00f6hen. Nach Gebrauch schlie\u00dft du sie und das Feuer erlischt. Die mitgelieferte Aufbewahrungstasche ist wasserdicht und sch\u00fctzt deinen Grill vor Kratzern. Trage die Tasche mit dem langen Henkel bequem \u00fcber der Schulter.<\/p>\n","protected":false},"excerpt":{"rendered":"<p>Mit der Weber Go-Anywhere + Weber Go-Anywhere Premium Aufbewahrungstasche nimmst du deinen Grill einfach mit an verschiedene Orte. Dank der kleinen Gr\u00f6\u00dfe grillst du auf dem Campingplatz, im Park oder unterwegs. Du stellst den Grill auch auf den Tisch, um mit mehreren Personen gleichzeitig zu grillen. Du bereitest Fleisch, Fisch und Gem\u00fcse f\u00fcr bis zu f\u00fcnf Personen gleichzeitig zu. Die Temperatur regulierst du mit den zwei L\u00fcftungsgittern. \u00d6ffne sie zum Beispiel, um die Temperatur zu erh\u00f6hen. Nach Gebrauch schlie\u00dft du sie und das Feuer erlischt. Die mitgelieferte Aufbewahrungstasche ist wasserdicht und sch\u00fctzt deinen Grill vor Kratzern. Trage die Tasche mit dem langen Henkel bequem \u00fcber der Schulter.<\/p>\n","protected":false},"featured_media":0,"comment_status":"closed","ping_status":"open","template":"","meta":{"_acf_changed":false},"brand":[698],"product_brand":[],"product_cat":[699],"product_tag":[700],"class_list":{"0":"post-74884","1":"product","2":"type-product","3":"status-publish","5":"brand-weber","6":"product_cat-grills","7":"product_tag-houtskool-barbecues","8":"pa_condition-new","9":"pa_coolblue-de-verzending-morgen-gratis-geliefert","10":"pa_ean-29747","12":"first","13":"instock","14":"product-type-external"},"acf":[],"_links":{"self":[{"href":"https:\/\/onlinehardwareshop.de\/index.php\/wp-json\/wp\/v2\/product\/74884","targetHints":{"allow":["GET"]}}],"collection":[{"href":"https:\/\/onlinehardwareshop.de\/index.php\/wp-json\/wp\/v2\/product"}],"about":[{"href":"https:\/\/onlinehardwareshop.de\/index.php\/wp-json\/wp\/v2\/types\/product"}],"replies":[{"embeddable":true,"href":"https:\/\/onlinehardwareshop.de\/index.php\/wp-json\/wp\/v2\/comments?post=74884"}],"wp:attachment":[{"href":"https:\/\/onlinehardwareshop.de\/index.php\/wp-json\/wp\/v2\/media?parent=74884"}],"wp:term":[{"taxonomy":"brand","embeddable":true,"href":"https:\/\/onlinehardwareshop.de\/index.php\/wp-json\/wp\/v2\/brand?post=74884"},{"taxonomy":"product_brand","embeddable":true,"href":"https:\/\/onlinehardwareshop.de\/index.php\/wp-json\/wp\/v2\/product_brand?post=74884"},{"taxonomy":"product_cat","embeddable":true,"href":"https:\/\/onlinehardwareshop.de\/index.php\/wp-json\/wp\/v2\/product_cat?post=74884"},{"taxonomy":"product_tag","embeddable":true,"href":"https:\/\/onlinehardwareshop.de\/index.php\/wp-json\/wp\/v2\/product_tag?post=74884"}],"curies":[{"name":"wp","href":"https:\/\/api.w.org\/{rel}","templated":true}]}}