{"id":74819,"date":"2024-02-21T08:25:06","date_gmt":"2024-02-21T08:25:06","guid":{"rendered":"https:\/\/onlinehardwareshop.de\/index.php\/produkt\/tefal-hard-titanium-pro-bratpfanne-28cm-2\/"},"modified":"2025-05-14T05:10:20","modified_gmt":"2025-05-14T05:10:20","slug":"tefal-hard-titanium-pro-bratpfanne-28cm","status":"publish","type":"product","link":"https:\/\/onlinehardwareshop.de\/index.php\/produkt\/tefal-hard-titanium-pro-bratpfanne-28cm\/","title":{"rendered":"Tefal Hard Titanium Pro Bratpfanne 28&#xA0;cm"},"content":{"rendered":"<p>Die Tefal Hard Titanium Pro Bratpfanne 28\u00a0cm eignet sich zum Braten von f\u00fcnf Hamburgern. Die Pfanne hat eine zus\u00e4tzliche Beschichtung, die bis zu dreimal so stark ist wie die standardm\u00e4\u00dfige Antihaftbeschichtung anderer Tefal Bratpfannen. Daher verschlei\u00dft deine Pfanne nicht so schnell und du brauchst zum Braten weniger \u00d6l oder Fett. Dank des Tefal Thermo-Signalpunkts wei\u00dft du ganz genau, wann die Pfanne die richtige Temperatur erreicht hat. Praktisch, so musst du nicht mehr deine Hand \u00fcber die Pfanne halten. Bist du fertig mit dem Braten? Dann sp\u00fcle die Bratpfanne mit der Hand, um ihre Lebensdauer zu verl\u00e4ngern.<\/p>\n","protected":false},"excerpt":{"rendered":"<p>Die Tefal Hard Titanium Pro Bratpfanne 28\u00a0cm eignet sich zum Braten von f\u00fcnf Hamburgern. Die Pfanne hat eine zus\u00e4tzliche Beschichtung, die bis zu dreimal so stark ist wie die standardm\u00e4\u00dfige Antihaftbeschichtung anderer Tefal Bratpfannen. Daher verschlei\u00dft deine Pfanne nicht so schnell und du brauchst zum Braten weniger \u00d6l oder Fett. Dank des Tefal Thermo-Signalpunkts wei\u00dft du ganz genau, wann die Pfanne die richtige Temperatur erreicht hat. Praktisch, so musst du nicht mehr deine Hand \u00fcber die Pfanne halten. Bist du fertig mit dem Braten? Dann sp\u00fcle die Bratpfanne mit der Hand, um ihre Lebensdauer zu verl\u00e4ngern.<\/p>\n","protected":false},"featured_media":0,"comment_status":"closed","ping_status":"open","template":"","meta":{"_acf_changed":false},"brand":[506],"product_brand":[],"product_cat":[372],"product_tag":[384],"class_list":{"0":"post-74819","1":"product","2":"type-product","3":"status-publish","5":"brand-tefal","6":"product_cat-tpfe-und-pfannen","7":"product_tag-koekenpannen","8":"pa_condition-new","9":"pa_coolblue-de-verzending-morgen-gratis-geliefert","10":"pa_ean-28205","11":"pa_mpn-g2890653","13":"first","14":"instock","15":"product-type-external"},"acf":[],"_links":{"self":[{"href":"https:\/\/onlinehardwareshop.de\/index.php\/wp-json\/wp\/v2\/product\/74819","targetHints":{"allow":["GET"]}}],"collection":[{"href":"https:\/\/onlinehardwareshop.de\/index.php\/wp-json\/wp\/v2\/product"}],"about":[{"href":"https:\/\/onlinehardwareshop.de\/index.php\/wp-json\/wp\/v2\/types\/product"}],"replies":[{"embeddable":true,"href":"https:\/\/onlinehardwareshop.de\/index.php\/wp-json\/wp\/v2\/comments?post=74819"}],"wp:attachment":[{"href":"https:\/\/onlinehardwareshop.de\/index.php\/wp-json\/wp\/v2\/media?parent=74819"}],"wp:term":[{"taxonomy":"brand","embeddable":true,"href":"https:\/\/onlinehardwareshop.de\/index.php\/wp-json\/wp\/v2\/brand?post=74819"},{"taxonomy":"product_brand","embeddable":true,"href":"https:\/\/onlinehardwareshop.de\/index.php\/wp-json\/wp\/v2\/product_brand?post=74819"},{"taxonomy":"product_cat","embeddable":true,"href":"https:\/\/onlinehardwareshop.de\/index.php\/wp-json\/wp\/v2\/product_cat?post=74819"},{"taxonomy":"product_tag","embeddable":true,"href":"https:\/\/onlinehardwareshop.de\/index.php\/wp-json\/wp\/v2\/product_tag?post=74819"}],"curies":[{"name":"wp","href":"https:\/\/api.w.org\/{rel}","templated":true}]}}