{"id":74818,"date":"2024-12-16T19:19:56","date_gmt":"2024-12-16T19:19:56","guid":{"rendered":"https:\/\/onlinehardwareshop.de\/index.php\/produkt\/tefal-hard-titanium-pro-bratpfanne-24cm-2\/"},"modified":"2025-05-14T05:10:16","modified_gmt":"2025-05-14T05:10:16","slug":"tefal-hard-titanium-pro-bratpfanne-24cm","status":"publish","type":"product","link":"https:\/\/onlinehardwareshop.de\/index.php\/produkt\/tefal-hard-titanium-pro-bratpfanne-24cm\/","title":{"rendered":"Tefal Hard Titanium Pro Bratpfanne 24&#xA0;cm"},"content":{"rendered":"<p>In der Tefal Hard Titanium Pro Bratpfanne 24\u00a0cm br\u00e4tst du dank der zus\u00e4tzlichen Titanbeschichtung bis zu drei Hamburger mit wenig Butter. Diese Beschichtung ist bis zu dreimal so stark wie die standardm\u00e4\u00dfige Antihaftbeschichtung anderer Tefal Bratpfannen. Daher ist das Braten ges\u00fcnder und es entstehen keine Kratzer auf der Beschichtung. Dank des Tefal Thermo-Signalpunkts wei\u00dft du ganz genau, wann die Pfanne die richtige Temperatur erreicht hat. Praktisch, so musst du nicht mehr deine Hand \u00fcber die Pfanne halten. Bist du fertig mit dem Braten? Dann sp\u00fcle die Bratpfanne mit der Hand, um ihre Lebensdauer zu verl\u00e4ngern.<\/p>\n","protected":false},"excerpt":{"rendered":"<p>In der Tefal Hard Titanium Pro Bratpfanne 24\u00a0cm br\u00e4tst du dank der zus\u00e4tzlichen Titanbeschichtung bis zu drei Hamburger mit wenig Butter. Diese Beschichtung ist bis zu dreimal so stark wie die standardm\u00e4\u00dfige Antihaftbeschichtung anderer Tefal Bratpfannen. Daher ist das Braten ges\u00fcnder und es entstehen keine Kratzer auf der Beschichtung. Dank des Tefal Thermo-Signalpunkts wei\u00dft du ganz genau, wann die Pfanne die richtige Temperatur erreicht hat. Praktisch, so musst du nicht mehr deine Hand \u00fcber die Pfanne halten. Bist du fertig mit dem Braten? Dann sp\u00fcle die Bratpfanne mit der Hand, um ihre Lebensdauer zu verl\u00e4ngern.<\/p>\n","protected":false},"featured_media":0,"comment_status":"closed","ping_status":"open","template":"","meta":{"_acf_changed":false},"brand":[506],"product_brand":[],"product_cat":[372],"product_tag":[384],"class_list":{"0":"post-74818","1":"product","2":"type-product","3":"status-publish","5":"brand-tefal","6":"product_cat-tpfe-und-pfannen","7":"product_tag-koekenpannen","8":"pa_condition-new","9":"pa_coolblue-de-verzending-morgen-gratis-geliefert","10":"pa_ean-28203","11":"pa_mpn-g2890453","13":"first","14":"instock","15":"product-type-external"},"acf":[],"_links":{"self":[{"href":"https:\/\/onlinehardwareshop.de\/index.php\/wp-json\/wp\/v2\/product\/74818","targetHints":{"allow":["GET"]}}],"collection":[{"href":"https:\/\/onlinehardwareshop.de\/index.php\/wp-json\/wp\/v2\/product"}],"about":[{"href":"https:\/\/onlinehardwareshop.de\/index.php\/wp-json\/wp\/v2\/types\/product"}],"replies":[{"embeddable":true,"href":"https:\/\/onlinehardwareshop.de\/index.php\/wp-json\/wp\/v2\/comments?post=74818"}],"wp:attachment":[{"href":"https:\/\/onlinehardwareshop.de\/index.php\/wp-json\/wp\/v2\/media?parent=74818"}],"wp:term":[{"taxonomy":"brand","embeddable":true,"href":"https:\/\/onlinehardwareshop.de\/index.php\/wp-json\/wp\/v2\/brand?post=74818"},{"taxonomy":"product_brand","embeddable":true,"href":"https:\/\/onlinehardwareshop.de\/index.php\/wp-json\/wp\/v2\/product_brand?post=74818"},{"taxonomy":"product_cat","embeddable":true,"href":"https:\/\/onlinehardwareshop.de\/index.php\/wp-json\/wp\/v2\/product_cat?post=74818"},{"taxonomy":"product_tag","embeddable":true,"href":"https:\/\/onlinehardwareshop.de\/index.php\/wp-json\/wp\/v2\/product_tag?post=74818"}],"curies":[{"name":"wp","href":"https:\/\/api.w.org\/{rel}","templated":true}]}}