{"id":74721,"date":"2024-10-25T05:38:53","date_gmt":"2024-10-25T05:38:53","guid":{"rendered":"https:\/\/onlinehardwareshop.de\/index.php\/produkt\/sanus-vtvs1-b2-schwenkbarer-fernseher-standfu-2\/"},"modified":"2025-05-14T05:01:58","modified_gmt":"2025-05-14T05:01:58","slug":"sanus-vtvs1-b2-schwenkbarer-fernseher-standfu","status":"publish","type":"product","link":"https:\/\/onlinehardwareshop.de\/index.php\/produkt\/sanus-vtvs1-b2-schwenkbarer-fernseher-standfu\/","title":{"rendered":"Sanus VTVS1-B2 schwenkbarer Fernseher-Standfu&#xDF;"},"content":{"rendered":"<p>Mit dem Sanus VTVS1-B2 erh\u00e4ltst du einen modernen und elegant designten Standfu\u00df f\u00fcr deinen Fernseher. Dieser Fernseher-Standfu\u00df ist daf\u00fcr vorgesehen, auf einem TV-M\u00f6bel oder auf dem Boden zu stehen, und bietet eine L\u00f6sung, wenn du deinen Fernseher drehen m\u00f6chtest, ihn aber nicht an der Wand befestigen m\u00f6chtest. Du montierst deinen Fernseher auf den Standfu\u00df und kannst ihn dann einfach in jede Richtung schwenken. Der Standfu\u00df ist um zw\u00f6lf Zentimeter in der H\u00f6he verstellbar. Dadurch hast du von \u00fcberall im Zimmer gute Sicht auf den Bildschirm. Dank des Kabelkanals wirst du nicht von sichtbaren Kabeln vom Fernseher gest\u00f6rt. Darin kannst du problemlos alle Kabel verstecken. Dieser Fernseher-Standfu\u00df ist f\u00fcr Fernseher von 32 bis 60 Zoll mit einem maximalen Gewicht von 27 Kilogramm geeignet.<\/p>\n","protected":false},"excerpt":{"rendered":"<p>Mit dem Sanus VTVS1-B2 erh\u00e4ltst du einen modernen und elegant designten Standfu\u00df f\u00fcr deinen Fernseher. Dieser Fernseher-Standfu\u00df ist daf\u00fcr vorgesehen, auf einem TV-M\u00f6bel oder auf dem Boden zu stehen, und bietet eine L\u00f6sung, wenn du deinen Fernseher drehen m\u00f6chtest, ihn aber nicht an der Wand befestigen m\u00f6chtest. Du montierst deinen Fernseher auf den Standfu\u00df und kannst ihn dann einfach in jede Richtung schwenken. Der Standfu\u00df ist um zw\u00f6lf Zentimeter in der H\u00f6he verstellbar. Dadurch hast du von \u00fcberall im Zimmer gute Sicht auf den Bildschirm. Dank des Kabelkanals wirst du nicht von sichtbaren Kabeln vom Fernseher gest\u00f6rt. Darin kannst du problemlos alle Kabel verstecken. Dieser Fernseher-Standfu\u00df ist f\u00fcr Fernseher von 32 bis 60 Zoll mit einem maximalen Gewicht von 27 Kilogramm geeignet.<\/p>\n","protected":false},"featured_media":0,"comment_status":"closed","ping_status":"open","template":"","meta":{"_acf_changed":false},"brand":[9660],"product_brand":[],"product_cat":[6935],"product_tag":[6936],"class_list":{"0":"post-74721","1":"product","2":"type-product","3":"status-publish","5":"brand-sanus","6":"product_cat-fernseherstnder","7":"product_tag-televisie-standaards","8":"pa_condition-new","9":"pa_coolblue-de-verzending-morgen-gratis-geliefert","10":"pa_ean-9658","11":"pa_mpn-vtvs-b2","13":"first","14":"instock","15":"product-type-external"},"acf":[],"_links":{"self":[{"href":"https:\/\/onlinehardwareshop.de\/index.php\/wp-json\/wp\/v2\/product\/74721","targetHints":{"allow":["GET"]}}],"collection":[{"href":"https:\/\/onlinehardwareshop.de\/index.php\/wp-json\/wp\/v2\/product"}],"about":[{"href":"https:\/\/onlinehardwareshop.de\/index.php\/wp-json\/wp\/v2\/types\/product"}],"replies":[{"embeddable":true,"href":"https:\/\/onlinehardwareshop.de\/index.php\/wp-json\/wp\/v2\/comments?post=74721"}],"wp:attachment":[{"href":"https:\/\/onlinehardwareshop.de\/index.php\/wp-json\/wp\/v2\/media?parent=74721"}],"wp:term":[{"taxonomy":"brand","embeddable":true,"href":"https:\/\/onlinehardwareshop.de\/index.php\/wp-json\/wp\/v2\/brand?post=74721"},{"taxonomy":"product_brand","embeddable":true,"href":"https:\/\/onlinehardwareshop.de\/index.php\/wp-json\/wp\/v2\/product_brand?post=74721"},{"taxonomy":"product_cat","embeddable":true,"href":"https:\/\/onlinehardwareshop.de\/index.php\/wp-json\/wp\/v2\/product_cat?post=74721"},{"taxonomy":"product_tag","embeddable":true,"href":"https:\/\/onlinehardwareshop.de\/index.php\/wp-json\/wp\/v2\/product_tag?post=74721"}],"curies":[{"name":"wp","href":"https:\/\/api.w.org\/{rel}","templated":true}]}}