{"id":74671,"date":"2024-02-01T19:35:48","date_gmt":"2024-02-01T19:35:48","guid":{"rendered":"https:\/\/onlinehardwareshop.de\/index.php\/produkt\/krcher-staubsaugerbeutel-fr-wd-2-plus-wd-3-4-x-2\/"},"modified":"2025-05-14T04:57:38","modified_gmt":"2025-05-14T04:57:38","slug":"krcher-staubsaugerbeutel-fr-wd-2-plus-wd-3-4-x","status":"publish","type":"product","link":"https:\/\/onlinehardwareshop.de\/index.php\/produkt\/krcher-staubsaugerbeutel-fr-wd-2-plus-wd-3-4-x\/","title":{"rendered":"K&#xE4;rcher Staubsaugerbeutel f&#xFC;r WD 2 Plus \/ WD 3 (4 x)"},"content":{"rendered":"<p>Diese K\u00e4rcher Staubsaugerbeutel eignen sich f\u00fcr WD 2 Plus, WD 3, WD 3 Battery und KWD 1 bis KWD 3. Au\u00dferdem passen sie zu den K\u00e4rcher Spr\u00fchextraktionsger\u00e4ten SE 4001 und SE 4002. Die Beutel bestehen aus rissbest\u00e4ndigem Vliesmaterial. Deshalb verwendest du die Staubsaugerbeutel auch f\u00fcr anspruchsvolle Arbeiten wie das Aufsaugen von grobem und feuchtem Schmutz. Das Set besteht aus vier St\u00fcck.<\/p>\n","protected":false},"excerpt":{"rendered":"<p>Diese K\u00e4rcher Staubsaugerbeutel eignen sich f\u00fcr WD 2 Plus, WD 3, WD 3 Battery und KWD 1 bis KWD 3. Au\u00dferdem passen sie zu den K\u00e4rcher Spr\u00fchextraktionsger\u00e4ten SE 4001 und SE 4002. Die Beutel bestehen aus rissbest\u00e4ndigem Vliesmaterial. Deshalb verwendest du die Staubsaugerbeutel auch f\u00fcr anspruchsvolle Arbeiten wie das Aufsaugen von grobem und feuchtem Schmutz. Das Set besteht aus vier St\u00fcck.<\/p>\n","protected":false},"featured_media":0,"comment_status":"closed","ping_status":"open","template":"","meta":{"_acf_changed":false},"brand":[294],"product_brand":[],"product_cat":[129],"product_tag":[130],"class_list":{"0":"post-74671","1":"product","2":"type-product","3":"status-publish","5":"brand-karcher","6":"product_cat-staubsaugerbeutel","7":"product_tag-stofzuigerzakken","8":"pa_condition-new","9":"pa_coolblue-de-verzending-morgen-gratis-geliefert","10":"pa_ean-9549","11":"pa_mpn-2-863-314-0","13":"first","14":"instock","15":"product-type-external"},"acf":[],"_links":{"self":[{"href":"https:\/\/onlinehardwareshop.de\/index.php\/wp-json\/wp\/v2\/product\/74671","targetHints":{"allow":["GET"]}}],"collection":[{"href":"https:\/\/onlinehardwareshop.de\/index.php\/wp-json\/wp\/v2\/product"}],"about":[{"href":"https:\/\/onlinehardwareshop.de\/index.php\/wp-json\/wp\/v2\/types\/product"}],"replies":[{"embeddable":true,"href":"https:\/\/onlinehardwareshop.de\/index.php\/wp-json\/wp\/v2\/comments?post=74671"}],"wp:attachment":[{"href":"https:\/\/onlinehardwareshop.de\/index.php\/wp-json\/wp\/v2\/media?parent=74671"}],"wp:term":[{"taxonomy":"brand","embeddable":true,"href":"https:\/\/onlinehardwareshop.de\/index.php\/wp-json\/wp\/v2\/brand?post=74671"},{"taxonomy":"product_brand","embeddable":true,"href":"https:\/\/onlinehardwareshop.de\/index.php\/wp-json\/wp\/v2\/product_brand?post=74671"},{"taxonomy":"product_cat","embeddable":true,"href":"https:\/\/onlinehardwareshop.de\/index.php\/wp-json\/wp\/v2\/product_cat?post=74671"},{"taxonomy":"product_tag","embeddable":true,"href":"https:\/\/onlinehardwareshop.de\/index.php\/wp-json\/wp\/v2\/product_tag?post=74671"}],"curies":[{"name":"wp","href":"https:\/\/api.w.org\/{rel}","templated":true}]}}