{"id":74616,"date":"2024-07-16T22:42:41","date_gmt":"2024-07-16T22:42:41","guid":{"rendered":"https:\/\/onlinehardwareshop.de\/index.php\/produkt\/vogels-tvs-3690-2\/"},"modified":"2025-05-14T04:53:00","modified_gmt":"2025-05-14T04:53:00","slug":"vogels-tvs-3690","status":"publish","type":"product","link":"https:\/\/onlinehardwareshop.de\/index.php\/produkt\/vogels-tvs-3690\/","title":{"rendered":"Vogel&#8217;s TVS 3690"},"content":{"rendered":"<p>Mit dem Vogel&#8217;s TVS 3690 St\u00e4nder kannst du deinen Fernseher an jedem beliebigen Ort in deinem Zimmer aufstellen und von jeder Stelle aus mit der bestm\u00f6glichen Bildqualit\u00e4t sehen. Dieser St\u00e4nder ist drehbar und h\u00f6henverstellbar. Somit kannst du den Bildschirm einfach in jede gew\u00fcnschte Betrachtungsposition einstellen. Du drehst den Fernseher dank der Drehmechanik ohne viel Kraftaufwand. Darum ist dieser St\u00e4nder f\u00fcr empfindliche, d\u00fcnne OLED-Bildschirme geeignet. Durch den besonderen Platz auf der R\u00fcckseite des Bodenst\u00e4nders kannst du die Kabel m\u00fchelos verstauen. Dann fallen sie nicht ins Auge. Mit der mitgelieferten Wasserwaage kannst du den Bodenst\u00e4nder m\u00f6glichst gerade aufstellen.<\/p>\n","protected":false},"excerpt":{"rendered":"<p>Mit dem Vogel&#8217;s TVS 3690 St\u00e4nder kannst du deinen Fernseher an jedem beliebigen Ort in deinem Zimmer aufstellen und von jeder Stelle aus mit der bestm\u00f6glichen Bildqualit\u00e4t sehen. Dieser St\u00e4nder ist drehbar und h\u00f6henverstellbar. Somit kannst du den Bildschirm einfach in jede gew\u00fcnschte Betrachtungsposition einstellen. Du drehst den Fernseher dank der Drehmechanik ohne viel Kraftaufwand. Darum ist dieser St\u00e4nder f\u00fcr empfindliche, d\u00fcnne OLED-Bildschirme geeignet. Durch den besonderen Platz auf der R\u00fcckseite des Bodenst\u00e4nders kannst du die Kabel m\u00fchelos verstauen. Dann fallen sie nicht ins Auge. Mit der mitgelieferten Wasserwaage kannst du den Bodenst\u00e4nder m\u00f6glichst gerade aufstellen.<\/p>\n","protected":false},"featured_media":0,"comment_status":"closed","ping_status":"open","template":"","meta":{"_acf_changed":false},"brand":[1237],"product_brand":[],"product_cat":[6935],"product_tag":[6936],"class_list":{"0":"post-74616","1":"product","2":"type-product","3":"status-publish","5":"brand-vogels","6":"product_cat-fernseherstnder","7":"product_tag-televisie-standaards","8":"pa_condition-new","9":"pa_coolblue-de-verzending-morgen-gratis-geliefert","10":"pa_ean-9425","11":"pa_mpn-9426","13":"first","14":"instock","15":"product-type-external"},"acf":[],"_links":{"self":[{"href":"https:\/\/onlinehardwareshop.de\/index.php\/wp-json\/wp\/v2\/product\/74616","targetHints":{"allow":["GET"]}}],"collection":[{"href":"https:\/\/onlinehardwareshop.de\/index.php\/wp-json\/wp\/v2\/product"}],"about":[{"href":"https:\/\/onlinehardwareshop.de\/index.php\/wp-json\/wp\/v2\/types\/product"}],"replies":[{"embeddable":true,"href":"https:\/\/onlinehardwareshop.de\/index.php\/wp-json\/wp\/v2\/comments?post=74616"}],"wp:attachment":[{"href":"https:\/\/onlinehardwareshop.de\/index.php\/wp-json\/wp\/v2\/media?parent=74616"}],"wp:term":[{"taxonomy":"brand","embeddable":true,"href":"https:\/\/onlinehardwareshop.de\/index.php\/wp-json\/wp\/v2\/brand?post=74616"},{"taxonomy":"product_brand","embeddable":true,"href":"https:\/\/onlinehardwareshop.de\/index.php\/wp-json\/wp\/v2\/product_brand?post=74616"},{"taxonomy":"product_cat","embeddable":true,"href":"https:\/\/onlinehardwareshop.de\/index.php\/wp-json\/wp\/v2\/product_cat?post=74616"},{"taxonomy":"product_tag","embeddable":true,"href":"https:\/\/onlinehardwareshop.de\/index.php\/wp-json\/wp\/v2\/product_tag?post=74616"}],"curies":[{"name":"wp","href":"https:\/\/api.w.org\/{rel}","templated":true}]}}