{"id":74594,"date":"2024-05-27T11:58:21","date_gmt":"2024-05-27T11:58:21","guid":{"rendered":"https:\/\/onlinehardwareshop.de\/index.php\/produkt\/garmin-instinct-2s-graphit-2\/"},"modified":"2025-05-14T04:51:08","modified_gmt":"2025-05-14T04:51:08","slug":"garmin-instinct-2s-graphit","status":"publish","type":"product","link":"https:\/\/onlinehardwareshop.de\/index.php\/produkt\/garmin-instinct-2s-graphit\/","title":{"rendered":"Garmin Instinct 2S Graphit"},"content":{"rendered":"<p>Diese kleine Garmin Instinct 2S Graphit ist die perfekte Uhr f\u00fcr begeisterte Outdoor-Sportler mit schmalem Handgelenk. Diese Smartwatch ist 40\u00a0mm gro\u00df und hat ein kleines Schwarz-Wei\u00df-Display. Du bedienst sie nur \u00fcber ihre Tasten. Die Uhr ist extremen Temperaturen gewachsen, sto\u00dffest und h\u00e4lt Tauchg\u00e4ngen von bis zu 100 Metern Tiefe stand. Die Garmin Instinct gibt dir Einblick in deine VO2max-Werte und die Regenerationszeit nach dem Sport. So wei\u00dft du, ob du schon wieder f\u00fcr ein neues Training bereit bist oder dich ausruhen solltest. Zudem registriert die Smartwatch deine Gesundheit, beispielsweise dein Stresslevel und deine Schlafqualit\u00e4t. Der Akku h\u00e4lt im Smartwatch-Modus bis zu 21 Tage lang durch.  Diese Uhr wird f\u00fcr einen Handgelenkumfang von 13 bis 15\u00a0cm empfohlen.<\/p>\n","protected":false},"excerpt":{"rendered":"<p>Diese kleine Garmin Instinct 2S Graphit ist die perfekte Uhr f\u00fcr begeisterte Outdoor-Sportler mit schmalem Handgelenk. Diese Smartwatch ist 40\u00a0mm gro\u00df und hat ein kleines Schwarz-Wei\u00df-Display. Du bedienst sie nur \u00fcber ihre Tasten. Die Uhr ist extremen Temperaturen gewachsen, sto\u00dffest und h\u00e4lt Tauchg\u00e4ngen von bis zu 100 Metern Tiefe stand. Die Garmin Instinct gibt dir Einblick in deine VO2max-Werte und die Regenerationszeit nach dem Sport. So wei\u00dft du, ob du schon wieder f\u00fcr ein neues Training bereit bist oder dich ausruhen solltest. Zudem registriert die Smartwatch deine Gesundheit, beispielsweise dein Stresslevel und deine Schlafqualit\u00e4t. Der Akku h\u00e4lt im Smartwatch-Modus bis zu 21 Tage lang durch.  Diese Uhr wird f\u00fcr einen Handgelenkumfang von 13 bis 15\u00a0cm empfohlen.<\/p>\n","protected":false},"featured_media":0,"comment_status":"closed","ping_status":"open","template":"","meta":{"_acf_changed":false},"brand":[3804],"product_brand":[],"product_cat":[6848],"product_tag":[6849],"class_list":{"0":"post-74594","1":"product","2":"type-product","3":"status-publish","5":"brand-garmin","6":"product_cat-smartwatches","7":"product_tag-slimme-horloges","8":"pa_condition-new","9":"pa_coolblue-de-verzending-morgen-gratis-geliefert","10":"pa_ean-9388","11":"pa_mpn-010-02563-00","13":"first","14":"instock","15":"product-type-external"},"acf":[],"_links":{"self":[{"href":"https:\/\/onlinehardwareshop.de\/index.php\/wp-json\/wp\/v2\/product\/74594","targetHints":{"allow":["GET"]}}],"collection":[{"href":"https:\/\/onlinehardwareshop.de\/index.php\/wp-json\/wp\/v2\/product"}],"about":[{"href":"https:\/\/onlinehardwareshop.de\/index.php\/wp-json\/wp\/v2\/types\/product"}],"replies":[{"embeddable":true,"href":"https:\/\/onlinehardwareshop.de\/index.php\/wp-json\/wp\/v2\/comments?post=74594"}],"wp:attachment":[{"href":"https:\/\/onlinehardwareshop.de\/index.php\/wp-json\/wp\/v2\/media?parent=74594"}],"wp:term":[{"taxonomy":"brand","embeddable":true,"href":"https:\/\/onlinehardwareshop.de\/index.php\/wp-json\/wp\/v2\/brand?post=74594"},{"taxonomy":"product_brand","embeddable":true,"href":"https:\/\/onlinehardwareshop.de\/index.php\/wp-json\/wp\/v2\/product_brand?post=74594"},{"taxonomy":"product_cat","embeddable":true,"href":"https:\/\/onlinehardwareshop.de\/index.php\/wp-json\/wp\/v2\/product_cat?post=74594"},{"taxonomy":"product_tag","embeddable":true,"href":"https:\/\/onlinehardwareshop.de\/index.php\/wp-json\/wp\/v2\/product_tag?post=74594"}],"curies":[{"name":"wp","href":"https:\/\/api.w.org\/{rel}","templated":true}]}}