{"id":74545,"date":"2024-09-07T00:53:01","date_gmt":"2024-09-07T00:53:01","guid":{"rendered":"https:\/\/onlinehardwareshop.de\/index.php\/produkt\/dewalt-dcs334n-xj-ohne-akku-2\/"},"modified":"2025-05-14T04:46:53","modified_gmt":"2025-05-14T04:46:53","slug":"dewalt-dcs334n-xj-ohne-akku","status":"publish","type":"product","link":"https:\/\/onlinehardwareshop.de\/index.php\/produkt\/dewalt-dcs334n-xj-ohne-akku\/","title":{"rendered":"DeWalt DCS334N-XJ (ohne Akku)"},"content":{"rendered":"<p>Mit der DeWalt DCS334N-XJ (ohne Akku) kannst du lange s\u00e4gen, doch dein Arbeitsplatz bleibt sauber und \u00fcbersichtlich. Die Stichs\u00e4ge hat einen Anschluss f\u00fcr einen Staubsauger, der Staub und S\u00e4gemehl sofort absaugt. Du hat eine maximale S\u00e4geleistung von 135 Millimetern in Holz und 10 Millimetern in Metall. Da du die Geschwindigkeit an deine Aufgabe anpasst, kannst du dir sicher sein, immer ein sauberes S\u00e4geergebnis zu bekommen. Arbeitest du in einem schlecht beleuchteten Raum? Kein Problem, die Stichs\u00e4ge hat eine eingebaute Beleuchtung. So beh\u00e4ltst du immer den \u00dcberblick \u00fcber deine S\u00e4gearbeit. Die DCS334N-XJ geh\u00f6rt zum DeWalt XR 18V-Akkusystem. Wenn du bereits einen Akku dieser Plattform hast, kannst du ihn auch f\u00fcr diese Stichs\u00e4ge verwenden.<\/p>\n","protected":false},"excerpt":{"rendered":"<p>Mit der DeWalt DCS334N-XJ (ohne Akku) kannst du lange s\u00e4gen, doch dein Arbeitsplatz bleibt sauber und \u00fcbersichtlich. Die Stichs\u00e4ge hat einen Anschluss f\u00fcr einen Staubsauger, der Staub und S\u00e4gemehl sofort absaugt. Du hat eine maximale S\u00e4geleistung von 135 Millimetern in Holz und 10 Millimetern in Metall. Da du die Geschwindigkeit an deine Aufgabe anpasst, kannst du dir sicher sein, immer ein sauberes S\u00e4geergebnis zu bekommen. Arbeitest du in einem schlecht beleuchteten Raum? Kein Problem, die Stichs\u00e4ge hat eine eingebaute Beleuchtung. So beh\u00e4ltst du immer den \u00dcberblick \u00fcber deine S\u00e4gearbeit. Die DCS334N-XJ geh\u00f6rt zum DeWalt XR 18V-Akkusystem. Wenn du bereits einen Akku dieser Plattform hast, kannst du ihn auch f\u00fcr diese Stichs\u00e4ge verwenden.<\/p>\n","protected":false},"featured_media":0,"comment_status":"closed","ping_status":"open","template":"","meta":{"_acf_changed":false},"brand":[980],"product_brand":[],"product_cat":[43],"product_tag":[2773],"class_list":{"0":"post-74545","1":"product","2":"type-product","3":"status-publish","5":"brand-dewalt","6":"product_cat-stichsgen","7":"product_tag-accu-decoupeerzagen","8":"pa_condition-new","9":"pa_coolblue-de-verzending-morgen-gratis-geliefert","10":"pa_ean-9296","11":"pa_mpn-dcs334n-xj","13":"first","14":"instock","15":"product-type-external"},"acf":[],"_links":{"self":[{"href":"https:\/\/onlinehardwareshop.de\/index.php\/wp-json\/wp\/v2\/product\/74545","targetHints":{"allow":["GET"]}}],"collection":[{"href":"https:\/\/onlinehardwareshop.de\/index.php\/wp-json\/wp\/v2\/product"}],"about":[{"href":"https:\/\/onlinehardwareshop.de\/index.php\/wp-json\/wp\/v2\/types\/product"}],"replies":[{"embeddable":true,"href":"https:\/\/onlinehardwareshop.de\/index.php\/wp-json\/wp\/v2\/comments?post=74545"}],"wp:attachment":[{"href":"https:\/\/onlinehardwareshop.de\/index.php\/wp-json\/wp\/v2\/media?parent=74545"}],"wp:term":[{"taxonomy":"brand","embeddable":true,"href":"https:\/\/onlinehardwareshop.de\/index.php\/wp-json\/wp\/v2\/brand?post=74545"},{"taxonomy":"product_brand","embeddable":true,"href":"https:\/\/onlinehardwareshop.de\/index.php\/wp-json\/wp\/v2\/product_brand?post=74545"},{"taxonomy":"product_cat","embeddable":true,"href":"https:\/\/onlinehardwareshop.de\/index.php\/wp-json\/wp\/v2\/product_cat?post=74545"},{"taxonomy":"product_tag","embeddable":true,"href":"https:\/\/onlinehardwareshop.de\/index.php\/wp-json\/wp\/v2\/product_tag?post=74545"}],"curies":[{"name":"wp","href":"https:\/\/api.w.org\/{rel}","templated":true}]}}