{"id":74421,"date":"2024-03-16T04:55:22","date_gmt":"2024-03-16T04:55:22","guid":{"rendered":"https:\/\/onlinehardwareshop.de\/index.php\/produkt\/kingston-fury-renegade-ssd-1tb-2\/"},"modified":"2025-05-14T04:36:03","modified_gmt":"2025-05-14T04:36:03","slug":"kingston-fury-renegade-ssd-1tb","status":"publish","type":"product","link":"https:\/\/onlinehardwareshop.de\/index.php\/produkt\/kingston-fury-renegade-ssd-1tb\/","title":{"rendered":"Kingston FURY Renegade SSD 1&#xA0;TB"},"content":{"rendered":"<p>Die Kingston FURY Renegade SSD 1\u00a0TB bietet Gaming- und Hardware-Fans eine ad\u00e4quat hohe Leistung. Suchst du eine SSD f\u00fcr extreme Leistungen deines PCs? Dann ist diese SSD goldrichtig f\u00fcr dich. Mit dem neuesten Gen 4&#215;4 NVMe Controller und 3D TLC NAND verwirklicht die SSD Geschwindigkeiten bis 7.300\u00a0MB\/s zum Lesen und Schreiben. Dar\u00fcber hinaus erreicht sie 1.000.000 IOPS f\u00fcr Konsistenz und ein au\u00dfergew\u00f6hnliches Gaming-Erlebnis. Verleihe deinem PC einen Schub in Sachen Reaktionszeit, Ladezeiten von Spiele und statte ihn mit der h\u00f6chstwertigen Qualit\u00e4t f\u00fcr Streamings und Gamecaptures aus. Der Flash-Speicher ist f\u00fcr die intensive Nutzung in PCs, Laptops und der PlayStation\u00a05 ausgelegt. Die Kapazit\u00e4t dieser SSD betr\u00e4gt 1\u00a0TB.<\/p>\n","protected":false},"excerpt":{"rendered":"<p>Die Kingston FURY Renegade SSD 1\u00a0TB bietet Gaming- und Hardware-Fans eine ad\u00e4quat hohe Leistung. Suchst du eine SSD f\u00fcr extreme Leistungen deines PCs? Dann ist diese SSD goldrichtig f\u00fcr dich. Mit dem neuesten Gen 4&#215;4 NVMe Controller und 3D TLC NAND verwirklicht die SSD Geschwindigkeiten bis 7.300\u00a0MB\/s zum Lesen und Schreiben. Dar\u00fcber hinaus erreicht sie 1.000.000 IOPS f\u00fcr Konsistenz und ein au\u00dfergew\u00f6hnliches Gaming-Erlebnis. Verleihe deinem PC einen Schub in Sachen Reaktionszeit, Ladezeiten von Spiele und statte ihn mit der h\u00f6chstwertigen Qualit\u00e4t f\u00fcr Streamings und Gamecaptures aus. Der Flash-Speicher ist f\u00fcr die intensive Nutzung in PCs, Laptops und der PlayStation\u00a05 ausgelegt. Die Kapazit\u00e4t dieser SSD betr\u00e4gt 1\u00a0TB.<\/p>\n","protected":false},"featured_media":0,"comment_status":"closed","ping_status":"open","template":"","meta":{"_acf_changed":false},"brand":[2956],"product_brand":[],"product_cat":[2957],"product_tag":[7168],"class_list":{"0":"post-74421","1":"product","2":"type-product","3":"status-publish","5":"brand-kingston","6":"product_cat-solid-state-drives-ssd","7":"product_tag-m-2-ssd","8":"pa_condition-new","9":"pa_coolblue-de-verzending-morgen-gratis-geliefert","10":"pa_ean-9060","11":"pa_mpn-sfyrs-1000g","13":"first","14":"instock","15":"product-type-external"},"acf":[],"_links":{"self":[{"href":"https:\/\/onlinehardwareshop.de\/index.php\/wp-json\/wp\/v2\/product\/74421","targetHints":{"allow":["GET"]}}],"collection":[{"href":"https:\/\/onlinehardwareshop.de\/index.php\/wp-json\/wp\/v2\/product"}],"about":[{"href":"https:\/\/onlinehardwareshop.de\/index.php\/wp-json\/wp\/v2\/types\/product"}],"replies":[{"embeddable":true,"href":"https:\/\/onlinehardwareshop.de\/index.php\/wp-json\/wp\/v2\/comments?post=74421"}],"wp:attachment":[{"href":"https:\/\/onlinehardwareshop.de\/index.php\/wp-json\/wp\/v2\/media?parent=74421"}],"wp:term":[{"taxonomy":"brand","embeddable":true,"href":"https:\/\/onlinehardwareshop.de\/index.php\/wp-json\/wp\/v2\/brand?post=74421"},{"taxonomy":"product_brand","embeddable":true,"href":"https:\/\/onlinehardwareshop.de\/index.php\/wp-json\/wp\/v2\/product_brand?post=74421"},{"taxonomy":"product_cat","embeddable":true,"href":"https:\/\/onlinehardwareshop.de\/index.php\/wp-json\/wp\/v2\/product_cat?post=74421"},{"taxonomy":"product_tag","embeddable":true,"href":"https:\/\/onlinehardwareshop.de\/index.php\/wp-json\/wp\/v2\/product_tag?post=74421"}],"curies":[{"name":"wp","href":"https:\/\/api.w.org\/{rel}","templated":true}]}}