{"id":74179,"date":"2025-01-04T17:21:56","date_gmt":"2025-01-04T17:21:56","guid":{"rendered":"https:\/\/onlinehardwareshop.de\/index.php\/produkt\/kobo-sage-2\/"},"modified":"2025-05-14T04:14:37","modified_gmt":"2025-05-14T04:14:37","slug":"kobo-sage","status":"publish","type":"product","link":"https:\/\/onlinehardwareshop.de\/index.php\/produkt\/kobo-sage\/","title":{"rendered":"Kobo Sage"},"content":{"rendered":"<p>Mit dem Kobo Sage liest du deine Lieblingsb\u00fccher auf bequeme Weise in einem Zug durch. Der eBook-Reader hat ein gro\u00dfes 8-Zoll-Display, auf dem Texte gut lesbar sind und man nicht so oft die Seite umschlagen muss. Das Display ist au\u00dferdem ruhig f\u00fcr deine Augen. Die Comfortlight-Pro-Displaytechnologie filtert n\u00e4mlich blaues Licht und passt die Displaybeleuchtung und Farbtemperatur automatisch basierend auf dem Umgebungslicht an. Im Bad oder am Strand zu lesen ist kein Problem, weil der eBook-Reader ein wasserbest\u00e4ndiges Geh\u00e4use hat. Der eBook-Reader unterst\u00fctzt auch den separat erh\u00e4ltlichen Kobo Stylus. Damit machst du dir beim Lesen Notizen oder tippst m\u00fchelos ein Wort an, um seine Bedeutung aufzusuchen. Mit einem 32-GB-Speicherplatz hast du genug Platz f\u00fcr eine ziemlich gro\u00dfe B\u00fcchersammlung, die um die 30.000 B\u00fccher umfassen kann.<\/p>\n","protected":false},"excerpt":{"rendered":"<p>Mit dem Kobo Sage liest du deine Lieblingsb\u00fccher auf bequeme Weise in einem Zug durch. Der eBook-Reader hat ein gro\u00dfes 8-Zoll-Display, auf dem Texte gut lesbar sind und man nicht so oft die Seite umschlagen muss. Das Display ist au\u00dferdem ruhig f\u00fcr deine Augen. Die Comfortlight-Pro-Displaytechnologie filtert n\u00e4mlich blaues Licht und passt die Displaybeleuchtung und Farbtemperatur automatisch basierend auf dem Umgebungslicht an. Im Bad oder am Strand zu lesen ist kein Problem, weil der eBook-Reader ein wasserbest\u00e4ndiges Geh\u00e4use hat. Der eBook-Reader unterst\u00fctzt auch den separat erh\u00e4ltlichen Kobo Stylus. Damit machst du dir beim Lesen Notizen oder tippst m\u00fchelos ein Wort an, um seine Bedeutung aufzusuchen. Mit einem 32-GB-Speicherplatz hast du genug Platz f\u00fcr eine ziemlich gro\u00dfe B\u00fcchersammlung, die um die 30.000 B\u00fccher umfassen kann.<\/p>\n","protected":false},"featured_media":0,"comment_status":"closed","ping_status":"open","template":"","meta":{"_acf_changed":false},"brand":[8608],"product_brand":[],"product_cat":[8609],"product_tag":[8610],"class_list":{"0":"post-74179","1":"product","2":"type-product","3":"status-publish","5":"brand-kobo","6":"product_cat-ebook-reader","7":"product_tag-e-readers","8":"pa_condition-new","9":"pa_coolblue-de-verzending-morgen-gratis-geliefert","10":"pa_ean-8606","11":"pa_mpn-n778-ku-bk-k-ep","13":"first","14":"instock","15":"product-type-external"},"acf":[],"_links":{"self":[{"href":"https:\/\/onlinehardwareshop.de\/index.php\/wp-json\/wp\/v2\/product\/74179","targetHints":{"allow":["GET"]}}],"collection":[{"href":"https:\/\/onlinehardwareshop.de\/index.php\/wp-json\/wp\/v2\/product"}],"about":[{"href":"https:\/\/onlinehardwareshop.de\/index.php\/wp-json\/wp\/v2\/types\/product"}],"replies":[{"embeddable":true,"href":"https:\/\/onlinehardwareshop.de\/index.php\/wp-json\/wp\/v2\/comments?post=74179"}],"wp:attachment":[{"href":"https:\/\/onlinehardwareshop.de\/index.php\/wp-json\/wp\/v2\/media?parent=74179"}],"wp:term":[{"taxonomy":"brand","embeddable":true,"href":"https:\/\/onlinehardwareshop.de\/index.php\/wp-json\/wp\/v2\/brand?post=74179"},{"taxonomy":"product_brand","embeddable":true,"href":"https:\/\/onlinehardwareshop.de\/index.php\/wp-json\/wp\/v2\/product_brand?post=74179"},{"taxonomy":"product_cat","embeddable":true,"href":"https:\/\/onlinehardwareshop.de\/index.php\/wp-json\/wp\/v2\/product_cat?post=74179"},{"taxonomy":"product_tag","embeddable":true,"href":"https:\/\/onlinehardwareshop.de\/index.php\/wp-json\/wp\/v2\/product_tag?post=74179"}],"curies":[{"name":"wp","href":"https:\/\/api.w.org\/{rel}","templated":true}]}}