{"id":73894,"date":"2024-01-28T21:11:33","date_gmt":"2024-01-28T21:11:33","guid":{"rendered":"https:\/\/onlinehardwareshop.de\/index.php\/produkt\/house-of-marley-positive-vibration-xl-anc-schwarz-2\/"},"modified":"2025-05-14T03:50:37","modified_gmt":"2025-05-14T03:50:37","slug":"house-of-marley-positive-vibration-xl-anc-schwarz","status":"publish","type":"product","link":"https:\/\/onlinehardwareshop.de\/index.php\/produkt\/house-of-marley-positive-vibration-xl-anc-schwarz\/","title":{"rendered":"House of Marley Positive Vibration XL ANC Schwarz"},"content":{"rendered":"<p>Mit den House of Marley Positive Vibration XL ANC triffst du eine umweltfreundliche Wahl. Das Kopfband des Kopfh\u00f6rers wird aus Recyclingmaterial gefertigt und die Ohrmuscheln bestehen aus recycelbarem Aluminium. Das Logo von House of Marley auf den Ohrmuscheln ist aus Holz mit FSC-Zertifizierung. H\u00f6rst du unterwegs gern Musik? Dann schalte das aktive Noise Cancelling ein. Diese Technologie d\u00e4mpft st\u00f6rende Umgebungsger\u00e4usche und Rauschen. Mit eingeschaltetem Noise Cancelling h\u00e4lt der Kopfh\u00f6rer 26 Stunden lang. Wenn du ohne Noise Cancelling Musik h\u00f6rst, hat der Kopfh\u00f6rer eine Akkulaufzeit von 35 Stunden. Wenn der Akku leer ist, l\u00e4dst du ihn \u00fcber das mitgelieferte USB-C-Ladekabel auf.<\/p>\n","protected":false},"excerpt":{"rendered":"<p>Mit den House of Marley Positive Vibration XL ANC triffst du eine umweltfreundliche Wahl. Das Kopfband des Kopfh\u00f6rers wird aus Recyclingmaterial gefertigt und die Ohrmuscheln bestehen aus recycelbarem Aluminium. Das Logo von House of Marley auf den Ohrmuscheln ist aus Holz mit FSC-Zertifizierung. H\u00f6rst du unterwegs gern Musik? Dann schalte das aktive Noise Cancelling ein. Diese Technologie d\u00e4mpft st\u00f6rende Umgebungsger\u00e4usche und Rauschen. Mit eingeschaltetem Noise Cancelling h\u00e4lt der Kopfh\u00f6rer 26 Stunden lang. Wenn du ohne Noise Cancelling Musik h\u00f6rst, hat der Kopfh\u00f6rer eine Akkulaufzeit von 35 Stunden. Wenn der Akku leer ist, l\u00e4dst du ihn \u00fcber das mitgelieferte USB-C-Ladekabel auf.<\/p>\n","protected":false},"featured_media":0,"comment_status":"closed","ping_status":"open","template":"","meta":{"_acf_changed":false},"brand":[4871],"product_brand":[],"product_cat":[1182],"product_tag":[5609],"class_list":{"0":"post-73894","1":"product","2":"type-product","3":"status-publish","5":"brand-house-of-marley","6":"product_cat-kopfhrer","7":"product_tag-hoofdtelefoons-met-noisecancelling","8":"pa_condition-new","9":"pa_coolblue-de-verzending-morgen-gratis-geliefert","10":"pa_ean-7995","11":"pa_mpn-7996","13":"first","14":"instock","15":"product-type-external"},"acf":[],"_links":{"self":[{"href":"https:\/\/onlinehardwareshop.de\/index.php\/wp-json\/wp\/v2\/product\/73894","targetHints":{"allow":["GET"]}}],"collection":[{"href":"https:\/\/onlinehardwareshop.de\/index.php\/wp-json\/wp\/v2\/product"}],"about":[{"href":"https:\/\/onlinehardwareshop.de\/index.php\/wp-json\/wp\/v2\/types\/product"}],"replies":[{"embeddable":true,"href":"https:\/\/onlinehardwareshop.de\/index.php\/wp-json\/wp\/v2\/comments?post=73894"}],"wp:attachment":[{"href":"https:\/\/onlinehardwareshop.de\/index.php\/wp-json\/wp\/v2\/media?parent=73894"}],"wp:term":[{"taxonomy":"brand","embeddable":true,"href":"https:\/\/onlinehardwareshop.de\/index.php\/wp-json\/wp\/v2\/brand?post=73894"},{"taxonomy":"product_brand","embeddable":true,"href":"https:\/\/onlinehardwareshop.de\/index.php\/wp-json\/wp\/v2\/product_brand?post=73894"},{"taxonomy":"product_cat","embeddable":true,"href":"https:\/\/onlinehardwareshop.de\/index.php\/wp-json\/wp\/v2\/product_cat?post=73894"},{"taxonomy":"product_tag","embeddable":true,"href":"https:\/\/onlinehardwareshop.de\/index.php\/wp-json\/wp\/v2\/product_tag?post=73894"}],"curies":[{"name":"wp","href":"https:\/\/api.w.org\/{rel}","templated":true}]}}