{"id":73776,"date":"2024-04-07T11:40:12","date_gmt":"2024-04-07T11:40:12","guid":{"rendered":"https:\/\/onlinehardwareshop.de\/index.php\/produkt\/sony-ecm-lv1-stereo-lavaliermikrofon-2\/"},"modified":"2025-05-14T03:31:06","modified_gmt":"2025-05-14T03:31:06","slug":"sony-ecm-lv1-stereo-lavaliermikrofon","status":"publish","type":"product","link":"https:\/\/onlinehardwareshop.de\/index.php\/produkt\/sony-ecm-lv1-stereo-lavaliermikrofon\/","title":{"rendered":"Sony ECM-LV1 Stereo-Lavaliermikrofon"},"content":{"rendered":"<p>Das Sony ECM-LV1 Stereo Lavaliermikrofon ist ein kleines Lavaliermikrofon zum Aufnehmen von Interviews und Vlogs. Damit verbesserst du die Klangqualit\u00e4t deiner Videobilder. Dank des kompakten Designs kannst du das Mikrofon problemlos mitnehmen. Das ist n\u00fctzlich f\u00fcr Journalisten oder Videofilmer, die regelm\u00e4\u00dfig unterwegs sind. Das Mikrofon befestigst du mit einem Clip an deiner Kleidung. Au\u00dferdem kannst du das Mikrofon ganz einfach verbergen, damit es nicht im Bild ist. Das Aufnahmemuster ist omnidirektional und zeichnet Ton \u00fcber 360 Grad auf. Mit dem 3,5 mm Klinken-TRS-Anschluss kannst du dieses Mikrofon \u00fcber diesen Anschluss auch mit anderen Aufnahmeger\u00e4ten verbinden.<\/p>\n","protected":false},"excerpt":{"rendered":"<p>Das Sony ECM-LV1 Stereo Lavaliermikrofon ist ein kleines Lavaliermikrofon zum Aufnehmen von Interviews und Vlogs. Damit verbesserst du die Klangqualit\u00e4t deiner Videobilder. Dank des kompakten Designs kannst du das Mikrofon problemlos mitnehmen. Das ist n\u00fctzlich f\u00fcr Journalisten oder Videofilmer, die regelm\u00e4\u00dfig unterwegs sind. Das Mikrofon befestigst du mit einem Clip an deiner Kleidung. Au\u00dferdem kannst du das Mikrofon ganz einfach verbergen, damit es nicht im Bild ist. Das Aufnahmemuster ist omnidirektional und zeichnet Ton \u00fcber 360 Grad auf. Mit dem 3,5 mm Klinken-TRS-Anschluss kannst du dieses Mikrofon \u00fcber diesen Anschluss auch mit anderen Aufnahmeger\u00e4ten verbinden.<\/p>\n","protected":false},"featured_media":0,"comment_status":"closed","ping_status":"open","template":"","meta":{"_acf_changed":false},"brand":[56],"product_brand":[],"product_cat":[1570],"product_tag":[1571],"class_list":{"0":"post-73776","1":"product","2":"type-product","3":"status-publish","5":"brand-sony","6":"product_cat-kameramikrofone","7":"product_tag-cameramicrofoons","8":"pa_condition-new","9":"pa_coolblue-de-verzending-morgen-gratis-geliefert","10":"pa_ean-7726","11":"pa_mpn-ecmlv1-syu","13":"first","14":"instock","15":"product-type-external"},"acf":[],"_links":{"self":[{"href":"https:\/\/onlinehardwareshop.de\/index.php\/wp-json\/wp\/v2\/product\/73776","targetHints":{"allow":["GET"]}}],"collection":[{"href":"https:\/\/onlinehardwareshop.de\/index.php\/wp-json\/wp\/v2\/product"}],"about":[{"href":"https:\/\/onlinehardwareshop.de\/index.php\/wp-json\/wp\/v2\/types\/product"}],"replies":[{"embeddable":true,"href":"https:\/\/onlinehardwareshop.de\/index.php\/wp-json\/wp\/v2\/comments?post=73776"}],"wp:attachment":[{"href":"https:\/\/onlinehardwareshop.de\/index.php\/wp-json\/wp\/v2\/media?parent=73776"}],"wp:term":[{"taxonomy":"brand","embeddable":true,"href":"https:\/\/onlinehardwareshop.de\/index.php\/wp-json\/wp\/v2\/brand?post=73776"},{"taxonomy":"product_brand","embeddable":true,"href":"https:\/\/onlinehardwareshop.de\/index.php\/wp-json\/wp\/v2\/product_brand?post=73776"},{"taxonomy":"product_cat","embeddable":true,"href":"https:\/\/onlinehardwareshop.de\/index.php\/wp-json\/wp\/v2\/product_cat?post=73776"},{"taxonomy":"product_tag","embeddable":true,"href":"https:\/\/onlinehardwareshop.de\/index.php\/wp-json\/wp\/v2\/product_tag?post=73776"}],"curies":[{"name":"wp","href":"https:\/\/api.w.org\/{rel}","templated":true}]}}