{"id":73710,"date":"2024-07-01T17:32:25","date_gmt":"2024-07-01T17:32:25","guid":{"rendered":"https:\/\/onlinehardwareshop.de\/index.php\/produkt\/eufy-entry-sensor-2\/"},"modified":"2025-05-14T03:25:05","modified_gmt":"2025-05-14T03:25:05","slug":"eufy-entry-sensor","status":"publish","type":"product","link":"https:\/\/onlinehardwareshop.de\/index.php\/produkt\/eufy-entry-sensor\/","title":{"rendered":"Eufy Entry Sensor"},"content":{"rendered":"<p>Erweitere deinen Eufy Alarm mit dem Eufy Eingangssensor. Du bringst diesen Sensor an einer T\u00fcr oder in der N\u00e4he eines Fensters an und bekommst beim \u00d6ffnen ein Alarmsignal. Du h\u00f6rst nicht nur den Alarm im Haus, sondern erh\u00e4ltst auch eine Benachrichtigung auf deinem Smartphone. Um diese Erweiterung zu verwenden, schlie\u00dft du den Sensor an eine Eufy-Basisstation an. Der Sensor funktioniert mit einer Batterie, die etwa 2 Jahre h\u00e4lt.<\/p>\n","protected":false},"excerpt":{"rendered":"<p>Erweitere deinen Eufy Alarm mit dem Eufy Eingangssensor. Du bringst diesen Sensor an einer T\u00fcr oder in der N\u00e4he eines Fensters an und bekommst beim \u00d6ffnen ein Alarmsignal. Du h\u00f6rst nicht nur den Alarm im Haus, sondern erh\u00e4ltst auch eine Benachrichtigung auf deinem Smartphone. Um diese Erweiterung zu verwenden, schlie\u00dft du den Sensor an eine Eufy-Basisstation an. Der Sensor funktioniert mit einer Batterie, die etwa 2 Jahre h\u00e4lt.<\/p>\n","protected":false},"featured_media":0,"comment_status":"closed","ping_status":"open","template":"","meta":{"_acf_changed":false},"brand":[5456],"product_brand":[],"product_cat":[5658],"product_tag":[5659],"class_list":{"0":"post-73710","1":"product","2":"type-product","3":"status-publish","5":"brand-eufy","6":"product_cat-magnetkontakte","7":"product_tag-magneetcontacten","8":"pa_condition-new","9":"pa_coolblue-de-verzending-morgen-gratis-geliefert","10":"pa_ean-7580","11":"pa_mpn-t89000d4","13":"first","14":"instock","15":"product-type-external"},"acf":[],"_links":{"self":[{"href":"https:\/\/onlinehardwareshop.de\/index.php\/wp-json\/wp\/v2\/product\/73710","targetHints":{"allow":["GET"]}}],"collection":[{"href":"https:\/\/onlinehardwareshop.de\/index.php\/wp-json\/wp\/v2\/product"}],"about":[{"href":"https:\/\/onlinehardwareshop.de\/index.php\/wp-json\/wp\/v2\/types\/product"}],"replies":[{"embeddable":true,"href":"https:\/\/onlinehardwareshop.de\/index.php\/wp-json\/wp\/v2\/comments?post=73710"}],"wp:attachment":[{"href":"https:\/\/onlinehardwareshop.de\/index.php\/wp-json\/wp\/v2\/media?parent=73710"}],"wp:term":[{"taxonomy":"brand","embeddable":true,"href":"https:\/\/onlinehardwareshop.de\/index.php\/wp-json\/wp\/v2\/brand?post=73710"},{"taxonomy":"product_brand","embeddable":true,"href":"https:\/\/onlinehardwareshop.de\/index.php\/wp-json\/wp\/v2\/product_brand?post=73710"},{"taxonomy":"product_cat","embeddable":true,"href":"https:\/\/onlinehardwareshop.de\/index.php\/wp-json\/wp\/v2\/product_cat?post=73710"},{"taxonomy":"product_tag","embeddable":true,"href":"https:\/\/onlinehardwareshop.de\/index.php\/wp-json\/wp\/v2\/product_tag?post=73710"}],"curies":[{"name":"wp","href":"https:\/\/api.w.org\/{rel}","templated":true}]}}