{"id":73671,"date":"2024-08-11T10:21:52","date_gmt":"2024-08-11T10:21:52","guid":{"rendered":"https:\/\/onlinehardwareshop.de\/index.php\/produkt\/kenwood-kmix-creme-2\/"},"modified":"2025-05-14T03:21:41","modified_gmt":"2025-05-14T03:21:41","slug":"kenwood-kmix-creme","status":"publish","type":"product","link":"https:\/\/onlinehardwareshop.de\/index.php\/produkt\/kenwood-kmix-creme\/","title":{"rendered":"Kenwood kMix Creme"},"content":{"rendered":"<p>Die Kenwood kMix KMX750CR Creme ist eine leistungsstarke K\u00fcchenmaschine f\u00fcr begeisterte Hobbyk\u00f6che. Diese K\u00fcchenmaschine hat eine Leistung von 1.000 Watt. Darin mischst und r\u00fchrst du Teig oder knetest Brot- oder Pizzateig mit dem mitgelieferten Schneebesen, Mixer und Knethaken. In der 5-Liter-R\u00fchrsch\u00fcssel schl\u00e4gst du bis zu 12 Eiwei\u00dfe gleichzeitig steif. Da dieser Mixer die Geschwindigkeit langsam erh\u00f6ht, wei\u00dft du genau, dass die Zutaten nicht zu schnell gemischt werden und der Teig locker bleibt. Fertig mit Backen? Zum Gl\u00fcck ist die Reinigung genauso einfach. Die R\u00fchrsch\u00fcssel ist sp\u00fclmaschinenfest und der Spritzschutzdeckel verhindert, dass Teigspritzer durch deine K\u00fcche fliegen. Wenn du eine leistungsstarke K\u00fcchenmaschine mit einer R\u00fchrsch\u00fcssel von 5 Litern suchst, ist diese K\u00fcchenmaschine genau die Richtige f\u00fcr dich.<\/p>\n","protected":false},"excerpt":{"rendered":"<p>Die Kenwood kMix KMX750CR Creme ist eine leistungsstarke K\u00fcchenmaschine f\u00fcr begeisterte Hobbyk\u00f6che. Diese K\u00fcchenmaschine hat eine Leistung von 1.000 Watt. Darin mischst und r\u00fchrst du Teig oder knetest Brot- oder Pizzateig mit dem mitgelieferten Schneebesen, Mixer und Knethaken. In der 5-Liter-R\u00fchrsch\u00fcssel schl\u00e4gst du bis zu 12 Eiwei\u00dfe gleichzeitig steif. Da dieser Mixer die Geschwindigkeit langsam erh\u00f6ht, wei\u00dft du genau, dass die Zutaten nicht zu schnell gemischt werden und der Teig locker bleibt. Fertig mit Backen? Zum Gl\u00fcck ist die Reinigung genauso einfach. Die R\u00fchrsch\u00fcssel ist sp\u00fclmaschinenfest und der Spritzschutzdeckel verhindert, dass Teigspritzer durch deine K\u00fcche fliegen. Wenn du eine leistungsstarke K\u00fcchenmaschine mit einer R\u00fchrsch\u00fcssel von 5 Litern suchst, ist diese K\u00fcchenmaschine genau die Richtige f\u00fcr dich.<\/p>\n","protected":false},"featured_media":0,"comment_status":"closed","ping_status":"open","template":"","meta":{"_acf_changed":false},"brand":[234],"product_brand":[],"product_cat":[2306],"product_tag":[2307],"class_list":{"0":"post-73671","1":"product","2":"type-product","3":"status-publish","5":"brand-kenwood","6":"product_cat-kchenmaschinen","7":"product_tag-keukenmixers","8":"pa_condition-new","9":"pa_coolblue-de-verzending-morgen-gratis-geliefert","10":"pa_ean-7519","11":"pa_mpn-0w20011422","13":"first","14":"instock","15":"product-type-external"},"acf":[],"_links":{"self":[{"href":"https:\/\/onlinehardwareshop.de\/index.php\/wp-json\/wp\/v2\/product\/73671","targetHints":{"allow":["GET"]}}],"collection":[{"href":"https:\/\/onlinehardwareshop.de\/index.php\/wp-json\/wp\/v2\/product"}],"about":[{"href":"https:\/\/onlinehardwareshop.de\/index.php\/wp-json\/wp\/v2\/types\/product"}],"replies":[{"embeddable":true,"href":"https:\/\/onlinehardwareshop.de\/index.php\/wp-json\/wp\/v2\/comments?post=73671"}],"wp:attachment":[{"href":"https:\/\/onlinehardwareshop.de\/index.php\/wp-json\/wp\/v2\/media?parent=73671"}],"wp:term":[{"taxonomy":"brand","embeddable":true,"href":"https:\/\/onlinehardwareshop.de\/index.php\/wp-json\/wp\/v2\/brand?post=73671"},{"taxonomy":"product_brand","embeddable":true,"href":"https:\/\/onlinehardwareshop.de\/index.php\/wp-json\/wp\/v2\/product_brand?post=73671"},{"taxonomy":"product_cat","embeddable":true,"href":"https:\/\/onlinehardwareshop.de\/index.php\/wp-json\/wp\/v2\/product_cat?post=73671"},{"taxonomy":"product_tag","embeddable":true,"href":"https:\/\/onlinehardwareshop.de\/index.php\/wp-json\/wp\/v2\/product_tag?post=73671"}],"curies":[{"name":"wp","href":"https:\/\/api.w.org\/{rel}","templated":true}]}}