{"id":73662,"date":"2024-02-26T21:11:18","date_gmt":"2024-02-26T21:11:18","guid":{"rendered":"https:\/\/onlinehardwareshop.de\/index.php\/produkt\/epson-ecotank-et-8550-2\/"},"modified":"2025-05-14T03:20:45","modified_gmt":"2025-05-14T03:20:45","slug":"epson-ecotank-et-8550","status":"publish","type":"product","link":"https:\/\/onlinehardwareshop.de\/index.php\/produkt\/epson-ecotank-et-8550\/","title":{"rendered":"Epson EcoTank ET-8550"},"content":{"rendered":"<p>Mit dem Epson EcoTank ET-8550 All-in-One-Farbtintenstrahldrucker kannst du zu Hause oder im B\u00fcro auf A3+-Papier drucken. Es handelt sich um einen Fotodrucker, was bedeutet, dass du auch im A3+-Format sch\u00f6ne Bilder drucken kannst. Neben den vier Grundfarben Schwarz, Magenta, Gelb und Cyan verwendet der ET-8550 auch schwarze und graue Pigmenttinte. Dank dieser zwei zus\u00e4tzlichen Farben erh\u00e4ltst du die sch\u00f6nsten Schwarz-Wei\u00df-Kontraste. Dieser EcoTank-Drucker hat sechs separate Tintentanks auf der Vorderseite. Wenn du siehst, dass die Tinte fast leer ist, f\u00fcllst du die Tanks einfach mit den entsprechenden Tintenflaschen nach. Wenn die Tanks voll sind, kannst du problemlos tausende von Seiten drucken. Verbinde deine Ger\u00e4te kabellos, sodass du Druckauftr\u00e4ge sogar von deinem Tablet oder Smartphone aus senden kannst. Hast du ein paar tolle Fotos auf deiner Speicherkarte? Lege sie einfach in den Steckplatz f\u00fcr Speicherkarten und drucke sie sofort aus.<\/p>\n","protected":false},"excerpt":{"rendered":"<p>Mit dem Epson EcoTank ET-8550 All-in-One-Farbtintenstrahldrucker kannst du zu Hause oder im B\u00fcro auf A3+-Papier drucken. Es handelt sich um einen Fotodrucker, was bedeutet, dass du auch im A3+-Format sch\u00f6ne Bilder drucken kannst. Neben den vier Grundfarben Schwarz, Magenta, Gelb und Cyan verwendet der ET-8550 auch schwarze und graue Pigmenttinte. Dank dieser zwei zus\u00e4tzlichen Farben erh\u00e4ltst du die sch\u00f6nsten Schwarz-Wei\u00df-Kontraste. Dieser EcoTank-Drucker hat sechs separate Tintentanks auf der Vorderseite. Wenn du siehst, dass die Tinte fast leer ist, f\u00fcllst du die Tanks einfach mit den entsprechenden Tintenflaschen nach. Wenn die Tanks voll sind, kannst du problemlos tausende von Seiten drucken. Verbinde deine Ger\u00e4te kabellos, sodass du Druckauftr\u00e4ge sogar von deinem Tablet oder Smartphone aus senden kannst. Hast du ein paar tolle Fotos auf deiner Speicherkarte? Lege sie einfach in den Steckplatz f\u00fcr Speicherkarten und drucke sie sofort aus.<\/p>\n","protected":false},"featured_media":0,"comment_status":"closed","ping_status":"open","template":"","meta":{"_acf_changed":false},"brand":[267],"product_brand":[],"product_cat":[2205],"product_tag":[4745],"class_list":{"0":"post-73662","1":"product","2":"type-product","3":"status-publish","5":"brand-epson","6":"product_cat-drucker","7":"product_tag-inkttank-printers","8":"pa_condition-new","9":"pa_coolblue-de-verzending-morgen-gratis-geliefert","10":"pa_ean-26884","11":"pa_mpn-c11cj21401","13":"first","14":"instock","15":"product-type-external"},"acf":[],"_links":{"self":[{"href":"https:\/\/onlinehardwareshop.de\/index.php\/wp-json\/wp\/v2\/product\/73662","targetHints":{"allow":["GET"]}}],"collection":[{"href":"https:\/\/onlinehardwareshop.de\/index.php\/wp-json\/wp\/v2\/product"}],"about":[{"href":"https:\/\/onlinehardwareshop.de\/index.php\/wp-json\/wp\/v2\/types\/product"}],"replies":[{"embeddable":true,"href":"https:\/\/onlinehardwareshop.de\/index.php\/wp-json\/wp\/v2\/comments?post=73662"}],"wp:attachment":[{"href":"https:\/\/onlinehardwareshop.de\/index.php\/wp-json\/wp\/v2\/media?parent=73662"}],"wp:term":[{"taxonomy":"brand","embeddable":true,"href":"https:\/\/onlinehardwareshop.de\/index.php\/wp-json\/wp\/v2\/brand?post=73662"},{"taxonomy":"product_brand","embeddable":true,"href":"https:\/\/onlinehardwareshop.de\/index.php\/wp-json\/wp\/v2\/product_brand?post=73662"},{"taxonomy":"product_cat","embeddable":true,"href":"https:\/\/onlinehardwareshop.de\/index.php\/wp-json\/wp\/v2\/product_cat?post=73662"},{"taxonomy":"product_tag","embeddable":true,"href":"https:\/\/onlinehardwareshop.de\/index.php\/wp-json\/wp\/v2\/product_tag?post=73662"}],"curies":[{"name":"wp","href":"https:\/\/api.w.org\/{rel}","templated":true}]}}